000
CXUS56 KMTR 010900
CF6OAK
PRELIMINARY LOCAL CLIMATOLOGICAL DATA (WS FORM: F-6)
STATION: OAKLAND AIRPORT
MONTH: SEPTEMBER
YEAR: 2023
LATITUDE: 37 43 N
LONGITUDE: 122 13 W
TEMPERATURE IN F: :PCPN: SNOW: WIND :SUNSHINE: SKY :PK WND
================================================================================
1 2 3 4 5 6A 6B 7 8 9 10 11 12 13 14 15 16 17 18
12Z AVG MX 2MIN
DY MAX MIN AVG DEP HDD CDD WTR SNW DPTH SPD SPD DIR MIN PSBL S-S WX SPD DR
================================================================================
1 70 60 65 0 0 0 T M M 13.3 21 240 M M 9 33 230
2 72 63 68 3 0 3 0.00 M M 6.6 14 280 M M 8 16 180
3 72 61 67 2 0 2 0.00 M M 9.1 17 260 M M 7 22 250
4 70 60 65 0 0 0 0.00 M M 9.0 20 280 M M 6 33 310
5 75 55 65 0 0 0 T M M 7.8 18 300 M M 3 33 310
6 73 56 65 0 0 0 T M M 8.5 17 310 M M 3 22 310
7 70 55 63 -2 2 0 0.00 M M 7.5 17 290 M M 5 21 300
8 78 53 66 1 0 1 0.00 M M 6.9 16 290 M M 2 19 300
9 74 53 64 -1 1 0 0.00 M M 8.5 16 290 M M 3 20 290
10 74 57 66 1 0 1 0.00 M M 6.1 15 280 M M 4 20 280
11 74 53 64 -1 1 0 0.00 M M 7.4 24 280 M M 3 32 290
12 71 56 64 -1 1 0 0.00 M M 8.9 16 300 M M 4 22 220
13 73 56 65 0 0 0 0.00 M M 7.3 17 300 M M 3 21 300
14 72 58 65 0 0 0 0.00 M M 8.3 20 310 M M 6 36 320
15 71 63 67 2 0 2 0.00 M M 8.6 17 280 M M 8 34 260
16 71 62 67 2 0 2 0.00 M M 9.9 17 270 M M 8 22 270
17 72 61 67 2 0 2 0.00 M M 9.3 17 280 M M 6 23 250
18 73 60 67 2 0 2 0.00 M M 10.1 17 270 M M 4 32 300
19 70 60 65 0 0 0 0.00 M M 8.2 18 290 M M 6 8 32 310
20 71 60 66 1 0 1 0.00 M M 9.4 18 270 M M 6 18 30 290
21 72 55 64 -1 1 0 0.00 M M 7.6 20 280 M M 2 18 30 300
22 70 54 62 -2 3 0 0.00 M M 6.2 16 270 M M 3 18 32 300
23 68 55 62 -2 3 0 0.00 M M 7.5 17 290 M M 4 20 290
24 71 54 63 -1 2 0 0.00 M M 6.9 17 280 M M 5 21 280
25 75 54 65 1 0 0 T M M 9.8 17 240 M M 5 24 230
26 74 58 66 2 0 1 T M M 8.2 28 300 M M 5 1 35 300
27 75 53 64 0 1 0 0.00 M M 8.7 26 290 M M 2 36 300
28 74 56 65 1 0 0 0.00 M M 6.9 16 290 M M 4 22 270
29 68 53 61 -3 4 0 T M M 11.2 18 270 M M 6 1 34 310
30 66 57 62 -2 3 0 T M M 9.2 24 290 M M 8 1 36 290
================================================================================
SM 2159 1711 22 17 T M 252.9 M 148
================================================================================
AV 72.0 57.0 8.4 FASTST M M 5 MAX(MPH)
MISC ----> 28 300 # 36 320
================================================================================
NOTES:
# LAST OF SEVERAL OCCURRENCES
COLUMN 17 PEAK WIND IN M.P.H.
PRELIMINARY LOCAL CLIMATOLOGICAL DATA (WS FORM: F-6) , PAGE 2
STATION: OAKLAND AIRPORT
MONTH: SEPTEMBER
YEAR: 2023
LATITUDE: 37 43 N
LONGITUDE: 122 13 W
[TEMPERATURE DATA] [PRECIPITATION DATA] SYMBOLS USED IN COLUMN 16
AVERAGE MONTHLY: 64.5 TOTAL FOR MONTH: T 1 = FOG OR MIST
DPTR FM NORMAL: -0.3 DPTR FM NORMAL: -0.10 2 = FOG REDUCING VISIBILITY
HIGHEST: 78 ON 8 GRTST 24HR T ON 1- 1 TO 1/4 MILE OR LESS
LOWEST: 53 ON 29,27 3 = THUNDER
SNOW, ICE PELLETS, HAIL 4 = ICE PELLETS
TOTAL MONTH: M 5 = HAIL
GRTST 24HR M ON M 6 = FREEZING RAIN OR DRIZZLE
GRTST DEPTH: M ON M 7 = DUSTSTORM OR SANDSTORM:
VSBY 1/2 MILE OR LESS
8 = SMOKE OR HAZE
[NO. OF DAYS WITH] [WEATHER - DAYS WITH] 9 = BLOWING SNOW
X = TORNADO
MAX 32 OR BELOW: 0 0.01 INCH OR MORE: 0
MAX 90 OR ABOVE: 0 0.10 INCH OR MORE: 0
MIN 32 OR BELOW: 0 0.50 INCH OR MORE: 0
MIN 0 OR BELOW: 0 1.00 INCH OR MORE: 0
[HDD (BASE 65) ]
TOTAL THIS MO. 22 CLEAR (SCALE 0-3) 6
DPTR FM NORMAL -34 PTCLDY (SCALE 4-7) 22
TOTAL FM JUL 1 94 CLOUDY (SCALE 8-10) 2
DPTR FM NORMAL -75
[CDD (BASE 65) ]
TOTAL THIS MO. 17
DPTR FM NORMAL -33 [PRESSURE DATA]
TOTAL FM JAN 1 127 HIGHEST SLP M ON M
DPTR FM NORMAL -28 LOWEST SLP 29.76 ON 1
[REMARKS]
#FINAL-09-23#