665
CXUS54 KMAF 012208
CF6ODO
PRELIMINARY LOCAL CLIMATOLOGICAL DATA (WS FORM: F-6)
STATION: ODESSA SCHLEYMEYER
MONTH: FEBRUARY
YEAR: 2021
LATITUDE: 31 55 N
LONGITUDE: 102 23 W
TEMPERATURE IN F: :PCPN: SNOW: WIND :SUNSHINE: SKY :PK WND
================================================================================
1 2 3 4 5 6A 6B 7 8 9 10 11 12 13 14 15 16 17 18
12Z AVG MX 2MIN
DY MAX MIN AVG DEP HDD CDD WTR SNW DPTH SPD SPD DIR MIN PSBL S-S WX SPD DR
================================================================================
1 62 30 46 -1 19 0 0.00 M M 7.2 15 180 M M 0 20 170
2 76 46 61 14 4 0 0.00 M M 9.5 17 220 M M 0 20 190
3 83 43 63 16 2 0 0.00 M M 9.4 24 260 M M 0 28 260
4 70 44 57 10 8 0 0.00 M M 13.0 26 20 M M 0 8 35 10
5 66 30 48 1 17 0 0.00 M M 6.9 16 260 M M 0 20 270
6 65 40 53 5 12 0 0.00 M M 12.1 25 340 M M 0 33 330
7 76 39 58 10 7 0 0.00 M M 14.2 23 220 M M 0 28 220
8 78 43 61 13 4 0 0.00 M M 8.0 17 270 M M 0 23 210
9 60 25 43 -5 22 0 0.00 M M 9.5 16 120 M M 2 128 20 110
10 36 25 31 -17 34 0 0.00 M M 13.0 20 70 M M 10 128 24 70
11 30 23 27 -21 38 0 0.00 M M 8.2 18 50 M M 10 1 23 70
12 28 18 23 -26 42 0 T M M 12.7 20 80 M M 10 1 24 80
13 21 16 19 -30 46 0 0.02 M M 12.1 21 80 M M 10 126 27 110
14 17 6 12 -37 53 0 0.01 M M 15.0 23 50 M M 7 128 29 30
15 16 0 8 -41 57 0 T M M 3.3 9 350 M M 3 8 12 360
16 29 8 19 -31 46 0 T M M 7.8 18 190 M M 2 1 23 200
17 26 17 22 -28 43 0 T M M 10.7 18 80 M M 8 12 23 80
18 24 12 18 -32 47 0 T M M 8.6 20 50 M M 8 18 25 40
19 46 9 28 -22 37 0 0.00 M M 6.9 17 210 M M 0 18 19 200
20 63 28 46 -5 19 0 0.00 M M 11.4 22 190 M M 0 26 190
21 67 35 51 0 14 0 0.00 M M 11.5 24 310 M M 0 31 300
22 70 28 49 -2 16 0 0.00 M M 9.5 23 250 M M 0 29 220
23 78 35 57 6 8 0 0.00 M M 10.4 24 220 M M 0 30 220
24 67 41 54 2 11 0 0.00 M M 10.4 21 70 M M 0 26 40
25 48 39 44 -8 21 0 0.00 M M 11.7 18 60 M M 7 23 50
26 70 30 50 -2 15 0 0.00 M M 5.9 22 280 M M 2 8 27 290
27 79 45 62 9 3 0 0.00 M M 7.5 22 240 M M 0 29 230
28 63 45 54 1 11 0 T M M 13.2 23 70 M M 1 1 27 360
================================================================================
SM 1514 800 656 0 0.03 M 279.6 M 80
================================================================================
AV 54.1 28.6 10.0 FASTST M M 3 MAX(MPH)
MISC ----> 26 20 35 10
================================================================================
NOTES:
# LAST OF SEVERAL OCCURRENCES
COLUMN 17 PEAK WIND IN M.P.H.
PRELIMINARY LOCAL CLIMATOLOGICAL DATA (WS FORM: F-6) , PAGE 2
STATION: ODESSA SCHLEYMEYER
MONTH: FEBRUARY
YEAR: 2021
LATITUDE: 31 55 N
LONGITUDE: 102 23 W
[TEMPERATURE DATA] [PRECIPITATION DATA] SYMBOLS USED IN COLUMN 16
AVERAGE MONTHLY: 41.3 TOTAL FOR MONTH: 0.03 1 = FOG OR MIST
DPTR FM NORMAL: -8.2 DPTR FM NORMAL: -0.69 2 = FOG REDUCING VISIBILITY
HIGHEST: 83 ON 3 GRTST 24HR 0.02 ON 12-13 TO 1/4 MILE OR LESS
LOWEST: 0 ON 15 3 = THUNDER
SNOW, ICE PELLETS, HAIL 4 = ICE PELLETS
TOTAL MONTH: M 5 = HAIL
GRTST 24HR M ON M 6 = FREEZING RAIN OR DRIZZLE
GRTST DEPTH: M ON M 7 = DUSTSTORM OR SANDSTORM:
VSBY 1/2 MILE OR LESS
8 = SMOKE OR HAZE
[NO. OF DAYS WITH] [WEATHER - DAYS WITH] 9 = BLOWING SNOW
X = TORNADO
MAX 32 OR BELOW: 8 0.01 INCH OR MORE: 2
MAX 90 OR ABOVE: 0 0.10 INCH OR MORE: 0
MIN 32 OR BELOW: 16 0.50 INCH OR MORE: 0
MIN 0 OR BELOW: 1 1.00 INCH OR MORE: 0
[HDD (BASE 65) ]
TOTAL THIS MO. 656 CLEAR (SCALE 0-3) 20
DPTR FM NORMAL 218 PTCLDY (SCALE 4-7) 4
TOTAL FM JUL 1 2238 CLOUDY (SCALE 8-10) 4
DPTR FM NORMAL 131
[CDD (BASE 65) ]
TOTAL THIS MO. 0
DPTR FM NORMAL -3 [PRESSURE DATA]
TOTAL FM JAN 1 0 HIGHEST SLP 30.57 ON 18
DPTR FM NORMAL 0 LOWEST SLP 29.64 ON 27
[REMARKS]
#FINAL-02-21#