000
CXUS53 KGID 022111
CF6ODX
PRELIMINARY LOCAL CLIMATOLOGICAL DATA (WS FORM: F-6)
STATION: ORD NE
MONTH: JUNE
YEAR: 2022
LATITUDE: 41 37 N
LONGITUDE: 98 57 W
TEMPERATURE IN F: :PCPN: SNOW: WIND :SUNSHINE: SKY :PK WND
================================================================================
1 2 3 4 5 6A 6B 7 8 9 10 11 12 13 14 15 16 17 18
12Z AVG MX 2MIN
DY MAX MIN AVG DEP HDD CDD WTR SNW DPTH SPD SPD DIR MIN PSBL S-S WX SPD DR
================================================================================
1 69 44 57 -8 8 0 0.00 M M 6.4 15 320 M M 2 20 320
2 77 39 58 -8 7 0 T M M 4.2 15 360 M M 3 26 280
3 81 48 65 -1 0 0 0.00 M M 8.7 17 170 M M 4 30 150
4 84 54 69 3 0 4 0.02 M M 8.1 21 170 M M 2 3 29 150
5 72 58 65 -2 0 0 0.47 M M 6.9 17 160 M M 6 13 26 160
6 80 58 69 2 0 4 T M M 4.8 18 50 M M 5 12 25 40
7 75 57 66 -1 0 1 0.04 M M 7.1 22 20 M M 7 13 30 30
8 76 53 65 -3 0 0 0.00 M M 8.4 16 310 M M 1 27 340
9 77 50 64 -4 1 0 0.19 M M 6.2 24 20 M M 4 138 36 10
10 80 51 66 -2 0 1 0.00 M M 4.9 16 320 M M 0 12 20 320
11 89 60 75 7 0 10 0.00 M M 6.7 17 360 M M 1 1 29 320
12 91 62 77 8 0 12 T M M 8.6 17 20 M M 1 3 24 140
13 104 72 88 19 0 23 T M M 12.5 41 220 M M 0 38 56 220
14 86 65 76 7 0 11 T M M 12.6 31 320 M M 1 42 320
15 85 60 73 3 0 8 0.02 M M 11.3 24 270 M M 4 3 31 270
16 87 53 70 0 0 5 0.00 M M 6.3 17 10 M M 0 22 10
17 91 60 76 6 0 11 0.00 M M 10.1 21 100 M M 2 30 100
18 98 72 85 15 0 20 0.00 M M 16.2 31 180 M M 0 45 150
19 97 76 87 17 0 22 0.00 M M 20.5 31 180 M M 0 45 170
20 99 72 86 15 0 21 0.04 M M 19.0 40 180 M M 1 3 59 180
21 83 60 72 1 0 7 0.01 M M 6.2 17 340 M M 1 3 21 340
22 91 52 72 1 0 7 0.00 M M 7.5 18 170 M M 0 30 210
23 91 66 79 8 0 14 0.00 M M 10.9 22 170 M M 3 1 31 170
24 91 63 77 5 0 12 0.01 M M 8.6 22 170 M M 1 30 190
25 80 57 69 -3 0 4 T M M 15.7 35 330 M M 2 1 44 330
26 81 46 64 -8 1 0 0.00 M M 7.6 20 340 M M 0 26 330
27 85 50 68 -4 0 3 0.00 M M 9.7 23 180 M M 2 31 180
28 94 57 76 4 0 11 0.00 M M 5.9 15 260 M M 0 22 200
29 98 63 81 8 0 16 0.00 M M 17.2 36 190 M M 0 50 190
30 97 73 85 12 0 20 0.00 M M 11.6 25 190 M M 0 38 190
================================================================================
SM 2589 1751 17 247 0.80 M 290.4 M 53
================================================================================
AV 86.3 58.4 9.7 FASTST M M 2 MAX(MPH)
MISC ----> 41 220 59 180
================================================================================
NOTES:
# LAST OF SEVERAL OCCURRENCES
COLUMN 17 PEAK WIND IN M.P.H.
PRELIMINARY LOCAL CLIMATOLOGICAL DATA (WS FORM: F-6) , PAGE 2
STATION: ORD NE
MONTH: JUNE
YEAR: 2022
LATITUDE: 41 37 N
LONGITUDE: 98 57 W
[TEMPERATURE DATA] [PRECIPITATION DATA] SYMBOLS USED IN COLUMN 16
AVERAGE MONTHLY: 72.3 TOTAL FOR MONTH: 0.80 1 = FOG OR MIST
DPTR FM NORMAL: 2.9 DPTR FM NORMAL: -2.85 2 = FOG REDUCING VISIBILITY
HIGHEST: 104 ON 13 GRTST 24HR 0.49 ON 4- 5 TO 1/4 MILE OR LESS
LOWEST: 39 ON 2 3 = THUNDER
SNOW, ICE PELLETS, HAIL 4 = ICE PELLETS
TOTAL MONTH: M 5 = HAIL
GRTST 24HR M ON M 6 = FREEZING RAIN OR DRIZZLE
GRTST DEPTH: M ON M 7 = DUSTSTORM OR SANDSTORM:
VSBY 1/2 MILE OR LESS
8 = SMOKE OR HAZE
[NO. OF DAYS WITH] [WEATHER - DAYS WITH] 9 = BLOWING SNOW
X = TORNADO
MAX 32 OR BELOW: 0 0.01 INCH OR MORE: 8
MAX 90 OR ABOVE: 12 0.10 INCH OR MORE: 2
MIN 32 OR BELOW: 0 0.50 INCH OR MORE: 0
MIN 0 OR BELOW: 0 1.00 INCH OR MORE: 0
[HDD (BASE 65) ]
TOTAL THIS MO. 17 CLEAR (SCALE 0-3) 24
DPTR FM NORMAL -18 PTCLDY (SCALE 4-7) 6
TOTAL FM JUL 1 6064 CLOUDY (SCALE 8-10) 0
DPTR FM NORMAL -574
[CDD (BASE 65) ]
TOTAL THIS MO. 247
DPTR FM NORMAL 80 [PRESSURE DATA]
TOTAL FM JAN 1 313 HIGHEST SLP 30.41 ON 26
DPTR FM NORMAL 104 LOWEST SLP 29.35 ON 14
[REMARKS]
#FINAL-06-22#