715
CXHW52 PHFO 011250
CF6OGG
PRELIMINARY LOCAL CLIMATOLOGICAL DATA (WS FORM: F-6)
STATION: KAHULUI HI
MONTH: MARCH
YEAR: 2021
LATITUDE: 20 53 N
LONGITUDE: 156 26 W
TEMPERATURE IN F: :PCPN: SNOW: WIND :SUNSHINE: SKY :PK WND
================================================================================
1 2 3 4 5 6A 6B 7 8 9 10 11 12 13 14 15 16 17 18
12Z AVG MX 2MIN
DY MAX MIN AVG DEP HDD CDD WTR SNW DPTH SPD SPD DIR MIN PSBL S-S WX SPD DR
================================================================================
1 80 68 74 2 0 9 T M M 16.2 26 60 M M 4 35 60
2 80 66 73 1 0 8 0.08 M M 16.4 31 60 M M 4 1 39 70
3 79 65 72 0 0 7 T M M 12.4 26 40 M M 3 32 40
4 80 58 69 -3 0 4 0.00 M M 10.2 23 40 M M 2 28 40
5 81 65 73 1 0 8 T M M 13.1 28 40 M M 4 34 60
6 82 67 75 3 0 10 0.01 M M 14.7 28 50 M M 4 37 40
7 82 69 76 4 0 11 T M M 16.4 26 60 M M 5 35 60
8 74 68 71 -2 0 6 1.62 M M 14.2 28 40 M M 6 1 36 50
9 75 64 70 -3 0 5 0.72 M M 6.1 24 60 M M 7 1 33 70
10 81 63 72 -1 0 7 0.00 M M 6.8 22 30 M M 3 26 40
11 82 64 73 0 0 8 0.19 M M 5.3 17 30 M M 4 1 22 30
12 79 69 74 1 0 9 2.07 M M 13.0 25 200 M M 4 18 31 190
13 75 64 70 -3 0 5 4.14 M M 10.0 24 170 M M 8 18 30 180
14 79 59 69 -4 0 4 T M M 5.7 15 200 M M 4 1 21 200
15 79 61 70 -3 0 5 T M M 5.8 9 10 M M 3 17 350
16 79 66 73 0 0 8 0.32 M M 10.4 20 10 M M 4 18 24 10
17 83 66 75 2 0 10 0.48 M M 15.1 23 30 M M 7 18 30 20
18 82 66 74 1 0 9 0.07 M M 16.0 23 60 M M 4 1 35 60
19 87 68 78 5 0 13 T M M 16.6 25 50 M M 1 8 38 50
20 81 68 75 2 0 10 T M M 17.1 24 60 M M 2 37 60
21 79 66 73 0 0 8 0.08 M M 19.1 30 60 M M 5 1 41 60
22 82 65 74 1 0 9 T M M 13.0 23 40 M M 5 35 60
23 82 60 71 -2 0 6 0.00 M M 6.3 12 10 M M 2 M M
24 84 61 73 0 0 8 T M M 6.4 14 190 M M 3 17 190
25 84 62 73 0 0 8 0.00 M M 6.3 14 30 M M 2 1 18 30
26 86 64 75 2 0 10 0.00 M M 8.6 24 40 M M 1 1 29 40
27 83 65 74 1 0 9 0.00 M M 15.0 29 70 M M 2 37 70
28 80 69 75 1 0 10 0.00 M M 16.1 29 70 M M 4 38 80
29 83 66 75 1 0 10 T M M 7.9 22 40 M M 4 27 50
30 84 63 74 0 0 9 0.00 M M 10.8 28 60 M M 4 38 60
31 83 62 73 -1 0 8 T M M 12.8 29 40 M M 2 35 40
================================================================================
SM 2510 2007 0 251 9.78 M 363.8 M 117
================================================================================
AV 81.0 64.7 11.7 FASTST M M 4 MAX(MPH)
MISC ----> 31 60 41 60
================================================================================
NOTES:
# LAST OF SEVERAL OCCURRENCES
COLUMN 17 PEAK WIND IN M.P.H.
PRELIMINARY LOCAL CLIMATOLOGICAL DATA (WS FORM: F-6) , PAGE 2
STATION: KAHULUI HI
MONTH: MARCH
YEAR: 2021
LATITUDE: 20 53 N
LONGITUDE: 156 26 W
[TEMPERATURE DATA] [PRECIPITATION DATA] SYMBOLS USED IN COLUMN 16
AVERAGE MONTHLY: 72.9 TOTAL FOR MONTH: 9.78 1 = FOG OR MIST
DPTR FM NORMAL: 0.0 DPTR FM NORMAL: 7.33 2 = FOG REDUCING VISIBILITY
HIGHEST: 87 ON 19 GRTST 24HR 4.40 ON 12-13 TO 1/4 MILE OR LESS
LOWEST: 58 ON 4 3 = THUNDER
SNOW, ICE PELLETS, HAIL 4 = ICE PELLETS
TOTAL MONTH: M 5 = HAIL
GRTST 24HR M ON M 6 = FREEZING RAIN OR DRIZZLE
GRTST DEPTH: M ON M 7 = DUSTSTORM OR SANDSTORM:
VSBY 1/2 MILE OR LESS
8 = SMOKE OR HAZE
[NO. OF DAYS WITH] [WEATHER - DAYS WITH] 9 = BLOWING SNOW
X = TORNADO
MAX 32 OR BELOW: 0 0.01 INCH OR MORE: 11
MAX 90 OR ABOVE: 0 0.10 INCH OR MORE: 7
MIN 32 OR BELOW: 0 0.50 INCH OR MORE: 4
MIN 0 OR BELOW: 0 1.00 INCH OR MORE: 3
[HDD (BASE 65) ]
TOTAL THIS MO. 0 CLEAR (SCALE 0-3) 11
DPTR FM NORMAL 0 PTCLDY (SCALE 4-7) 20
TOTAL FM JUL 1 0 CLOUDY (SCALE 8-10) 0
DPTR FM NORMAL 0
[CDD (BASE 65) ]
TOTAL THIS MO. 251
DPTR FM NORMAL 6 [PRESSURE DATA]
TOTAL FM JAN 1 799 HIGHEST SLP 30.25 ON 21
DPTR FM NORMAL 145 LOWEST SLP 29.89 ON 30
[REMARKS]
#FINAL-03-21#