000
CXHW52 PHFO 011250
CF6OGG
PRELIMINARY LOCAL CLIMATOLOGICAL DATA (WS FORM: F-6)
STATION: KAHULUI HI
MONTH: MARCH
YEAR: 2020
LATITUDE: 20 53 N
LONGITUDE: 156 26 W
TEMPERATURE IN F: :PCPN: SNOW: WIND :SUNSHINE: SKY :PK WND
================================================================================
1 2 3 4 5 6A 6B 7 8 9 10 11 12 13 14 15 16 17 18
12Z AVG MX 2MIN
DY MAX MIN AVG DEP HDD CDD WTR SNW DPTH SPD SPD DIR MIN PSBL S-S WX SPD DR
================================================================================
1 79 65 72 0 0 7 0.03 0.0 M 13.5 28 50 M M M 1 37 50
2 81 67 74 2 0 9 0.50 0.0 M 11.8 21 40 M M M 18 26 40
3 87 62 75 3 0 10 0.00 0.0 M 6.9 21 40 M M M 23 40
4 85 64 75 3 0 10 T 0.0 M 4.5 15 30 M M M 19 40
5 85 64 75 3 0 10 T 0.0 M 11.2 24 40 M M M 1 31 40
6 81 68 75 3 0 10 T 0.0 M 14.0 29 50 M M M 8 39 80
7 79 67 73 1 0 8 0.04 0.0 M 18.1 29 60 M M M 1 37 60
8 79 70 75 2 0 10 T 0.0 M 14.4 28 40 M M M 34 40
9 80 66 73 0 0 8 T 0.0 M 12.7 26 30 M M M 18 32 40
10 84 62 73 0 0 8 0.00 0.0 M 7.9 18 40 M M M 22 30
11 82 61 72 -1 0 7 0.02 0.0 M 5.3 15 340 M M M 1 20 300
12 81 63 72 -1 0 7 T 0.0 M 6.0 13 350 M M M 21 360
13 78 69 74 1 0 9 0.08 0.0 M 4.9 12 320 M M M 1 16 350
14 82 69 76 3 0 11 T 0.0 M 8.0 17 20 M M M 18 21 20
15 85 67 76 3 0 11 0.19 0.0 M 4.7 16 240 M M M 20 230
16 85 69 77 4 0 12 0.01 0.0 M 5.3 14 30 M M M 18 40
17 84 66 75 2 0 10 0.54 0.0 M 6.4 29 350 M M M 1 39 340
18 87 68 78 5 0 13 0.04 0.0 M 7.1 21 60 M M M 1 28 60
19 84 69 77 4 0 12 0.00 0.0 M 8.1 18 30 M M M 1 22 20
20 88 67 78 5 0 13 T 0.0 M 4.9 14 360 M M M 23 30
21 85 66 76 3 0 11 0.00 0.0 M 10.3 23 40 M M M 29 30
22 83 63 73 0 0 8 0.00 0.0 M 14.6 30 70 M M M 40 70
23 81 68 75 2 0 10 T 0.0 M 18.0 32 50 M M M 1 43 70
24 82 69 76 3 0 11 0.01 0.0 M 19.4 30 60 M M M 1 41 70
25 80 68 74 1 0 9 0.03 0.0 M 17.3 32 60 M M M 1 39 60
26 79 67 73 0 0 8 T 0.0 M 19.0 28 50 M M M 39 60
27 83 63 73 0 0 8 0.01 0.0 M 12.0 28 60 M M M 18 36 70
28 86 61 74 0 0 9 0.00 0.0 M 12.4 26 60 M M M 36 40
29 84 64 74 0 0 9 0.00 0.0 M 13.3 28 40 M M M 34 60
30 84 66 75 1 0 10 0.00 0.0 M 15.8 25 40 M M M 34 40
31 81 69 75 1 0 10 0.00 0.0 M 10.4 22 30 M M M 25 30
================================================================================
SM 2564 2047 0 298 1.50 0.0 338.2 M M
================================================================================
AV 82.7 66.0 10.9 FASTST M M 0 MAX(MPH)
MISC ----> # 32 50 # 43 70
================================================================================
NOTES:
# LAST OF SEVERAL OCCURRENCES
COLUMN 17 PEAK WIND IN M.P.H.
PRELIMINARY LOCAL CLIMATOLOGICAL DATA (WS FORM: F-6) , PAGE 2
STATION: KAHULUI HI
MONTH: MARCH
YEAR: 2020
LATITUDE: 20 53 N
LONGITUDE: 156 26 W
[TEMPERATURE DATA] [PRECIPITATION DATA] SYMBOLS USED IN COLUMN 16
AVERAGE MONTHLY: 74.4 TOTAL FOR MONTH: 1.50 1 = FOG OR MIST
DPTR FM NORMAL: 1.5 DPTR FM NORMAL: -0.95 2 = FOG REDUCING VISIBILITY
HIGHEST: 88 ON 20 GRTST 24HR 0.54 ON 17-17 TO 1/4 MILE OR LESS
LOWEST: 61 ON 28,11 3 = THUNDER
SNOW, ICE PELLETS, HAIL 4 = ICE PELLETS
TOTAL MONTH: 0.0 INCH 5 = HAIL
GRTST 24HR 0.0 6 = FREEZING RAIN OR DRIZZLE
GRTST DEPTH: M ON M 7 = DUSTSTORM OR SANDSTORM:
VSBY 1/2 MILE OR LESS
8 = SMOKE OR HAZE
[NO. OF DAYS WITH] [WEATHER - DAYS WITH] 9 = BLOWING SNOW
X = TORNADO
MAX 32 OR BELOW: 0 0.01 INCH OR MORE: 12
MAX 90 OR ABOVE: 0 0.10 INCH OR MORE: 3
MIN 32 OR BELOW: 0 0.50 INCH OR MORE: 2
MIN 0 OR BELOW: 0 1.00 INCH OR MORE: 0
[HDD (BASE 65) ]
TOTAL THIS MO. 0 CLEAR (SCALE 0-3) 0
DPTR FM NORMAL 0 PTCLDY (SCALE 4-7) 0
TOTAL FM JUL 1 0 CLOUDY (SCALE 8-10) 0
DPTR FM NORMAL 0
[CDD (BASE 65) ]
TOTAL THIS MO. 298
DPTR FM NORMAL 53 [PRESSURE DATA]
TOTAL FM JAN 1 832 HIGHEST SLP 30.27 ON 7
DPTR FM NORMAL 178 LOWEST SLP 29.89 ON 12
[REMARKS]
#FINAL-03-20#