000
CXHW52 PHFO 011616
CLMOGG
CLIMATE REPORT
NATIONAL WEATHER SERVICE HONOLULU HI
616 AM HST MON JAN 01 2024
...................................
...THE KAHULUI HI CLIMATE SUMMARY FOR THE MONTH OF DECEMBER 2023...
CLIMATE NORMAL PERIOD 1991 TO 2020
CLIMATE RECORD PERIOD 1954 TO 2023
WEATHER OBSERVED NORMAL DEPART LAST YEAR`S
VALUE DATE(S) VALUE FROM VALUE DATE(S)
NORMAL
................................................................
TEMPERATURE (F)
RECORD
HIGH 90 12/24/2019
12/06/1995
12/24/1992
LOW 49 12/08/2008
HIGHEST 90R 12/10 82 8 87 12/06
LOWEST 58 12/09 65 -7 61 12/27
12/29
12/30
AVG. MAXIMUM 82.5 83.3 -0.8 82.8
AVG. MINIMUM 66.7 65.9 0.8 66.2
MEAN 74.6 74.6 0.0 74.5
DAYS MAX >= 93 0 0
DAYS MAX >= 90 1 0
DAYS MAX <= 80 9 2
DAYS MIN >= 72 0 3
DAYS MIN <= 60 0 0
DAYS MIN <= 55 0 0
PRECIPITATION (INCHES)
RECORD
MAXIMUM 10.21 1996
MINIMUM 0.00 2011
TOTALS 1.00 2.80 -1.80 3.90
DAILY AVG. 0.03 0.09 -0.06 0.13
DAYS >= .01 8 10.0 -2.0 7
DAYS >= .10 6 4.2 1.8 3
DAYS >= .50 0 1.4 -1.4 2
DAYS >= 1.00 0 0.7 -0.7 2
GREATEST
24 HR. TOTAL 0.26 12/27 TO 12/28 3.38
DEGREE DAYS
HEATING TOTAL 0 0 0 0
SINCE 7/1 0 0 0 MM
COOLING TOTAL 294 298 -4 303
SINCE 1/1 4318 4422 -104 MM
................................................................
WIND (MPH)
AVERAGE WIND SPEED 12.1
HIGHEST WIND SPEED/DIRECTION 32/040 DATE 12/14
HIGHEST GUST SPEED/DIRECTION 40/040 DATE 12/05
40/040 12/20
SKY COVER
POSSIBLE SUNSHINE (PERCENT) MM
AVERAGE SKY COVER 0.37
NUMBER OF DAYS FAIR 17
NUMBER OF DAYS PC 12
NUMBER OF DAYS CLOUDY 1
AVERAGE RH (PERCENT) 73
WEATHER CONDITIONS. NUMBER OF DAYS WITH
THUNDERSTORM MM MIXED PRECIP MM
HEAVY RAIN MM RAIN 3
LIGHT RAIN 14 FREEZING RAIN MM
LT FREEZING RAIN MM HAIL MM
HEAVY SNOW MM SNOW MM
LIGHT SNOW MM SLEET MM
FOG 12 FOG W/VIS <= 1/4 MILE MM
HAZE 5
- INDICATES NEGATIVE NUMBERS.
R INDICATES RECORD WAS SET OR TIED.
MM INDICATES DATA IS MISSING.
T INDICATES TRACE AMOUNT.
$$