000
CXUS53 KEAX 010736
CF6OJC
PRELIMINARY LOCAL CLIMATOLOGICAL DATA (WS FORM: F-6)
STATION: JOHNSON COUNTY EXECUTIVE KS
MONTH: AUGUST
YEAR: 2023
LATITUDE: 38 50 N
LONGITUDE: 94 44 W
TEMPERATURE IN F: :PCPN: SNOW: WIND :SUNSHINE: SKY :PK WND
================================================================================
1 2 3 4 5 6A 6B 7 8 9 10 11 12 13 14 15 16 17 18
12Z AVG MX 2MIN
DY MAX MIN AVG DEP HDD CDD WTR SNW DPTH SPD SPD DIR MIN PSBL S-S WX SPD DR
================================================================================
1 92 74 83 4 0 18 0.00 M M 10.8 20 160 M M 2 29 160
2 88 77 83 4 0 18 0.06 M M 7.6 16 160 M M 3 13 22 160
3 86 75 81 2 0 16 0.23 M M 7.4 13 70 M M 7 13 17 80
4 89 74 82 3 0 17 0.00 M M 6.9 15 80 M M 5 1 22 70
5 90 70 80 1 0 15 0.00 M M 4.9 14 240 M M 2 21 230
6 85 70 78 -1 0 13 T M M 11.6 20 310 M M 5 13 34 260
7 81 66 74 -4 0 9 0.01 M M 5.5 16 320 M M 5 1 26 320
8 91 65 78 0 0 13 0.00 M M 4.3 13 60 M M 1 16 180
9 85 70 78 0 0 13 0.55 M M 3.6 17 200 M M 4 13 25 190
10 88 70 79 1 0 14 0.00 M M 3.8 12 180 M M 2 17 220
11 97 70 84 6 0 19 0.00 M M 6.6 14 200 M M 1 21 180
12 93 72 83 5 0 18 0.17 M M 4.8 14 80 M M 4 138 19 70
13 82 71 77 -1 0 12 1.05 M M 5.7 17 40 M M 6 13 26 50
14 77 65 71 -7 0 6 0.00 M M 10.1 18 340 M M 3 31 340
15 79 61 70 -8 0 5 0.00 M M 6.3 87 360 M M 1 87 360
16 83 59 71 -6 0 6 0.00 M M 7.9 16 170 M M 0 22 180
17 86 62 74 -3 0 9 0.00 M M 7.2 18 20 M M 0 24 20
18 84 60 72 -5 0 7 0.00 M M 7.3 15 130 M M 0 20 130
19 101 68 85 8 0 20 0.00 M M 9.9 17 180 M M 0 25 200
20 101 78 90 13 0 25 0.00 M M 5.4 14 360 M M 0 18 10
21 101 81 91 15 0 26 0.00 M M 5.3 13 70 M M 0 1 18 70
22 97 79 88 12 0 23 0.00 M M 3.8 9 130 M M 2 128 14 140
23 99 78 89 13 0 24 0.00 M M 7.0 12 170 M M 1 19 190
24 103 76 90 14 0 25 0.00 M M 6.1 13 200 M M 2 20 210
25 105 78 92 16 0 27 0.00 M M 5.3 13 220 M M 1 20 210
26 87 74 81 6 0 16 0.21 M M 9.4 24 360 M M 5 3 36 360
27 84 67 76 1 0 11 0.00 M M 6.8 14 40 M M 4 1 22 30
28 86 60 73 -2 0 8 0.00 M M 2.8 9 350 M M 0 15 60
29 91 65 78 4 0 13 0.00 M M 5.9 17 360 M M 0 25 360
30 87 66 77 3 0 12 0.00 M M 7.7 15 50 M M 0 25 60
31 86 61 74 0 0 9 0.00 M M 7.2 13 130 M M 0 19 150
================================================================================
SM 2784 2162 0 467 2.28 M 204.9 M 66
================================================================================
AV 89.8 69.7 6.6 FASTST M M 2 MAX(MPH)
MISC ----> 87 360 87 360
================================================================================
NOTES:
# LAST OF SEVERAL OCCURRENCES
COLUMN 17 PEAK WIND IN M.P.H.
PRELIMINARY LOCAL CLIMATOLOGICAL DATA (WS FORM: F-6) , PAGE 2
STATION: JOHNSON COUNTY EXECUTIVE KS
MONTH: AUGUST
YEAR: 2023
LATITUDE: 38 50 N
LONGITUDE: 94 44 W
[TEMPERATURE DATA] [PRECIPITATION DATA] SYMBOLS USED IN COLUMN 16
AVERAGE MONTHLY: 79.8 TOTAL FOR MONTH: 2.28 1 = FOG OR MIST
DPTR FM NORMAL: 2.8 DPTR FM NORMAL: -2.10 2 = FOG REDUCING VISIBILITY
HIGHEST: 105 ON 25 GRTST 24HR 1.05 ON 13-13 TO 1/4 MILE OR LESS
LOWEST: 59 ON 16 3 = THUNDER
SNOW, ICE PELLETS, HAIL 4 = ICE PELLETS
TOTAL MONTH: M 5 = HAIL
GRTST 24HR M ON M 6 = FREEZING RAIN OR DRIZZLE
GRTST DEPTH: M ON M 7 = DUSTSTORM OR SANDSTORM:
VSBY 1/2 MILE OR LESS
8 = SMOKE OR HAZE
[NO. OF DAYS WITH] [WEATHER - DAYS WITH] 9 = BLOWING SNOW
X = TORNADO
MAX 32 OR BELOW: 0 0.01 INCH OR MORE: 7
MAX 90 OR ABOVE: 13 0.10 INCH OR MORE: 5
MIN 32 OR BELOW: 0 0.50 INCH OR MORE: 2
MIN 0 OR BELOW: 0 1.00 INCH OR MORE: 1
[HDD (BASE 65) ]
TOTAL THIS MO. 0 CLEAR (SCALE 0-3) 21
DPTR FM NORMAL -1 PTCLDY (SCALE 4-7) 10
TOTAL FM JUL 1 0 CLOUDY (SCALE 8-10) 0
DPTR FM NORMAL 0
[CDD (BASE 65) ]
TOTAL THIS MO. 467
DPTR FM NORMAL 94 [PRESSURE DATA]
TOTAL FM JAN 1 1441 HIGHEST SLP M ON M
DPTR FM NORMAL 270 LOWEST SLP 29.72 ON 11
[REMARKS]
#FINAL-08-23#