000
CXUS53 KEAX 010836
CF6OJC
PRELIMINARY LOCAL CLIMATOLOGICAL DATA (WS FORM: F-6)
STATION: JOHNSON COUNTY EXECUTIVE KS
MONTH: DECEMBER
YEAR: 2021
LATITUDE: 38 50 N
LONGITUDE: 94 44 W
TEMPERATURE IN F: :PCPN: SNOW: WIND :SUNSHINE: SKY :PK WND
================================================================================
1 2 3 4 5 6A 6B 7 8 9 10 11 12 13 14 15 16 17 18
12Z AVG MX 2MIN
DY MAX MIN AVG DEP HDD CDD WTR SNW DPTH SPD SPD DIR MIN PSBL S-S WX SPD DR
================================================================================
1 65 39 52 14 13 0 0.00 M M 5.0 13 240 M M 0 21 240
2 72 48 60 22 5 0 0.00 M M 5.2 12 240 M M 0 19 240
3 67 45 56 19 9 0 0.00 M M 8.6 18 30 M M 0 25 30
4 53 39 46 9 19 0 0.00 M M 10.2 17 40 M M 2 23 70
5 66 41 54 17 11 0 0.00 M M 13.3 32 340 M M 5 1 46 340
6 41 28 35 -1 30 0 0.00 M M 10.5 30 340 M M 1 46 360
7 41 28 35 -1 30 0 0.00 M M 7.9 17 200 M M 1 27 180
8 52 25 39 3 26 0 0.00 M M 6.9 15 170 M M 0 20 150
9 65 41 53 18 12 0 0.00 M M 8.9 22 160 M M 0 29 170
10 67 36 52 17 13 0 T M M 15.0 26 190 M M 5 8 44 190
11 47 31 39 4 26 0 0.00 M M 11.6 28 310 M M 3 42 300
12 54 29 42 7 23 0 0.00 M M 10.7 23 200 M M 0 32 210
13 58 34 46 12 19 0 0.00 M M 8.1 14 150 M M 0 21 180
14 65 39 52 18 13 0 0.00 M M 12.2 24 180 M M 4 35 180
15 74 46 60 26 5 0 0.13 M M 21.9 41 230 M M 8 138 72 190
16 49 31 40 6 25 0 0.00 M M 7.0 21 300 M M 0 30 300
17 45 31 38 5 27 0 0.00 M M 9.1 16 120 M M 7 25 120
18 38 25 32 -1 33 0 0.00 M M 9.1 20 360 M M 6 27 330
19 38 24 31 -2 34 0 0.00 M M 8.2 15 170 M M 5 8 20 170
20 49 27 38 5 27 0 0.00 M M 7.8 14 300 M M 0 21 350
21 48 19 34 2 31 0 0.00 M M 4.6 16 310 M M 0 25 300
22 54 22 38 6 27 0 0.00 M M 8.2 17 170 M M 0 24 170
23 58 40 49 17 16 0 0.00 M M 9.5 17 220 M M 0 1 28 220
24 72 43 58 26 7 0 0.00 M M 11.4 22 230 M M 1 1 36 210
25 58 40 49 17 16 0 0.00 M M 4.0 18 360 M M 0 1 27 10
26 65 38 52 20 13 0 0.00 M M 12.0 31 160 M M 0 42 140
27 64 40 52 21 13 0 0.00 M M 8.8 21 320 M M 0 30 320
28 59 26 43 12 22 0 0.42 M M 13.3 26 150 M M 5 13 39 130
29 33 23 28 -3 37 0 0.00 M M 9.0 17 60 M M 5 1 23 50
30 45 30 38 7 27 0 0.00 M M 5.5 14 170 M M 5 18 16 170
31 63 34 49 18 16 0 0.00 M M 9.9 20 360 M M 1 1 29 350
================================================================================
SM 1725 1042 625 0 0.55 M 293.4 M 64
================================================================================
AV 55.6 33.6 9.5 FASTST M M 2 MAX(MPH)
MISC ----> 41 230 72 190
================================================================================
NOTES:
# LAST OF SEVERAL OCCURRENCES
COLUMN 17 PEAK WIND IN M.P.H.
PRELIMINARY LOCAL CLIMATOLOGICAL DATA (WS FORM: F-6) , PAGE 2
STATION: JOHNSON COUNTY EXECUTIVE KS
MONTH: DECEMBER
YEAR: 2021
LATITUDE: 38 50 N
LONGITUDE: 94 44 W
[TEMPERATURE DATA] [PRECIPITATION DATA] SYMBOLS USED IN COLUMN 16
AVERAGE MONTHLY: 44.6 TOTAL FOR MONTH: 0.55 1 = FOG OR MIST
DPTR FM NORMAL: 10.8 DPTR FM NORMAL: -0.87 2 = FOG REDUCING VISIBILITY
HIGHEST: 74 ON 15 GRTST 24HR 0.42 ON 28-28 TO 1/4 MILE OR LESS
LOWEST: 19 ON 21 3 = THUNDER
SNOW, ICE PELLETS, HAIL 4 = ICE PELLETS
TOTAL MONTH: M 5 = HAIL
GRTST 24HR M ON M 6 = FREEZING RAIN OR DRIZZLE
GRTST DEPTH: M ON M 7 = DUSTSTORM OR SANDSTORM:
VSBY 1/2 MILE OR LESS
8 = SMOKE OR HAZE
[NO. OF DAYS WITH] [WEATHER - DAYS WITH] 9 = BLOWING SNOW
X = TORNADO
MAX 32 OR BELOW: 0 0.01 INCH OR MORE: 2
MAX 90 OR ABOVE: 0 0.10 INCH OR MORE: 2
MIN 32 OR BELOW: 15 0.50 INCH OR MORE: 0
MIN 0 OR BELOW: 0 1.00 INCH OR MORE: 0
[HDD (BASE 65) ]
TOTAL THIS MO. 625 CLEAR (SCALE 0-3) 21
DPTR FM NORMAL -342 PTCLDY (SCALE 4-7) 10
TOTAL FM JUL 1 1348 CLOUDY (SCALE 8-10) 0
DPTR FM NORMAL -588
[CDD (BASE 65) ]
TOTAL THIS MO. 0
DPTR FM NORMAL 0 [PRESSURE DATA]
TOTAL FM JAN 1 1592 HIGHEST SLP 30.42 ON 19
DPTR FM NORMAL 241 LOWEST SLP 29.32 ON 10
[REMARKS]
#FINAL-12-21#