000
CXUS53 KARX 011326
CF6OLZ
PRELIMINARY LOCAL CLIMATOLOGICAL DATA (WS FORM: F-6)
STATION: OELWEIN IA
MONTH: JANUARY
YEAR: 2023
LATITUDE: 42 40 N
LONGITUDE: 91 58 W
TEMPERATURE IN F: :PCPN: SNOW: WIND :SUNSHINE: SKY :PK WND
================================================================================
1 2 3 4 5 6A 6B 7 8 9 10 11 12 13 14 15 16 17 18
12Z AVG MX 2MIN
DY MAX MIN AVG DEP HDD CDD WTR SNW DPTH SPD SPD DIR MIN PSBL S-S WX SPD DR
================================================================================
1 36 23 30 M 35 0 0.00 0.0 0 3.1 8 190 M M 7 12 M M
2 36 28 32 M 33 0 0.06 0.0 0 9.7 21 50 M M 5 16 27 50
3 37 32 35 M 30 0 0.30 0.0 0 14.4 24 80 M M 10 1 32 80
4 34 27 31 M 34 0 0.00 0.0 0 11.5 15 220 M M 10 1 20 230
5 32 16 24 M 41 0 0.00 0.0 0 11.4 18 310 M M 9 1 25 300
6 19 9 14 M 51 0 0.00 0.0 0 7.0 10 310 M M 3 1 M M
7 21 3 12 M 53 0 0.00 0.0 0 4.0 10 30 M M 4 128 M M
8 19 14 17 M 48 0 0.00 0.0 0 6.7 10 180 M M 6 12 13 160
9 39 14 27 M 38 0 0.00 0.0 0 9.7 15 150 M M 2 1 20 150
10 32 21 27 M 38 0 0.00 0.0 0 5.3 10 310 M M 5 12 M M
11 39 25 32 M 33 0 0.00 0.0 0 7.4 15 340 M M 4 1 18 340
12 32 21 27 M 38 0 0.00 0.0 0 17.5 22 320 M M 10 1 28 320
13 25 21 23 M 42 0 0.00 0.0 0 9.8 17 330 M M 10 1 23 330
14 32 18 25 M 40 0 0.00 0.0 0 13.9 20 160 M M 4 1 30 160
15 41 27 34 M 31 0 0.00 0.0 0 17.1 21 150 M M 3 27 150
16 43 34 39 M 26 0 0.29 0.0 0 16.1 22 140 M M 10 1 28 140
17 34 30 32 M 33 0 0.00 0.0 0 15.2 18 290 M M 10 1 25 290
18 34 28 31 M 34 0 M M 0 11.0 18 50 M M 10 1 28 70
19 32 28 30 M 35 0 M M M 15.1 23 310 M M 10 1 30 310
20 28 18 23 M 42 0 0.00 0.0 M 14.6 20 310 M M 10 1 28 310
21 27 18 23 M 42 0 0.00 0.0 M 7.0 10 190 M M 10 12 12 290
22 27 18 23 M 42 0 0.00 0.0 M 4.8 12 330 M M 10 12 17 330
23 28 10 19 M 46 0 0.00 0.0 M 10.2 17 210 M M 8 12 25 230
24 28 16 22 M 43 0 0.00 0.0 M 4.9 8 140 M M 8 12 M M
25 30 18 24 M 41 0 M M M 7.6 20 300 M M 10 12 23 300
26 18 3 11 M 54 0 0.00 0.0 M 13.3 18 300 M M 6 1 24 290
27 34 12 23 M 42 0 M M M 19.5 32 290 M M 5 1 41 290
28 14 9 12 M 53 0 M M M 11.2 17 360 M M 8 18 24 20
29 9 0 5 M 60 0 M M M 14.0 20 360 M M 6 18 24 350
30 3 -11 -4 M 69 0 0.00 0.0 M 9.3 17 330 M M 4 22 320
31 9 -20 -5 M 70 0 0.00 0.0 M 6.9 12 200 M M 0 M M
================================================================================
SM 872 510 1317 0 0.65 0.0 329.2 M 217
================================================================================
AV 28.1 16.5 10.6 FASTST M M 7 MAX(MPH)
MISC ----> 32 290 41 290
================================================================================
NOTES:
# LAST OF SEVERAL OCCURRENCES
COLUMN 17 PEAK WIND IN M.P.H.
PRELIMINARY LOCAL CLIMATOLOGICAL DATA (WS FORM: F-6) , PAGE 2
STATION: OELWEIN IA
MONTH: JANUARY
YEAR: 2023
LATITUDE: 42 40 N
LONGITUDE: 91 58 W
[TEMPERATURE DATA] [PRECIPITATION DATA] SYMBOLS USED IN COLUMN 16
AVERAGE MONTHLY: 22.3 TOTAL FOR MONTH: 0.65 1 = FOG OR MIST
DPTR FM NORMAL: 0.0 DPTR FM NORMAL: M 2 = FOG REDUCING VISIBILITY
HIGHEST: 43 ON 16 GRTST 24HR 0.96 ON 2- 3 TO 1/4 MILE OR LESS
LOWEST: -20 ON 31 3 = THUNDER
SNOW, ICE PELLETS, HAIL 4 = ICE PELLETS
TOTAL MONTH: 0.0 INCH 5 = HAIL
GRTST 24HR 0.0 6 = FREEZING RAIN OR DRIZZLE
GRTST DEPTH: 0 7 = DUSTSTORM OR SANDSTORM:
VSBY 1/2 MILE OR LESS
8 = SMOKE OR HAZE
[NO. OF DAYS WITH] [WEATHER - DAYS WITH] 9 = BLOWING SNOW
X = TORNADO
MAX 32 OR BELOW: 20 0.01 INCH OR MORE: 3
MAX 90 OR ABOVE: 0 0.10 INCH OR MORE: 2
MIN 32 OR BELOW: 30 0.50 INCH OR MORE: 0
MIN 0 OR BELOW: 3 1.00 INCH OR MORE: 0
[HDD (BASE 65) ]
TOTAL THIS MO. 1317 CLEAR (SCALE 0-3) 3
DPTR FM NORMAL M PTCLDY (SCALE 4-7) 15
TOTAL FM JUL 1 4186 CLOUDY (SCALE 8-10) 13
DPTR FM NORMAL M
[CDD (BASE 65) ]
TOTAL THIS MO. 0
DPTR FM NORMAL M [PRESSURE DATA]
TOTAL FM JAN 1 0 HIGHEST SLP M ON M
DPTR FM NORMAL M LOWEST SLP M ON M
[REMARKS]
#FINAL-01-23#