000
CXUS53 KOAX 011627
CF6OMA
PRELIMINARY LOCAL CLIMATOLOGICAL DATA (WS FORM: F-6)
STATION: OMAHA NE
MONTH: MARCH
YEAR: 2020
LATITUDE: 41 17 N
LONGITUDE: 95 54 W
TEMPERATURE IN F: :PCPN: SNOW: WIND :SUNSHINE: SKY :PK WND
================================================================================
1 2 3 4 5 6A 6B 7 8 9 10 11 12 13 14 15 16 17 18
12Z AVG MX 2MIN
DY MAX MIN AVG DEP HDD CDD WTR SNW DPTH SPD SPD DIR MIN PSBL S-S WX SPD DR
================================================================================
1 57 31 44 11 21 0 0.00 0.0 0 12.8 26 330 M M 5 34 350
2 49 32 41 7 24 0 T 0.2 T 8.8 18 340 M M 6 1 26 320
3 60 36 48 14 17 0 0.00 0.0 0 12.5 24 270 M M 3 33 270
4 63 29 46 12 19 0 0.00 0.0 0 8.9 23 200 M M 2 31 210
5 53 34 44 9 21 0 0.00 0.0 0 22.5 41 320 M M 3 78 55 290
6 53 24 39 4 26 0 0.00 0.0 0 8.8 22 170 M M 2 27 170
7 71 40 56 20 9 0 0.00 0.0 0 19.0 32 190 M M 6 44 180
8 74 48 61 25 4 0 0.00 0.0 0 18.7 31 210 M M 4 44 190
9 59 29 44 7 21 0 0.29 T 0 15.7 24 340 M M 9 14 32 350
10 44 24 34 -3 31 0 0.00 0.0 0 4.4 15 150 M M 5 18 150
11 64 36 50 13 15 0 0.00 0.0 0 7.4 21 200 M M 7 18 28 190
12 60 30 45 7 20 0 T 0.0 0 16.0 32 330 M M 6 44 340
13 48 28 38 0 27 0 0.02 0.0 0 5.1 17 150 M M 6 23 150
14 37 32 35 -4 30 0 0.36 1.9 2 9.4 20 70 M M 10 1 26 70
15 36 31 34 -5 31 0 T 0.0 0 8.5 14 160 M M 10 1 17 140
16 43 33 38 -2 27 0 T 0.0 0 6.7 16 350 M M 10 1 22 330
17 50 29 40 0 25 0 0.15 0.0 0 8.0 18 150 M M 8 13 29 160
18 55 43 49 9 16 0 0.39 0.0 0 4.2 13 100 M M 8 1 18 140
19 53 30 42 1 23 0 0.54 0.2 0 16.0 36 340 M M 9 13 49 360
20 30 19 25 -16 40 0 T T 0 19.5 38 340 M M 4 52 330
21 46 24 35 -7 30 0 0.00 0.0 0 9.8 21 170 M M 7 27 150
22 42 33 38 -4 27 0 0.01 0.0 0 11.9 21 150 M M 9 1 25 150
23 49 38 44 2 21 0 T 0.0 0 8.0 14 160 M M 10 18 18 130
24 56 44 50 7 15 0 0.00 0.0 0 11.7 22 190 M M 9 30 190
25 62 44 53 10 12 0 0.00 0.0 0 12.6 21 160 M M 9 1 25 160
26 59 42 51 7 14 0 0.00 0.0 0 12.3 21 60 M M 9 1 30 50
27 50 46 48 4 17 0 0.06 0.0 0 6.4 23 70 M M 10 18 33 70
28 60 39 50 6 15 0 0.16 0.0 0 13.2 32 310 M M 9 13 46 200
29 62 36 49 4 16 0 T 0.0 0 15.0 28 300 M M 3 39 310
30 70 31 51 6 14 0 0.00 0.0 0 6.7 17 110 M M 5 23 80
31 67 40 54 8 11 0 T 0.0 0 7.4 16 140 M M 6 23 170
================================================================================
SM 1682 1055 639 0 1.98 2.3 347.9 M 209
================================================================================
AV 54.3 34.0 11.2 FASTST M M 7 MAX(MPH)
MISC ----> # 41 320 # 55 290
================================================================================
NOTES:
# LAST OF SEVERAL OCCURRENCES
COLUMN 17 PEAK WIND IN M.P.H.
PRELIMINARY LOCAL CLIMATOLOGICAL DATA (WS FORM: F-6) , PAGE 2
STATION: OMAHA NE
MONTH: MARCH
YEAR: 2020
LATITUDE: 41 17 N
LONGITUDE: 95 54 W
[TEMPERATURE DATA] [PRECIPITATION DATA] SYMBOLS USED IN COLUMN 16
AVERAGE MONTHLY: 44.2 TOTAL FOR MONTH: 1.98 1 = FOG OR MIST
DPTR FM NORMAL: 4.6 DPTR FM NORMAL: -0.01 2 = FOG REDUCING VISIBILITY
HIGHEST: 74 ON 8 GRTST 24HR 0.54 ON 19-19 TO 1/4 MILE OR LESS
LOWEST: 19 ON 20 3 = THUNDER
SNOW, ICE PELLETS, HAIL 4 = ICE PELLETS
TOTAL MONTH: 2.3 INCHES 5 = HAIL
GRTST 24HR 1.9 ON 14-14 6 = FREEZING RAIN OR DRIZZLE
GRTST DEPTH: 2 ON 14 7 = DUSTSTORM OR SANDSTORM:
VSBY 1/2 MILE OR LESS
8 = SMOKE OR HAZE
[NO. OF DAYS WITH] [WEATHER - DAYS WITH] 9 = BLOWING SNOW
X = TORNADO
MAX 32 OR BELOW: 1 0.01 INCH OR MORE: 9
MAX 90 OR ABOVE: 0 0.10 INCH OR MORE: 6
MIN 32 OR BELOW: 15 0.50 INCH OR MORE: 1
MIN 0 OR BELOW: 0 1.00 INCH OR MORE: 0
[HDD (BASE 65) ]
TOTAL THIS MO. 639 CLEAR (SCALE 0-3) 5
DPTR FM NORMAL -152 PTCLDY (SCALE 4-7) 12
TOTAL FM JUL 1 5134 CLOUDY (SCALE 8-10) 14
DPTR FM NORMAL -455
[CDD (BASE 65) ]
TOTAL THIS MO. 0
DPTR FM NORMAL -1 [PRESSURE DATA]
TOTAL FM JAN 1 0 HIGHEST SLP 30.65 ON 20
DPTR FM NORMAL -1 LOWEST SLP 29.27 ON 28
[REMARKS]
#FINAL-03-20#