000
CXUS56 KOTX 010910
CF6OMK
PRELIMINARY LOCAL CLIMATOLOGICAL DATA (WS FORM: F-6)
STATION: OMAK WA AIRPORT
MONTH: OCTOBER
YEAR: 2023
LATITUDE: 48 27 N
LONGITUDE: 119 31 W
TEMPERATURE IN F: :PCPN: SNOW: WIND :SUNSHINE: SKY :PK WND
================================================================================
1 2 3 4 5 6A 6B 7 8 9 10 11 12 13 14 15 16 17 18
12Z AVG MX 2MIN
DY MAX MIN AVG DEP HDD CDD WTR SNW DPTH SPD SPD DIR MIN PSBL S-S WX SPD DR
================================================================================
1 72 46 59 2 6 0 0.00 M M 10.5 25 10 M M 0 31 20
2 65 41 53 -3 12 0 T M M 3.1 12 340 M M 3 8 14 340
3 73 50 62 6 3 0 0.00 M M 8.5 17 360 M M 2 8 21 350
4 77 44 61 6 4 0 0.00 M M 7.0 18 360 M M 0 21 360
5 78 47 63 8 2 0 0.00 M M 10.6 22 10 M M 0 28 20
6 75 51 63 9 2 0 0.00 M M 7.7 17 330 M M 0 22 330
7 76 46 61 7 4 0 0.00 M M 6.0 12 10 M M 0 13 10
8 79 45 62 9 3 0 0.00 M M 2.8 8 270 M M 0 10 190
9 73 47 60 7 5 0 0.00 M M 5.4 18 170 M M 3 24 170
10 62 52 57 5 8 0 T M M 8.1 20 160 M M 8 24 140
11 60 43 52 0 13 0 0.19 M M 5.1 13 160 M M 7 1 17 330
12 65 38 52 1 13 0 0.00 M M 3.4 9 10 M M 0 11 20
13 65 36 51 1 14 0 0.00 M M 2.6 10 300 M M 2 8 13 300
14 66 48 57 7 8 0 0.00 M M 3.5 13 190 M M 8 18 16 190
15 63 43 53 3 12 0 0.02 M M 3.1 10 280 M M 4 12 280
16 61 50 56 7 9 0 0.13 M M 6.9 16 170 M M 5 12 20 160
17 63 39 51 3 14 0 T M M 4.6 14 160 M M 3 15 170
18 68 42 55 7 10 0 0.00 M M 6.1 15 210 M M 0 18 210
19 72 37 55 7 10 0 0.00 M M 4.9 15 190 M M 0 19 180
20 70 45 58 11 7 0 0.00 M M 9.0 21 10 M M 0 28 10
21 65 52 59 13 6 0 0.00 M M 11.4 20 360 M M 0 24 340
22 63 43 53 7 12 0 0.01 M M 10.1 18 340 M M 5 24 340
23 63 34 49 3 16 0 0.00 M M 5.8 22 250 M M 0 8 27 260
24 51 34 43 -2 22 0 0.09 M M 7.9 16 360 M M 4 20 360
25 41 36 39 -6 26 0 0.34 M M 11.7 25 10 M M 10 1 30 360
26 46 30 38 -6 27 0 0.00 M M 9.5 16 30 M M 6 20 30
27 46 24 35 -9 30 0 0.00 M M 9.7 20 20 M M 0 25 30
28 46 20 33 -10 32 0 0.00 M M 4.3 13 360 M M 0 15 360
29 45 18 32 -11 33 0 0.00 M M 3.5 9 200 M M 0 12 200
30 46 20 33 -9 32 0 0.00 M M 3.0 9 180 M M 0 11 170
31 44 19 32 -10 33 0 0.00 M M 2.7 8 290 M M 0 8 290
================================================================================
SM 1939 1220 428 0 0.78 M 198.5 M 70
================================================================================
AV 62.5 39.4 6.4 FASTST M M 2 MAX(MPH)
MISC ----> # 25 10 31 20
================================================================================
NOTES:
# LAST OF SEVERAL OCCURRENCES
COLUMN 17 PEAK WIND IN M.P.H.
PRELIMINARY LOCAL CLIMATOLOGICAL DATA (WS FORM: F-6) , PAGE 2
STATION: OMAK WA AIRPORT
MONTH: OCTOBER
YEAR: 2023
LATITUDE: 48 27 N
LONGITUDE: 119 31 W
[TEMPERATURE DATA] [PRECIPITATION DATA] SYMBOLS USED IN COLUMN 16
AVERAGE MONTHLY: 51.0 TOTAL FOR MONTH: 0.78 1 = FOG OR MIST
DPTR FM NORMAL: 1.9 DPTR FM NORMAL: -0.14 2 = FOG REDUCING VISIBILITY
HIGHEST: 79 ON 8 GRTST 24HR 0.43 ON 24-25 TO 1/4 MILE OR LESS
LOWEST: 18 ON 29 3 = THUNDER
SNOW, ICE PELLETS, HAIL 4 = ICE PELLETS
TOTAL MONTH: M 5 = HAIL
GRTST 24HR M ON M 6 = FREEZING RAIN OR DRIZZLE
GRTST DEPTH: M ON M 7 = DUSTSTORM OR SANDSTORM:
VSBY 1/2 MILE OR LESS
8 = SMOKE OR HAZE
[NO. OF DAYS WITH] [WEATHER - DAYS WITH] 9 = BLOWING SNOW
X = TORNADO
MAX 32 OR BELOW: 0 0.01 INCH OR MORE: 6
MAX 90 OR ABOVE: 0 0.10 INCH OR MORE: 3
MIN 32 OR BELOW: 6 0.50 INCH OR MORE: 0
MIN 0 OR BELOW: 0 1.00 INCH OR MORE: 0
[HDD (BASE 65) ]
TOTAL THIS MO. 428 CLEAR (SCALE 0-3) 21
DPTR FM NORMAL -67 PTCLDY (SCALE 4-7) 9
TOTAL FM JUL 1 503 CLOUDY (SCALE 8-10) 1
DPTR FM NORMAL -129
[CDD (BASE 65) ]
TOTAL THIS MO. 0
DPTR FM NORMAL -2 [PRESSURE DATA]
TOTAL FM JAN 1 1087 HIGHEST SLP M ON M
DPTR FM NORMAL 383 LOWEST SLP 29.49 ON 10
[REMARKS]
#FINAL-10-23#