000
CXUS56 KOTX 011213
CLMOMK
CLIMATE REPORT
NATIONAL WEATHER SERVICE SPOKANE WA
413 AM PST MON JAN 01 2024
...................................
...THE OMAK WA AIRPORT CLIMATE SUMMARY FOR THE MONTH OF DECEMBER 2023...
CLIMATE NORMAL PERIOD 1991 TO 2020
CLIMATE RECORD PERIOD 9999 TO 9999
WEATHER OBSERVED NORMAL DEPART LAST YEAR`S
VALUE DATE(S) VALUE FROM VALUE DATE(S)
NORMAL
................................................................
TEMPERATURE (F)
RECORD
HIGH 74 12/01/2021
12/01/2021
LOW -21 12/27/1948
HIGHEST 45 12/07 MM MM 40 12/28
12/11
LOWEST 14 12/02 MM MM -9 12/22
12/03
AVG. MAXIMUM 38.9 32.5 6.4 24.8
AVG. MINIMUM 31.0 23.3 7.7 14.5
MEAN 34.9 27.9 7.0 19.6
DAYS MAX >= 90 0 0.0 0.0 0
DAYS MAX <= 32 2 14.8 -12.8 22
DAYS MIN <= 32 13 28.4 -15.4 29
DAYS MIN <= 0 0 0.6 -0.6 3
PRECIPITATION (INCHES)
RECORD
MAXIMUM 4.63 1973
MINIMUM 0.11 2013
TOTALS 1.28 1.95 -0.67 2.34
DAILY AVG. 0.04 0.06 -0.02 0.08
DAYS >= .01 13 11.5 1.5 11
DAYS >= .10 6 5.5 0.5 5
DAYS >= .50 0 0.6 -0.6 1
DAYS >= 1.00 0 0.0 0.0 0
GREATEST
24 HR. TOTAL 0.42 12/05 TO 12/06 1.09
DEGREE DAYS
HEATING TOTAL 925 1150 -225 1399
SINCE 7/1 2243 2653 -410 MM
COOLING TOTAL 0 0 0 0
SINCE 1/1 1087 704 383 MM
................................................................
WIND (MPH)
AVERAGE WIND SPEED 3.1
HIGHEST WIND SPEED/DIRECTION 18/360 DATE 12/11
HIGHEST GUST SPEED/DIRECTION 23/350 DATE 12/11
SKY COVER
POSSIBLE SUNSHINE (PERCENT) MM
AVERAGE SKY COVER 0.85
NUMBER OF DAYS FAIR 2
NUMBER OF DAYS PC 4
NUMBER OF DAYS CLOUDY 25
AVERAGE RH (PERCENT) 86
WEATHER CONDITIONS. NUMBER OF DAYS WITH
THUNDERSTORM 0 MIXED PRECIP 4
HEAVY RAIN 0 RAIN 1
LIGHT RAIN 10 FREEZING RAIN 0
LT FREEZING RAIN 0 HAIL 0
HEAVY SNOW 1 SNOW 1
LIGHT SNOW 8 SLEET 0
FOG 25 FOG W/VIS <= 1/4 MILE 13
HAZE 4
- INDICATES NEGATIVE NUMBERS.
R INDICATES RECORD WAS SET OR TIED.
MM INDICATES DATA IS MISSING.
T INDICATES TRACE AMOUNT.
$$