000
CXUS53 KARX 010900
CF6ONA
PRELIMINARY LOCAL CLIMATOLOGICAL DATA (WS FORM: F-6)
STATION: WINONA_MUNI_(AWOS) MN
MONTH: MARCH
YEAR: 2024
LATITUDE: 44 4 N
LONGITUDE: 91 42 W
TEMPERATURE IN F: :PCPN: SNOW: WIND :SUNSHINE: SKY :PK WND
================================================================================
1 2 3 4 5 6A 6B 7 8 9 10 11 12 13 14 15 16 17 18
12Z AVG MX 2MIN
DY MAX MIN AVG DEP HDD CDD WTR SNW DPTH SPD SPD DIR MIN PSBL S-S WX SPD DR
================================================================================
1 55 36 46 M 19 0 0.00 0.0 0 8.5 15 190 M M 0 25 210
2 66 32 49 M 16 0 0.00 0.0 0 6.6 12 150 M M 0 18 180
3 73 39 56 M 9 0 0.00 0.0 0 11.5 16 290 M M 3 33 180
4 43 34 39 M 26 0 M M 0 3.5 9 340 M M 7 3 M M
5 52 27 40 M 25 0 0.00 0.0 0 1.3 5 340 M M 0 M M
6 55 23 39 M 26 0 0.00 0.0 0 5.4 13 110 M M 2 16 110
7 55 36 46 M 19 0 0.00 0.0 0 4.9 9 140 M M 3 M M
8 45 30 38 M 27 0 M M M 8.9 17 320 M M 7 8 22 330
9 41 25 33 M 32 0 M M M 10.8 21 330 M M 0 27 330
10 50 18 34 M 31 0 0.00 0.0 0 1.5 6 330 M M 0 M M
11 70 32 51 M 14 0 0.00 0.0 0 2.8 6 220 M M 0 M M
12 70 39 55 M 10 0 0.00 0.0 0 6.2 14 230 M M 0 20 220
13 68 30 49 M 16 0 0.00 0.0 0 1.9 12 120 M M 2 M M
14 59 43 51 M 14 0 0.00 0.0 0 4.6 9 40 M M 4 M M
15 57 30 44 M 21 0 0.00 0.0 0 5.5 14 290 M M 1 21 290
16 52 36 44 M 21 0 M M 0 14.7 21 330 M M 6 30 310
17 36 27 32 M 33 0 M M 0 15.4 21 330 M M 9 28 330
18 37 23 30 M 35 0 M M 0 8.0 13 340 M M 5 17 350
19 55 32 44 M 21 0 0.00 0.0 0 12.4 21 320 M M 0 32 330
20 36 23 30 M 35 0 0.00 0.0 0 12.6 22 330 M M 0 28 330
21 32 25 29 M 36 0 0.04 M 0 2.5 6 150 M M 8 M M
22 32 19 26 M 39 0 0.21 M M 4.9 12 340 M M 8 18 350
23 34 12 23 M 42 0 M M M 3.5 8 80 M M 4 M M
24 34 28 31 M 34 0 0.40 M M 9.8 16 140 M M 10 1 24 130
25 37 34 36 M 29 0 0.52 M M 5.0 10 120 M M 10 1 M M
26 39 25 32 M 33 0 0.55 M M 8.1 16 290 M M 10 27 290
27 34 23 29 M 36 0 M M M 9.4 13 280 M M 7 22 290
28 41 21 31 M 34 0 0.00 0.0 M 4.8 9 300 M M 1 M M
29 52 23 38 M 27 0 0.00 0.0 M 6.2 13 120 M M 5 18 120
30 52 39 46 M 19 0 0.00 0.0 M 5.7 13 340 M M 4 18 340
31 50 32 41 M 24 0 0.00 0.0 M 1.7 5 340 M M 7 M M
================================================================================
SM 1512 896 803 0 1.72 0.0 208.6 M 123
================================================================================
AV 48.8 28.9 6.7 FASTST M M 4 MAX(MPH)
MISC ----> 22 330 33 180
================================================================================
NOTES:
# LAST OF SEVERAL OCCURRENCES
COLUMN 17 PEAK WIND IN M.P.H.
PRELIMINARY LOCAL CLIMATOLOGICAL DATA (WS FORM: F-6) , PAGE 2
STATION: WINONA_MUNI_(AWOS) MN
MONTH: MARCH
YEAR: 2024
LATITUDE: 44 4 N
LONGITUDE: 91 42 W
[TEMPERATURE DATA] [PRECIPITATION DATA] SYMBOLS USED IN COLUMN 16
AVERAGE MONTHLY: 38.8 TOTAL FOR MONTH: 1.72 1 = FOG OR MIST
DPTR FM NORMAL: 0.0 DPTR FM NORMAL: M 2 = FOG REDUCING VISIBILITY
HIGHEST: 73 ON 3 GRTST 24HR 0.55 ON 26-26 TO 1/4 MILE OR LESS
LOWEST: 12 ON 23 3 = THUNDER
SNOW, ICE PELLETS, HAIL 4 = ICE PELLETS
TOTAL MONTH: 0.0 INCH 5 = HAIL
GRTST 24HR 0.0 6 = FREEZING RAIN OR DRIZZLE
GRTST DEPTH: 0 7 = DUSTSTORM OR SANDSTORM:
VSBY 1/2 MILE OR LESS
8 = SMOKE OR HAZE
[NO. OF DAYS WITH] [WEATHER - DAYS WITH] 9 = BLOWING SNOW
X = TORNADO
MAX 32 OR BELOW: 2 0.01 INCH OR MORE: 5
MAX 90 OR ABOVE: 0 0.10 INCH OR MORE: 4
MIN 32 OR BELOW: 22 0.50 INCH OR MORE: 2
MIN 0 OR BELOW: 0 1.00 INCH OR MORE: 0
[HDD (BASE 65) ]
TOTAL THIS MO. 803 CLEAR (SCALE 0-3) 14
DPTR FM NORMAL M PTCLDY (SCALE 4-7) 11
TOTAL FM JUL 1 5193 CLOUDY (SCALE 8-10) 6
DPTR FM NORMAL M
[CDD (BASE 65) ]
TOTAL THIS MO. 0
DPTR FM NORMAL M [PRESSURE DATA]
TOTAL FM JAN 1 0 HIGHEST SLP M ON M
DPTR FM NORMAL M LOWEST SLP M ON M
[REMARKS]
#FINAL-03-24#