000
CXUS52 KMFL 011342
CF6OPF
PRELIMINARY LOCAL CLIMATOLOGICAL DATA (WS FORM: F-6)
STATION: OPA-LOCKA ARPT
MONTH: NOVEMBER
YEAR: 2020
LATITUDE: 25 53 N
LONGITUDE: 80 17 W
TEMPERATURE IN F: :PCPN: SNOW: WIND :SUNSHINE: SKY :PK WND
================================================================================
1 2 3 4 5 6A 6B 7 8 9 10 11 12 13 14 15 16 17 18
12Z AVG MX 2MIN
DY MAX MIN AVG DEP HDD CDD WTR SNW DPTH SPD SPD DIR MIN PSBL S-S WX SPD DR
================================================================================
1 87 75 81 5 0 16 T 0.0 0 6.7 15 90 M M 3 1 19 90
2 79 71 75 -1 0 10 T 0.0 0 14.6 26 30 M M 8 36 40
3 79 71 75 -1 0 10 0.00 0.0 0 17.5 25 60 M M 6 34 70
4 82 73 78 2 0 13 T 0.0 0 17.6 28 60 M M 7 35 70
5 84 74 79 4 0 14 0.03 0.0 0 15.7 29 80 M M 6 18 34 90
6 86 74 80 5 0 15 0.03 0.0 0 13.2 28 100 M M 5 1 36 100
7 82 70 76 1 0 11 0.04 0.0 0 15.4 36 90 M M 5 138 47 100
8 79 73 76 1 0 11 0.08 0.0 0 21.4 36 80 M M 10 1 45 80
9 83 74 79 4 0 14 0.08 0.0 0 18.5 38 110 M M 8 138 50 130
10 83 76 80 6 0 15 0.02 0.0 0 15.8 32 120 M M 5 1 42 130
11 83 75 79 5 0 14 0.01 0.0 0 17.6 30 160 M M 4 13 36 160
12 82 73 78 4 0 13 0.05 0.0 0 6.4 17 260 M M 6 18 23 270
13 83 73 78 4 0 13 0.02 0.0 0 3.0 12 80 M M 5 1 14 60
14 84 73 79 5 0 14 0.01 0.0 0 6.3 14 110 M M 5 8 16 110
15 85 72 79 5 0 14 0.01 0.0 0 4.4 13 90 M M 1 17 100
16 85 69 77 3 0 12 0.00 0.0 0 6.1 14 80 M M 1 8 20 80
17 82 69 76 2 0 11 0.02 0.0 0 10.9 23 40 M M 5 28 40
18 80 66 73 0 0 8 0.01 0.0 0 15.2 29 70 M M 5 37 50
19 80 70 75 2 0 10 0.02 0.0 0 17.7 29 80 M M 7 34 50
20 80 69 75 2 0 10 0.04 0.0 0 14.1 25 70 M M 7 18 32 80
21 82 70 76 3 0 11 0.01 0.0 0 11.3 24 70 M M 5 18 29 80
22 78 69 74 1 0 9 0.01 0.0 0 5.2 15 80 M M 5 138 17 340
23 78 68 73 0 0 8 0.00 0.0 0 8.3 17 340 M M 2 8 22 350
24 82 66 74 1 0 9 T 0.0 0 9.9 20 80 M M 4 25 70
25 79 71 75 3 0 10 0.05 0.0 0 10.9 21 90 M M 6 1 26 90
26 83 66 75 3 0 10 T 0.0 0 5.2 14 90 M M 2 19 120
27 80 68 74 2 0 9 T 0.0 0 4.1 13 100 M M 7 14 90
28 78 69 74 2 0 9 T 0.0 0 2.4 9 350 M M 7 8 12 320
29 82 66 74 2 0 9 0.00 0.0 0 5.3 13 130 M M 1 8 17 130
30 83 65 74 2 0 9 0.08 0.0 0 10.2 22 230 M M 4 138 28 280
================================================================================
SM 2453 2118 0 341 0.62 0.0 330.9 M 152
================================================================================
AV 81.8 70.6 11.0 FASTST M M 5 MAX(MPH)
MISC ----> # 38 110 # 50 130
================================================================================
NOTES:
# LAST OF SEVERAL OCCURRENCES
COLUMN 17 PEAK WIND IN M.P.H.
PRELIMINARY LOCAL CLIMATOLOGICAL DATA (WS FORM: F-6) , PAGE 2
STATION: OPA-LOCKA ARPT
MONTH: NOVEMBER
YEAR: 2020
LATITUDE: 25 53 N
LONGITUDE: 80 17 W
[TEMPERATURE DATA] [PRECIPITATION DATA] SYMBOLS USED IN COLUMN 16
AVERAGE MONTHLY: 76.2 TOTAL FOR MONTH: 0.62 1 = FOG OR MIST
DPTR FM NORMAL: 2.4 DPTR FM NORMAL: -2.56 2 = FOG REDUCING VISIBILITY
HIGHEST: 87 ON 1 GRTST 24HR 0.08 ON 30-30 TO 1/4 MILE OR LESS
LOWEST: 65 ON 30 3 = THUNDER
SNOW, ICE PELLETS, HAIL 4 = ICE PELLETS
TOTAL MONTH: 0.0 INCH 5 = HAIL
GRTST 24HR 0.0 6 = FREEZING RAIN OR DRIZZLE
GRTST DEPTH: 0 7 = DUSTSTORM OR SANDSTORM:
VSBY 1/2 MILE OR LESS
8 = SMOKE OR HAZE
[NO. OF DAYS WITH] [WEATHER - DAYS WITH] 9 = BLOWING SNOW
X = TORNADO
MAX 32 OR BELOW: 0 0.01 INCH OR MORE: 19
MAX 90 OR ABOVE: 0 0.10 INCH OR MORE: 0
MIN 32 OR BELOW: 0 0.50 INCH OR MORE: 0
MIN 0 OR BELOW: 0 1.00 INCH OR MORE: 0
[HDD (BASE 65) ]
TOTAL THIS MO. 0 CLEAR (SCALE 0-3) 5
DPTR FM NORMAL -4 PTCLDY (SCALE 4-7) 24
TOTAL FM JUL 1 0 CLOUDY (SCALE 8-10) 1
DPTR FM NORMAL -4
[CDD (BASE 65) ]
TOTAL THIS MO. 341
DPTR FM NORMAL 73 [PRESSURE DATA]
TOTAL FM JAN 1 4814 HIGHEST SLP 30.29 ON 19
DPTR FM NORMAL 662 LOWEST SLP 29.63 ON 8
[REMARKS]
#FINAL-11-20#