000
CXUS53 KLOT 010800
CF6ORD
PRELIMINARY LOCAL CLIMATOLOGICAL DATA (WS FORM: F-6)
STATION: CHICAGO-OHARE
MONTH: JULY
YEAR: 2022
LATITUDE: 41 58 N
LONGITUDE: 87 54 W
TEMPERATURE IN F: :PCPN: SNOW: WIND :SUNSHINE: SKY :PK WND
================================================================================
1 2 3 4 5 6A 6B 7 8 9 10 11 12 13 14 15 16 17 18
12Z AVG MX 2MIN
DY MAX MIN AVG DEP HDD CDD WTR SNW DPTH SPD SPD DIR MIN PSBL S-S WX SPD DR
================================================================================
1 82 67 75 0 0 10 T 0.0 0 6.6 18 40 M M 7 24 50
2 87 65 76 1 0 11 0.00 0.0 0 6.4 14 100 M M 6 20 90
3 88 68 78 3 0 13 0.00 0.0 0 6.3 14 100 M M 3 20 90
4 87 69 78 3 0 13 0.69 0.0 0 10.0 43 340 M M 7 138 55 330
5 94 69 82 7 0 17 0.52 0.0 0 9.3 31 260 M M 8 13 48 290
6 80 68 74 -1 0 9 0.35 0.0 0 10.4 16 30 M M 9 13 21 30
7 86 68 77 2 0 12 0.00 0.0 0 6.9 14 100 M M 8 18 19 80
8 77 67 72 -3 0 7 T 0.0 0 11.3 22 20 M M 9 1 26 20
9 76 63 70 -6 0 5 0.00 0.0 0 11.5 17 30 M M 2 24 60
10 86 59 73 -3 0 8 T 0.0 0 5.6 20 150 M M 3 25 190
11 85 71 78 2 0 13 0.01 0.0 0 11.2 21 230 M M 7 3 31 230
12 86 68 77 1 0 12 0.00 0.0 0 10.7 20 310 M M 2 31 310
13 80 64 72 -4 0 7 0.00 0.0 0 10.4 17 30 M M 4 23 40
14 80 61 71 -5 0 6 0.00 0.0 0 7.5 15 30 M M 2 21 30
15 72 66 69 -7 0 4 0.82 0.0 0 5.1 16 180 M M 9 1 23 160
16 75 67 71 -5 0 6 T 0.0 0 10.6 16 30 M M 10 1 22 60
17 77 69 73 -3 0 8 0.02 0.0 0 9.5 17 30 M M 9 1 20 40
18 89 68 79 3 0 14 T 0.0 0 5.8 13 310 M M 4 8 23 330
19 90 71 81 5 0 16 0.00 0.0 0 11.1 22 190 M M 3 31 180
20 87 76 82 6 0 17 T 0.0 0 14.5 24 270 M M 5 37 260
21 92 69 81 5 0 16 0.00 0.0 0 10.7 24 250 M M 2 3 34 260
22 91 69 80 4 0 15 T 0.0 0 7.4 18 220 M M 5 3 23 250
23 86 68 77 1 0 12 1.77 T 0 12.3 45 350 M M 7 135 57 340
24 86 71 79 3 0 14 0.32 0.0 0 11.6 24 220 M M 8 13 34 230
25 76 64 70 -6 0 5 0.00 0.0 0 6.9 15 100 M M 6 19 100
26 82 64 73 -3 0 8 0.00 0.0 0 5.0 13 120 M M 7 18 110
27 83 70 77 1 0 12 T 0.0 0 8.1 20 330 M M 6 27 210
28 80 67 74 -1 0 9 T 0.0 0 9.2 18 260 M M 6 26 280
29 81 62 72 -3 0 7 0.00 0.0 0 7.7 17 300 M M 3 26 310
30 83 63 73 -2 0 8 0.00 0.0 0 3.8 13 220 M M 4 17 220
31 85 66 76 1 0 11 0.00 0.0 0 7.0 17 220 M M 5 24 220
================================================================================
SM 2589 2077 0 325 4.50 T 270.4 M 176
================================================================================
AV 83.5 67.0 8.7 FASTST M M 6 MAX(MPH)
MISC ----> 45 350 57 340
================================================================================
NOTES:
# LAST OF SEVERAL OCCURRENCES
COLUMN 17 PEAK WIND IN M.P.H.
PRELIMINARY LOCAL CLIMATOLOGICAL DATA (WS FORM: F-6) , PAGE 2
STATION: CHICAGO-OHARE
MONTH: JULY
YEAR: 2022
LATITUDE: 41 58 N
LONGITUDE: 87 54 W
[TEMPERATURE DATA] [PRECIPITATION DATA] SYMBOLS USED IN COLUMN 16
AVERAGE MONTHLY: 75.3 TOTAL FOR MONTH: 4.50 1 = FOG OR MIST
DPTR FM NORMAL: -0.1 DPTR FM NORMAL: 0.79 2 = FOG REDUCING VISIBILITY
HIGHEST: 94 ON 5 GRTST 24HR 1.79 ON 23-24 TO 1/4 MILE OR LESS
LOWEST: 59 ON 10 3 = THUNDER
SNOW, ICE PELLETS, HAIL 4 = ICE PELLETS
TOTAL MONTH: T 5 = HAIL
GRTST 24HR T ON 23-23 6 = FREEZING RAIN OR DRIZZLE
GRTST DEPTH: 0 7 = DUSTSTORM OR SANDSTORM:
VSBY 1/2 MILE OR LESS
8 = SMOKE OR HAZE
[NO. OF DAYS WITH] [WEATHER - DAYS WITH] 9 = BLOWING SNOW
X = TORNADO
MAX 32 OR BELOW: 0 0.01 INCH OR MORE: 8
MAX 90 OR ABOVE: 4 0.10 INCH OR MORE: 6
MIN 32 OR BELOW: 0 0.50 INCH OR MORE: 4
MIN 0 OR BELOW: 0 1.00 INCH OR MORE: 1
[HDD (BASE 65) ]
TOTAL THIS MO. 0 CLEAR (SCALE 0-3) 6
DPTR FM NORMAL -2 PTCLDY (SCALE 4-7) 20
TOTAL FM JUL 1 0 CLOUDY (SCALE 8-10) 5
DPTR FM NORMAL 0
[CDD (BASE 65) ]
TOTAL THIS MO. 325
DPTR FM NORMAL -1 [PRESSURE DATA]
TOTAL FM JAN 1 702 HIGHEST SLP M ON M
DPTR FM NORMAL 107 LOWEST SLP 29.57 ON 20
[REMARKS]
#FINAL-07-22#