000
CXUS52 KMLB 010634
CF6ORL
PRELIMINARY LOCAL CLIMATOLOGICAL DATA (WS FORM: F-6)
STATION: ORLANDO EXEC
MONTH: MAY
YEAR: 2021
LATITUDE: 28 32 N
LONGITUDE: 81 20 W
TEMPERATURE IN F: :PCPN: SNOW: WIND :SUNSHINE: SKY :PK WND
================================================================================
1 2 3 4 5 6A 6B 7 8 9 10 11 12 13 14 15 16 17 18
12Z AVG MX 2MIN
DY MAX MIN AVG DEP HDD CDD WTR SNW DPTH SPD SPD DIR MIN PSBL S-S WX SPD DR
================================================================================
1 89 73 81 5 0 16 0.00 0.0 0 7.1 17 80 M M 2 20 80
2 92 72 82 6 0 17 0.00 0.0 0 8.0 16 220 M M 1 21 190
3 94 73 84 8 0 19 0.88 0.0 0 7.6 22 270 M M 2 3 33 180
4 93 73 83 7 0 18 0.00 0.0 0 7.7 16 300 M M 2 3 20 300
5 94 76 85 9 0 20 0.08 0.0 0 7.5 16 230 M M 2 3 24 240
6 89 76 83 6 0 18 0.20 0.0 0 8.2 22 320 M M 3 3 30 310
7 84 68 76 -1 0 11 0.00 0.0 0 9.2 18 300 M M 0 25 280
8 85 65 75 -2 0 10 0.00 0.0 0 7.2 16 60 M M 0 19 70
9 90 65 78 1 0 13 0.00 0.0 0 9.6 18 110 M M 0 24 120
10 93 73 83 5 0 18 0.00 0.0 0 7.7 16 320 M M 3 8 22 230
11 92 74 83 5 0 18 0.12 0.0 0 4.2 23 280 M M 2 28 270
12 91 72 82 4 0 17 0.05 0.0 0 6.0 25 280 M M 2 3 31 280
13 78 69 74 -4 0 9 T 0.0 0 9.8 16 10 M M 7 21 10
14 85 65 75 -3 0 10 0.00 0.0 0 11.2 23 20 M M 2 29 10
15 84 67 76 -2 0 11 0.00 0.0 0 10.8 21 60 M M 2 28 60
16 82 67 75 -3 0 10 0.00 0.0 0 8.9 20 80 M M 2 28 60
17 84 65 75 -4 0 10 0.00 0.0 0 9.6 22 80 M M 5 26 70
18 86 68 77 -2 0 12 T 0.0 0 12.9 25 90 M M 4 31 60
19 86 67 77 -2 0 12 0.03 0.0 0 12.9 25 90 M M 4 8 31 120
20 84 69 77 -2 0 12 T 0.0 0 15.8 26 70 M M 4 32 80
21 86 68 77 -2 0 12 T 0.0 0 12.5 24 70 M M 3 29 80
22 87 68 78 -2 0 13 0.00 0.0 0 10.6 22 90 M M 1 28 80
23 88 65 77 -3 0 12 0.00 0.0 0 6.4 17 70 M M 1 22 110
24 91 65 78 -2 0 13 0.00 0.0 0 5.8 18 110 M M 0 26 130
25 93 68 81 1 0 16 0.00 0.0 0 7.9 17 140 M M 0 22 140
26 92 69 81 1 0 16 0.00 0.0 0 7.3 16 120 M M 0 21 140
27 94 72 83 3 0 18 0.00 0.0 0 6.9 18 120 M M 0 22 130
28 95 71 83 3 0 18 0.00 0.0 0 6.0 15 270 M M 2 20 280
29 95 75 85 5 0 20 0.00 0.0 0 8.1 25 300 M M 4 3 35 310
30 94 74 84 3 0 19 0.00 0.0 0 6.1 24 70 M M 3 3 30 60
31 90 73 82 1 0 17 0.00 0.0 0 11.4 22 70 M M 2 27 60
================================================================================
SM 2760 2165 0 455 1.36 0.0 270.9 M 65
================================================================================
AV 89.0 69.8 8.7 FASTST M M 2 MAX(MPH)
MISC ----> 26 70 35 310
================================================================================
NOTES:
# LAST OF SEVERAL OCCURRENCES
COLUMN 17 PEAK WIND IN M.P.H.
PRELIMINARY LOCAL CLIMATOLOGICAL DATA (WS FORM: F-6) , PAGE 2
STATION: ORLANDO EXEC
MONTH: MAY
YEAR: 2021
LATITUDE: 28 32 N
LONGITUDE: 81 20 W
[TEMPERATURE DATA] [PRECIPITATION DATA] SYMBOLS USED IN COLUMN 16
AVERAGE MONTHLY: 79.4 TOTAL FOR MONTH: 1.36 1 = FOG OR MIST
DPTR FM NORMAL: 1.0 DPTR FM NORMAL: -2.30 2 = FOG REDUCING VISIBILITY
HIGHEST: 95 ON 29,28 GRTST 24HR 0.88 ON 3- 3 TO 1/4 MILE OR LESS
LOWEST: 65 ON 24,23 3 = THUNDER
SNOW, ICE PELLETS, HAIL 4 = ICE PELLETS
TOTAL MONTH: 0.0 INCH 5 = HAIL
GRTST 24HR 0.0 6 = FREEZING RAIN OR DRIZZLE
GRTST DEPTH: 0 7 = DUSTSTORM OR SANDSTORM:
VSBY 1/2 MILE OR LESS
8 = SMOKE OR HAZE
[NO. OF DAYS WITH] [WEATHER - DAYS WITH] 9 = BLOWING SNOW
X = TORNADO
MAX 32 OR BELOW: 0 0.01 INCH OR MORE: 6
MAX 90 OR ABOVE: 16 0.10 INCH OR MORE: 3
MIN 32 OR BELOW: 0 0.50 INCH OR MORE: 1
MIN 0 OR BELOW: 0 1.00 INCH OR MORE: 0
[HDD (BASE 65) ]
TOTAL THIS MO. 0 CLEAR (SCALE 0-3) 24
DPTR FM NORMAL 0 PTCLDY (SCALE 4-7) 7
TOTAL FM JUL 1 369 CLOUDY (SCALE 8-10) 0
DPTR FM NORMAL -100
[CDD (BASE 65) ]
TOTAL THIS MO. 455
DPTR FM NORMAL 38 [PRESSURE DATA]
TOTAL FM JAN 1 1156 HIGHEST SLP M ON M
DPTR FM NORMAL 215 LOWEST SLP 29.85 ON 29
[REMARKS]
#FINAL-05-21#