000
CXUS53 KGRB 040229
CF6OSH
PRELIMINARY LOCAL CLIMATOLOGICAL DATA (WS FORM: F-6)
STATION: OSHKOSH WI
MONTH: AUGUST
YEAR: 2022
LATITUDE: 44 0 N
LONGITUDE: 88 34 W
TEMPERATURE IN F: :PCPN: SNOW: WIND :SUNSHINE: SKY :PK WND
================================================================================
1 2 3 4 5 6A 6B 7 8 9 10 11 12 13 14 15 16 17 18
12Z AVG MX 2MIN
DY MAX MIN AVG DEP HDD CDD WTR SNW DPTH SPD SPD DIR MIN PSBL S-S WX SPD DR
================================================================================
1 81 66 74 3 0 9 0.00 0.0 0 10.1 20 290 M M 3 29 290
2 86 60 73 2 0 8 0.00 0.0 0 10.5 20 200 M M 1 28 210
3 82 71 77 6 0 12 0.08 0.0 0 8.1 20 210 M M 3 13 31 200
4 81 62 72 1 0 7 0.00 0.0 0 6.3 14 80 M M 0 19 50
5 85 58 72 1 0 7 0.00 0.0 0 5.6 14 200 M M 1 19 130
6 90 69 80 9 0 15 0.13 0.0 0 8.0 20 250 M M 2 138 35 240
7 79 69 74 3 0 9 0.51 0.0 0 6.6 15 210 M M 9 13 22 200
8 76 59 68 -3 0 3 0.64 0.0 0 8.3 18 350 M M 8 13 24 350
9 78 56 67 -4 0 2 0.00 0.0 0 3.6 10 200 M M 1 12 14 190
10 85 59 72 2 0 7 0.00 0.0 0 7.4 20 20 M M 1 26 20
11 76 57 67 -3 0 2 0.00 0.0 0 6.1 14 70 M M 0 19 60
12 72 53 63 -7 2 0 0.00 0.0 0 2.5 10 180 M M 2 14 150
13 72 63 68 -2 0 3 0.03 0.0 0 8.9 22 60 M M 10 13 29 50
14 73 64 69 -1 0 4 0.02 0.0 0 8.0 14 20 M M 10 1 18 20
15 76 59 68 -2 0 3 0.00 0.0 0 5.1 14 60 M M 5 1 18 50
16 79 57 68 -2 0 3 0.00 0.0 0 4.8 10 100 M M 1 16 30
17 81 54 68 -2 0 3 0.00 0.0 0 3.0 9 30 M M 0 12 50
18 83 57 70 1 0 5 0.00 0.0 0 5.8 15 190 M M 2 21 190
19 81 62 72 3 0 7 0.07 0.0 0 7.3 16 180 M M 6 1 21 190
20 75 63 69 0 0 4 0.09 0.0 0 5.2 18 180 M M 8 24 190
21 75 61 68 -1 0 3 0.00 0.0 0 5.4 15 350 M M 7 1 19 10
22 82 57 70 1 0 5 0.00 0.0 0 5.2 15 330 M M 2 12 23 300
23 85 59 72 3 0 7 0.00 0.0 0 4.6 12 270 M M 1 17 290
24 85 63 74 6 0 9 0.06 0.0 0 5.4 16 180 M M 1 1 21 220
25 77 65 71 3 0 6 0.57 0.0 0 7.5 20 10 M M 9 1 28 40
26 76 57 67 -1 0 2 0.00 0.0 0 4.7 13 10 M M 1 16 60
27 75 56 66 -2 0 1 0.21 0.0 0 6.8 18 190 M M 2 1 24 180
28 81 62 72 4 0 7 0.30 0.0 0 8.1 21 190 M M 4 13 27 200
29 84 66 75 8 0 10 0.00 0.0 0 9.1 15 260 M M 2 27 220
30 77 63 70 3 0 5 0.00 0.0 0 9.9 22 290 M M 2 33 320
31 84 59 72 5 0 7 0.00 0.0 0 6.9 18 290 M M 0 31 280
================================================================================
SM 2472 1886 2 175 2.71 0.0 204.8 M 104
================================================================================
AV 79.7 60.8 6.6 FASTST M M 3 MAX(MPH)
MISC ----> # 22 290 35 240
================================================================================
NOTES:
# LAST OF SEVERAL OCCURRENCES
COLUMN 17 PEAK WIND IN M.P.H.
PRELIMINARY LOCAL CLIMATOLOGICAL DATA (WS FORM: F-6) , PAGE 2
STATION: OSHKOSH WI
MONTH: AUGUST
YEAR: 2022
LATITUDE: 44 0 N
LONGITUDE: 88 34 W
[TEMPERATURE DATA] [PRECIPITATION DATA] SYMBOLS USED IN COLUMN 16
AVERAGE MONTHLY: 70.3 TOTAL FOR MONTH: 2.71 1 = FOG OR MIST
DPTR FM NORMAL: 0.9 DPTR FM NORMAL: -0.49 2 = FOG REDUCING VISIBILITY
HIGHEST: 90 ON 6 GRTST 24HR 0.79 ON 7- 8 TO 1/4 MILE OR LESS
LOWEST: 53 ON 12 3 = THUNDER
SNOW, ICE PELLETS, HAIL 4 = ICE PELLETS
TOTAL MONTH: 0.0 INCH 5 = HAIL
GRTST 24HR 0.0 6 = FREEZING RAIN OR DRIZZLE
GRTST DEPTH: 0 7 = DUSTSTORM OR SANDSTORM:
VSBY 1/2 MILE OR LESS
8 = SMOKE OR HAZE
[NO. OF DAYS WITH] [WEATHER - DAYS WITH] 9 = BLOWING SNOW
X = TORNADO
MAX 32 OR BELOW: 0 0.01 INCH OR MORE: 12
MAX 90 OR ABOVE: 1 0.10 INCH OR MORE: 6
MIN 32 OR BELOW: 0 0.50 INCH OR MORE: 3
MIN 0 OR BELOW: 0 1.00 INCH OR MORE: 0
[HDD (BASE 65) ]
TOTAL THIS MO. 2 CLEAR (SCALE 0-3) 19
DPTR FM NORMAL -18 PTCLDY (SCALE 4-7) 7
TOTAL FM JUL 1 3 CLOUDY (SCALE 8-10) 5
DPTR FM NORMAL -25
[CDD (BASE 65) ]
TOTAL THIS MO. 175
DPTR FM NORMAL 17 [PRESSURE DATA]
TOTAL FM JAN 1 583 HIGHEST SLP 30.28 ON 12
DPTR FM NORMAL 72 LOWEST SLP 29.61 ON 3
[REMARKS]
#FINAL-08-22#