000
CXUS53 KGRB 301054
CF6OSH
PRELIMINARY LOCAL CLIMATOLOGICAL DATA (WS FORM: F-6)
STATION: OSHKOSH WI
MONTH: DECEMBER
YEAR: 2021
LATITUDE: 44 0 N
LONGITUDE: 88 34 W
TEMPERATURE IN F: :PCPN: SNOW: WIND :SUNSHINE: SKY :PK WND
================================================================================
1 2 3 4 5 6A 6B 7 8 9 10 11 12 13 14 15 16 17 18
12Z AVG MX 2MIN
DY MAX MIN AVG DEP HDD CDD WTR SNW DPTH SPD SPD DIR MIN PSBL S-S WX SPD DR
================================================================================
1 49 27 38 8 27 0 0.01 T 0 10.4 18 210 M M 5 30 210
2 49 34 42 12 23 0 0.00 0.0 0 10.8 25 310 M M 3 37 310
3 38 32 35 6 30 0 0.03 0.3 T 3.6 8 290 M M 9 1 14 240
4 36 27 32 3 33 0 0.00 0.0 0 7.9 20 290 M M 4 27 290
5 34 27 31 3 34 0 0.33 0.1 T 9.8 22 120 M M 10 18 32 130
6 34 4 19 -9 46 0 T T 0 17.7 32 290 M M 7 46 290
7 19 1 10 -18 55 0 T T 0 5.9 13 180 M M 7 8 16 150
8 21 10 16 -11 49 0 0.05 2.1 2 3.9 9 290 M M 5 1 13 280
9 37 20 29 2 36 0 0.04 T T 8.5 20 130 M M 8 18 26 120
10 35 29 32 6 33 0 0.36 M M 8.2 20 50 M M 9 18 28 70
11 34 25 30 4 35 0 0.13 2.8 3 14.0 26 320 M M 5 1368 39 300
12 42 26 34 8 31 0 0.00 0.0 2 11.2 18 220 M M 0 32 210
13 45 24 35 9 30 0 0.00 0.0 1 5.8 17 200 M M 0 26 200
14 46 25 36 11 29 0 0.00 0.0 T 8.7 15 140 M M 2 1 21 130
15 63 45 54 29 11 0 0.02 0.0 0 16.1 39 180 M M 9 12 57 180
16 64 23 44 19 21 0 0.00 0.0 0 16.3 39 200 M M 6 8 56 220
17 25 18 22 -2 43 0 0.00 0.0 0 8.3 14 10 M M 2 20 260
18 30 23 27 3 38 0 T T 0 9.9 16 360 M M 10 18 21 360
19 31 17 24 0 41 0 0.00 0.0 0 10.2 22 190 M M 5 31 190
20 38 19 29 6 36 0 0.00 0.0 0 9.3 17 200 M M 1 27 200
21 33 16 25 2 40 0 T T 0 11.0 23 300 M M 6 35 300
22 23 10 17 -6 48 0 0.00 0.0 0 7.2 22 290 M M 4 33 300
23 38 15 27 5 38 0 0.00 0.0 0 6.1 15 140 M M 5 1 19 140
24 46 20 33 11 32 0 T 0.0 0 4.9 14 150 M M 6 12 19 140
25 40 27 34 12 31 0 0.00 0.0 0 6.7 14 340 M M 4 1 20 320
26 34 21 28 6 37 0 0.02 T 0 10.2 21 100 M M 3 1 28 100
27 37 20 29 7 36 0 0.17 2.5 3 10.4 23 110 M M 7 16 33 100
28 33 18 26 5 39 0 0.18 2.3 3 8.0 15 40 M M 6 1 21 30
29 33 9 21 0 44 0 T T 3 7.0 17 290 M M 5 1 26 290
30 31 8 20 -1 45 0 0.00 0.0 2 3.3 9 210 M M 10 1 15 210
31 30 27 29 8 36 0 T T 2 7.3 16 20 M M 10 18 20 10
================================================================================
SM 1148 647 1107 0 1.34 10.1 278.6 M 173
================================================================================
AV 37.0 20.9 9.0 FASTST M M 6 MAX(MPH)
MISC ----> # 39 180 57 180
================================================================================
NOTES:
# LAST OF SEVERAL OCCURRENCES
COLUMN 17 PEAK WIND IN M.P.H.
PRELIMINARY LOCAL CLIMATOLOGICAL DATA (WS FORM: F-6) , PAGE 2
STATION: OSHKOSH WI
MONTH: DECEMBER
YEAR: 2021
LATITUDE: 44 0 N
LONGITUDE: 88 34 W
[TEMPERATURE DATA] [PRECIPITATION DATA] SYMBOLS USED IN COLUMN 16
AVERAGE MONTHLY: 29.0 TOTAL FOR MONTH: 1.34 1 = FOG OR MIST
DPTR FM NORMAL: 4.2 DPTR FM NORMAL: 0.07 2 = FOG REDUCING VISIBILITY
HIGHEST: 64 ON 16 GRTST 24HR 0.49 ON 10-11 TO 1/4 MILE OR LESS
LOWEST: 1 ON 7 3 = THUNDER
SNOW, ICE PELLETS, HAIL 4 = ICE PELLETS
TOTAL MONTH: 10.1 INCHES 5 = HAIL
GRTST 24HR 2.8 ON 11-11 6 = FREEZING RAIN OR DRIZZLE
GRTST DEPTH: 3 ON 29,28 7 = DUSTSTORM OR SANDSTORM:
VSBY 1/2 MILE OR LESS
8 = SMOKE OR HAZE
[NO. OF DAYS WITH] [WEATHER - DAYS WITH] 9 = BLOWING SNOW
X = TORNADO
MAX 32 OR BELOW: 8 0.01 INCH OR MORE: 11
MAX 90 OR ABOVE: 0 0.10 INCH OR MORE: 5
MIN 32 OR BELOW: 29 0.50 INCH OR MORE: 0
MIN 0 OR BELOW: 0 1.00 INCH OR MORE: 0
[HDD (BASE 65) ]
TOTAL THIS MO. 1107 CLEAR (SCALE 0-3) 7
DPTR FM NORMAL -139 PTCLDY (SCALE 4-7) 17
TOTAL FM JUL 1 2331 CLOUDY (SCALE 8-10) 7
DPTR FM NORMAL -449
[CDD (BASE 65) ]
TOTAL THIS MO. 0
DPTR FM NORMAL 0 [PRESSURE DATA]
TOTAL FM JAN 1 734 HIGHEST SLP 30.41 ON 14
DPTR FM NORMAL 167 LOWEST SLP 29.12 ON 11
[REMARKS]
#FINAL-12-21#