292
CXUS53 KDMX 020306
CF6OTM
PRELIMINARY LOCAL CLIMATOLOGICAL DATA (WS FORM: F-6)
STATION: OTTUMWA IA
MONTH: AUGUST
YEAR: 2020
LATITUDE: 41 6 N
LONGITUDE: 92 27 W
TEMPERATURE IN F: :PCPN: SNOW: WIND :SUNSHINE: SKY :PK WND
================================================================================
1 2 3 4 5 6A 6B 7 8 9 10 11 12 13 14 15 16 17 18
12Z AVG MX 2MIN
DY MAX MIN AVG DEP HDD CDD WTR SNW DPTH SPD SPD DIR MIN PSBL S-S WX SPD DR
================================================================================
1 83 58 71 -3 0 6 T 0.0 0 5.0 14 330 M M 2 18 350
2 81 60 71 -3 0 6 0.09 0.0 0 7.9 18 20 M M 3 13 24 320
3 75 53 64 -10 1 0 0.00 0.0 0 10.2 20 360 M M 5 29 340
4 75 49 62 -12 3 0 0.00 0.0 0 3.5 10 360 M M 3 8 14 10
5 76 49 63 -11 2 0 0.00 0.0 0 4.4 12 200 M M 3 128 16 210
6 76 61 69 -5 0 4 0.00 0.0 0 10.0 18 170 M M 5 25 150
7 84 64 74 0 0 9 T 0.0 0 12.1 21 150 M M 2 31 160
8 86 68 77 3 0 12 0.00 0.0 0 9.7 16 190 M M 1 23 200
9 88 71 80 6 0 15 T 0.0 0 9.7 18 180 M M 3 26 180
10 87 63 75 1 0 10 0.21 0.0 0 5.0 35 290 M M 2 3 25 290
11 81 58 70 -4 0 5 0.00 0.0 0 6.1 12 90 M M 0 16 110
12 87 62 75 1 0 10 0.00 0.0 0 8.5 15 120 M M 3 20 140
13 88 66 77 3 0 12 0.00 0.0 0 6.8 14 120 M M 1 18 150
14 87 66 77 3 0 12 0.00 0.0 0 6.2 13 140 M M 2 18 140
15 83 59 71 -2 0 6 T 0.0 0 10.9 23 350 M M 1 1 29 350
16 88 54 71 -2 0 6 0.00 0.0 0 5.6 15 320 M M 0 1 19 270
17 86 57 72 -1 0 7 0.00 0.0 0 10.5 23 350 M M M 30 340
18 81 55 68 -5 0 3 0.00 0.0 0 8.4 16 20 M M M 22 360
19 81 49 65 -8 0 0 0.00 0.0 0 4.8 12 130 M M 0 8 16 120
20 84 54 69 -4 0 4 0.00 0.0 0 6.4 14 180 M M 0 8 18 180
21 86 57 72 -1 0 7 0.00 0.0 0 6.8 13 140 M M 0 18 150
22 87 61 74 2 0 9 T 0.0 0 6.8 15 200 M M 1 21 190
23 94 69 82 10 0 17 0.00 0.0 0 6.1 14 340 M M 1 19 340
24 94 70 82 10 0 17 0.00 0.0 0 6.9 12 240 M M 0 19 220
25 94 68 81 9 0 16 0.00 0.0 0 6.5 14 220 M M 0 8 18 240
26 95 69 82 10 0 17 0.00 0.0 0 8.0 16 230 M M 1 22 240
27 92 72 82 11 0 17 0.00 0.0 0 8.0 15 180 M M 0 21 180
28 94 65 80 9 0 15 T 0.0 0 7.2 28 340 M M 1 1 37 330
29 80 53 67 -4 0 2 0.00 0.0 0 8.8 16 360 M M 0 23 360
30 80 50 65 -6 0 0 0.00 0.0 0 7.1 16 120 M M 0 22 130
31 79 58 69 -1 0 4 T 0.0 0 7.4 16 320 M M 3 1 21 330
================================================================================
SM 2632 1868 6 248 0.30 0.0 231.3 M 43
================================================================================
AV 84.9 60.3 7.5 FASTST M M 1 MAX(MPH)
MISC ----> # 35 290 # 37 330
================================================================================
NOTES:
# LAST OF SEVERAL OCCURRENCES
COLUMN 17 PEAK WIND IN M.P.H.
PRELIMINARY LOCAL CLIMATOLOGICAL DATA (WS FORM: F-6) , PAGE 2
STATION: OTTUMWA IA
MONTH: AUGUST
YEAR: 2020
LATITUDE: 41 6 N
LONGITUDE: 92 27 W
[TEMPERATURE DATA] [PRECIPITATION DATA] SYMBOLS USED IN COLUMN 16
AVERAGE MONTHLY: 72.6 TOTAL FOR MONTH: 0.30 1 = FOG OR MIST
DPTR FM NORMAL: -0.4 DPTR FM NORMAL: -4.31 2 = FOG REDUCING VISIBILITY
HIGHEST: 95 ON 26 GRTST 24HR 0.21 ON 10-10 TO 1/4 MILE OR LESS
LOWEST: 49 ON 19, 5 3 = THUNDER
SNOW, ICE PELLETS, HAIL 4 = ICE PELLETS
TOTAL MONTH: 0.0 INCH 5 = HAIL
GRTST 24HR 0.0 6 = FREEZING RAIN OR DRIZZLE
GRTST DEPTH: 0 7 = DUSTSTORM OR SANDSTORM:
VSBY 1/2 MILE OR LESS
8 = SMOKE OR HAZE
[NO. OF DAYS WITH] [WEATHER - DAYS WITH] 9 = BLOWING SNOW
X = TORNADO
MAX 32 OR BELOW: 0 0.01 INCH OR MORE: 2
MAX 90 OR ABOVE: 6 0.10 INCH OR MORE: 1
MIN 32 OR BELOW: 0 0.50 INCH OR MORE: 0
MIN 0 OR BELOW: 0 1.00 INCH OR MORE: 0
[HDD (BASE 65) ]
TOTAL THIS MO. 6 CLEAR (SCALE 0-3) 24
DPTR FM NORMAL -3 PTCLDY (SCALE 4-7) 5
TOTAL FM JUL 1 6 CLOUDY (SCALE 8-10) 0
DPTR FM NORMAL -5
[CDD (BASE 65) ]
TOTAL THIS MO. 248
DPTR FM NORMAL -7 [PRESSURE DATA]
TOTAL FM JAN 1 886 HIGHEST SLP 30.19 ON 4
DPTR FM NORMAL 52 LOWEST SLP 29.61 ON 31
[REMARKS]
#FINAL-08-20#