000
CXUS53 KARX 010930
CF6OVS
PRELIMINARY LOCAL CLIMATOLOGICAL DATA (WS FORM: F-6)
STATION: BOSCOBEL_(ASOS) WI
MONTH: JUNE
YEAR: 2020
LATITUDE: 43 9 N
LONGITUDE: 90 41 W
TEMPERATURE IN F: :PCPN: SNOW: WIND :SUNSHINE: SKY :PK WND
================================================================================
1 2 3 4 5 6A 6B 7 8 9 10 11 12 13 14 15 16 17 18
12Z AVG MX 2MIN
DY MAX MIN AVG DEP HDD CDD WTR SNW DPTH SPD SPD DIR MIN PSBL S-S WX SPD DR
================================================================================
1 85 59 72 9 0 7 0.15 0.0 0 6.3 23 200 M M 5 1 38 210
2 94 66 80 16 0 15 M 0.0 0 7.1 25 10 M M 2 13 46 20
3 87 63 75 11 0 10 0.10 0.0 0 2.5 9 240 M M 3 13 15 240
4 90 60 75 11 0 10 0.21 0.0 0 1.8 24 290 M M 3 123 36 290
5 87 61 74 9 0 9 0.01 0.0 0 3.5 14 330 M M 1 13 22 330
6 83 57 70 5 0 5 0.00 0.0 0 2.9 10 110 M M 2 1 19 110
7 86 58 72 7 0 7 0.06 0.0 0 5.0 14 110 M M 1 3 24 110
8 92 61 77 11 0 12 0.00 0.0 0 3.5 12 190 M M 0 21 120
9 81 63 72 6 0 7 0.79 0.0 0 5.8 16 280 M M 2 1 30 90
10 75 58 67 1 0 2 1.10 0.0 0 5.7 18 310 M M 5 13 27 310
11 82 52 67 1 0 2 0.00 0.0 0 7.0 20 290 M M 0 31 290
12 87 48 68 1 0 3 0.00 0.0 0 5.5 16 320 M M 1 1 22 320
13 73 53 63 -4 2 0 0.00 0.0 0 6.0 12 100 M M 4 19 90
14 77 43 60 -7 5 0 0.00 0.0 0 5.4 15 100 M M 0 24 100
15 81 51 66 -2 0 1 0.00 0.0 0 2.8 12 120 M M 2 20 130
16 86 54 70 2 0 5 0.00 0.0 0 2.1 14 200 M M 0 23 180
17 87 52 70 2 0 5 0.00 0.0 0 3.0 14 220 M M 1 12 26 220
18 89 53 71 3 0 6 0.00 0.0 0 2.8 12 170 M M 0 12 19 180
19 82 65 74 5 0 9 T 0.0 0 2.1 9 210 M M 3 16 230
20 80 61 71 2 0 6 0.10 0.0 0 2.5 17 280 M M 6 138 27 280
21 88 59 74 5 0 9 0.47 0.0 0 1.8 18 300 M M 5 1238 29 310
22 72 58 65 -5 0 0 0.59 0.0 0 1.6 5 350 M M 8 1 18 350
23 M M M M M M M 0.0 0 M M M M M M M M
24 80 56 68 -2 0 3 T 0.0 0 5.1 15 300 M M 3 123 25 290
25 85 57 71 1 0 6 0.00 0.0 0 2.0 12 300 M M 4 12 17 290
26 80 61 71 1 0 6 0.65 0.0 0 3.1 15 290 M M 3 13 23 300
27 89 65 77 6 0 12 0.00 0.0 0 1.2 8 320 M M 3 12 12 340
28 88 63 76 5 0 11 0.00 0.0 0 3.0 12 110 M M 4 12 20 90
29 86 70 78 7 0 13 0.93 0.0 0 2.3 14 350 M M 4 13 22 120
30 89 67 78 7 0 13 0.00 0.0 0 3.5 16 120 M M 1 1 24 120
================================================================================
SM 2441 1694 7 194 5.16 0.0 106.9 M 76
================================================================================
AV 84.2 58.4 3.7 FASTST M M 3 MAX(MPH)
MISC ----> # 25 10 # 46 20
================================================================================
NOTES:
# LAST OF SEVERAL OCCURRENCES
COLUMN 17 PEAK WIND IN M.P.H.
PRELIMINARY LOCAL CLIMATOLOGICAL DATA (WS FORM: F-6) , PAGE 2
STATION: BOSCOBEL_(ASOS) WI
MONTH: JUNE
YEAR: 2020
LATITUDE: 43 9 N
LONGITUDE: 90 41 W
[TEMPERATURE DATA] [PRECIPITATION DATA] SYMBOLS USED IN COLUMN 16
AVERAGE MONTHLY: 71.3 TOTAL FOR MONTH: 5.16 1 = FOG OR MIST
DPTR FM NORMAL: 3.8 DPTR FM NORMAL: 0.52 2 = FOG REDUCING VISIBILITY
HIGHEST: 94 ON 2 GRTST 24HR 1.10 ON 10-10 TO 1/4 MILE OR LESS
LOWEST: 43 ON 14 3 = THUNDER
SNOW, ICE PELLETS, HAIL 4 = ICE PELLETS
TOTAL MONTH: 0.0 INCH 5 = HAIL
GRTST 24HR 0.0 6 = FREEZING RAIN OR DRIZZLE
GRTST DEPTH: 0 7 = DUSTSTORM OR SANDSTORM:
VSBY 1/2 MILE OR LESS
8 = SMOKE OR HAZE
[NO. OF DAYS WITH] [WEATHER - DAYS WITH] 9 = BLOWING SNOW
X = TORNADO
MAX 32 OR BELOW: 0 0.01 INCH OR MORE: 12
MAX 90 OR ABOVE: 3 0.10 INCH OR MORE: 10
MIN 32 OR BELOW: 0 0.50 INCH OR MORE: 5
MIN 0 OR BELOW: 0 1.00 INCH OR MORE: 1
[HDD (BASE 65) ]
TOTAL THIS MO. 7 CLEAR (SCALE 0-3) 15
DPTR FM NORMAL -41 PTCLDY (SCALE 4-7) 13
TOTAL FM JUL 1 6635 CLOUDY (SCALE 8-10) 1
DPTR FM NORMAL -440
[CDD (BASE 65) ]
TOTAL THIS MO. 194
DPTR FM NORMAL 69 [PRESSURE DATA]
TOTAL FM JAN 1 242 HIGHEST SLP 30.37 ON 14
DPTR FM NORMAL 82 LOWEST SLP 29.20 ON 9
[REMARKS]
#FINAL-06-20#