000
CXUS56 KLOX 011255
CF6OXR
PRELIMINARY LOCAL CLIMATOLOGICAL DATA (WS FORM: F-6)
STATION: OXNARD AIRPORT CA
MONTH: FEBRUARY
YEAR: 2022
LATITUDE: 34 12 N
LONGITUDE: 119 12 W
TEMPERATURE IN F: :PCPN: SNOW: WIND :SUNSHINE: SKY :PK WND
================================================================================
1 2 3 4 5 6A 6B 7 8 9 10 11 12 13 14 15 16 17 18
12Z AVG MX 2MIN
DY MAX MIN AVG DEP HDD CDD WTR SNW DPTH SPD SPD DIR MIN PSBL S-S WX SPD DR
================================================================================
1 61 45 53 -3 12 0 0.00 M M M M M M M 0 18 M M
2 64 41 53 -3 12 0 0.00 M M M M M M M 0 M M
3 68 43 56 0 9 0 0.00 M M 6.1 13 290 M M 0 17 320
4 70 45 58 2 7 0 0.00 M M 12.3 31 80 M M 0 8 43 60
5 73 38 56 0 9 0 0.00 M M 6.8 23 80 M M 0 31 100
6 74 43 59 3 6 0 0.00 M M 6.4 15 80 M M 0 21 90
7 77 47 62 6 3 0 0.00 M M 5.2 15 80 M M 0 24 90
8 82 45 64 8 1 0 0.00 M M 5.7 21 280 M M 0 27 70
9 86 45 66 10 0 1 0.00 M M 7.8 24 90 M M 0 35 90
10 86 49 68 12 0 3 0.00 M M 7.8 22 80 M M 0 33 70
11 76 49 63 7 2 0 0.00 M M 6.3 13 290 M M 0 18 20
12 87 52 70 14 0 5 0.00 M M 6.9 21 70 M M 0 27 70
13 82 53 68 12 0 3 0.00 M M 8.0 15 20 M M 0 21 20
14 63 48 56 0 9 0 0.00 M M 7.6 18 270 M M 2 23 260
15 62 48 55 -1 10 0 0.00 M M 12.3 36 280 M M 5 49 290
16 62 40 51 -6 14 0 0.00 M M 5.8 14 260 M M 0 20 270
17 72 42 57 0 8 0 0.00 M M 13.5 36 70 M M 0 52 70
18 65 47 56 -1 9 0 0.00 M M 9.3 20 270 M M 0 8 26 230
19 61 41 51 -6 14 0 0.00 M M 6.8 20 270 M M 0 1 24 270
20 59 44 52 -5 13 0 0.00 M M 4.0 12 230 M M 7 12 18 260
21 60 48 54 -3 11 0 0.00 M M 9.0 21 270 M M 5 26 290
22 58 42 50 -7 15 0 T M M 13.2 30 270 M M 3 44 250
23 59 38 49 -8 16 0 0.00 M M 11.8 25 320 M M 2 33 330
24 60 38 49 -8 16 0 0.00 M M 9.1 17 280 M M 0 24 270
25 60 41 51 -6 14 0 0.00 M M 8.4 15 280 M M 0 20 260
26 71 36 54 -3 11 0 0.00 M M 10.0 26 70 M M 0 8 38 70
27 73 48 61 4 4 0 0.00 M M 7.8 18 290 M M 0 23 300
28 78 45 62 5 3 0 0.00 M M 7.1 18 280 M M 0 24 290
================================================================================
SM 1949 1241 228 12 T M 215.0 M 24
================================================================================
AV 69.6 44.3 8.3 FASTST M M 1 MAX(MPH)
MISC ----> # 36 280 52 70
================================================================================
NOTES:
# LAST OF SEVERAL OCCURRENCES
COLUMN 17 PEAK WIND IN M.P.H.
PRELIMINARY LOCAL CLIMATOLOGICAL DATA (WS FORM: F-6) , PAGE 2
STATION: OXNARD AIRPORT CA
MONTH: FEBRUARY
YEAR: 2022
LATITUDE: 34 12 N
LONGITUDE: 119 12 W
[TEMPERATURE DATA] [PRECIPITATION DATA] SYMBOLS USED IN COLUMN 16
AVERAGE MONTHLY: 57.0 TOTAL FOR MONTH: T 1 = FOG OR MIST
DPTR FM NORMAL: 0.4 DPTR FM NORMAL: -3.26 2 = FOG REDUCING VISIBILITY
HIGHEST: 87 ON 12 GRTST 24HR T ON 22-22 TO 1/4 MILE OR LESS
LOWEST: 36 ON 26 3 = THUNDER
SNOW, ICE PELLETS, HAIL 4 = ICE PELLETS
TOTAL MONTH: M 5 = HAIL
GRTST 24HR M ON M 6 = FREEZING RAIN OR DRIZZLE
GRTST DEPTH: M ON M 7 = DUSTSTORM OR SANDSTORM:
VSBY 1/2 MILE OR LESS
8 = SMOKE OR HAZE
[NO. OF DAYS WITH] [WEATHER - DAYS WITH] 9 = BLOWING SNOW
X = TORNADO
MAX 32 OR BELOW: 0 0.01 INCH OR MORE: 0
MAX 90 OR ABOVE: 0 0.10 INCH OR MORE: 0
MIN 32 OR BELOW: 0 0.50 INCH OR MORE: 0
MIN 0 OR BELOW: 0 1.00 INCH OR MORE: 0
[HDD (BASE 65) ]
TOTAL THIS MO. 228 CLEAR (SCALE 0-3) 25
DPTR FM NORMAL -15 PTCLDY (SCALE 4-7) 3
TOTAL FM JUL 1 1160 CLOUDY (SCALE 8-10) 0
DPTR FM NORMAL 81
[CDD (BASE 65) ]
TOTAL THIS MO. 12
DPTR FM NORMAL 6 [PRESSURE DATA]
TOTAL FM JAN 1 12 HIGHEST SLP 30.38 ON 4
DPTR FM NORMAL 6 LOWEST SLP 29.70 ON 15
[REMARKS]
#FINAL-02-22#