000
CXUS56 KLKN 161902
CF6P68
PRELIMINARY LOCAL CLIMATOLOGICAL DATA (WS FORM: F-6)
STATION: EUREKA AIRPORT NV
MONTH: JULY
YEAR: 2022
LATITUDE: 39 30 N
LONGITUDE: 115 58 W
TEMPERATURE IN F: :PCPN: SNOW: WIND :SUNSHINE: SKY :PK WND
================================================================================
1 2 3 4 5 6A 6B 7 8 9 10 11 12 13 14 15 16 17 18
12Z AVG MX 2MIN
DY MAX MIN AVG DEP HDD CDD WTR SNW DPTH SPD SPD DIR MIN PSBL S-S WX SPD DR
================================================================================
1 93 50 72 5 0 7 0.00 M M 7.7 21 170 M M M 35 160
2 91 46 69 2 0 4 0.00 M M 12.2 31 190 M M M 48 180
3 85 45 65 -3 0 0 0.00 M M 5.3 23 320 M M M 36 340
4 88 42 65 -3 0 0 0.00 M M 7.4 22 160 M M M 33 240
5 88 45 67 -1 0 2 0.00 M M 10.8 24 180 M M M 33 190
6 88 51 70 1 0 5 0.00 M M 10.7 24 180 M M M 36 170
7 90 51 71 2 0 6 0.00 M M 9.5 23 170 M M M 37 130
8 93 50 72 3 0 7 0.00 M M 11.7 25 150 M M M 42 150
9 94 52 73 4 0 8 0.00 M M 10.3 29 190 M M M 44 210
10 95 46 71 1 0 6 0.00 M M 7.0 20 20 M M M 25 20
11 96 52 74 4 0 9 0.00 M M 5.5 25 300 M M M 42 320
12 96 53 75 5 0 10 0.00 M M 5.9 30 140 M M M 58 180
13 98 57 78 8 0 13 0.00 M M 12.7 29 190 M M M 38 200
14 94 55 75 5 0 10 0.00 M M 11.5 35 130 M M M 47 200
15 89 59 74 4 0 9 0.25 M M 9.3 31 290 M M M 51 130
16 94 51 73 2 0 8 0.00 M M 5.5 28 200 M M M 37 200
17 90 57 74 3 0 9 0.18 M M 8.2 26 220 M M M 40 200
18 90 60 75 4 0 10 0.03 M M 7.1 26 20 M M M 34 20
19 87 60 74 3 0 9 0.02 M M 7.9 29 170 M M M 38 300
20 92 55 74 3 0 9 0.03 M M 6.4 26 260 M M M 39 260
21 95 55 75 4 0 10 0.00 M M 5.8 26 310 M M M 36 330
22 98 54 76 5 0 11 0.00 M M 7.5 23 310 M M M 33 310
23 95 52 74 3 0 9 0.00 M M 6.3 17 20 M M M 21 360
24 94 49 72 1 0 7 0.00 M M 6.4 22 130 M M M 29 130
25 91 57 74 3 0 9 0.00 M M 7.6 25 170 M M M 34 150
26 94 53 74 3 0 9 0.00 M M 6.4 18 330 M M M 28 330
27 96 53 75 4 0 10 0.00 M M 6.7 15 340 M M M 22 340
28 95 54 75 4 0 10 0.00 M M 7.9 22 360 M M M 32 10
29 95 53 74 3 0 9 0.00 M M 7.2 25 10 M M M 39 360
30 95 53 74 3 0 9 0.00 M M 5.3 17 350 M M M 23 360
31 92 59 76 5 0 11 0.00 M M 9.3 26 240 M M M 38 220
================================================================================
SM 2871 1629 0 245 0.51 M 249.0 M M
================================================================================
AV 92.6 52.5 8.0 FASTST M M M MAX(MPH)
MISC ----> 35 130 58 180
================================================================================
NOTES:
# LAST OF SEVERAL OCCURRENCES
COLUMN 17 PEAK WIND IN M.P.H.
PRELIMINARY LOCAL CLIMATOLOGICAL DATA (WS FORM: F-6) , PAGE 2
STATION: EUREKA AIRPORT NV
MONTH: JULY
YEAR: 2022
LATITUDE: 39 30 N
LONGITUDE: 115 58 W
[TEMPERATURE DATA] [PRECIPITATION DATA] SYMBOLS USED IN COLUMN 16
AVERAGE MONTHLY: 72.6 TOTAL FOR MONTH: 0.51 1 = FOG OR MIST
DPTR FM NORMAL: 2.6 DPTR FM NORMAL: -0.07 2 = FOG REDUCING VISIBILITY
HIGHEST: 98 ON 13,22 GRTST 24HR 0.25 ON 15-15 TO 1/4 MILE OR LESS
LOWEST: 42 ON 4 3 = THUNDER
SNOW, ICE PELLETS, HAIL 4 = ICE PELLETS
TOTAL MONTH: M 5 = HAIL
GRTST 24HR M ON M 6 = FREEZING RAIN OR DRIZZLE
GRTST DEPTH: M ON M 7 = DUSTSTORM OR SANDSTORM:
VSBY 1/2 MILE OR LESS
8 = SMOKE OR HAZE
[NO. OF DAYS WITH] [WEATHER - DAYS WITH] 9 = BLOWING SNOW
X = TORNADO
MAX 32 OR BELOW: 0 0.01 INCH OR MORE: 5
MAX 90 OR ABOVE: 25 0.10 INCH OR MORE: 2
MIN 32 OR BELOW: 0 0.50 INCH OR MORE: 0
MIN 0 OR BELOW: 0 1.00 INCH OR MORE: 0
[HDD (BASE 65) ]
TOTAL THIS MO. 0 CLEAR (SCALE 0-3) 0
DPTR FM NORMAL -11 PTCLDY (SCALE 4-7) 0
TOTAL FM JUL 1 0 CLOUDY (SCALE 8-10) 31
DPTR FM NORMAL -7
[CDD (BASE 65) ]
TOTAL THIS MO. 245
DPTR FM NORMAL 79 [PRESSURE DATA]
TOTAL FM JAN 1 322 HIGHEST SLP 30.12 ON 15
DPTR FM NORMAL 108 LOWEST SLP 29.58 ON 2
[REMARKS]
#FINAL-07-22#