000
CXUS56 KLKN 161843
CF6P68
PRELIMINARY LOCAL CLIMATOLOGICAL DATA (WS FORM: F-6)
STATION: EUREKA AIRPORT NV
MONTH: MARCH
YEAR: 2021
LATITUDE: 39 30 N
LONGITUDE: 115 58 W
TEMPERATURE IN F: :PCPN: SNOW: WIND :SUNSHINE: SKY :PK WND
================================================================================
1 2 3 4 5 6A 6B 7 8 9 10 11 12 13 14 15 16 17 18
12Z AVG MX 2MIN
DY MAX MIN AVG DEP HDD CDD WTR SNW DPTH SPD SPD DIR MIN PSBL S-S WX SPD DR
================================================================================
1 52 11 32 -2 33 0 0.00 M M 7.1 22 150 M M M 26 150
2 57 19 38 4 27 0 0.00 M M 4.5 15 140 M M M 18 150
3 56 17 37 3 28 0 0.00 M M 9.2 26 170 M M M 33 180
4 55 24 40 5 25 0 0.00 M M 6.0 12 10 M M M 16 20
5 62 22 42 7 23 0 0.00 M M 10.7 24 160 M M M 29 150
6 56 22 39 4 26 0 0.00 M M 8.5 24 170 M M M 31 170
7 61 19 40 4 25 0 0.00 M M 7.2 21 160 M M M 25 160
8 59 28 44 8 21 0 0.00 M M 9.7 24 270 M M M 31 270
9 39 14 27 -9 38 0 0.00 M M 4.0 14 330 M M M 17 330
10 40 13 27 -10 38 0 0.13 M M 8.0 25 170 M M M 32 170
11 36 14 25 -12 40 0 0.02 M M 5.3 16 60 M M M 18 60
12 44 21 33 -4 32 0 0.01 M M 7.4 20 340 M M M 34 310
13 48 13 31 -7 34 0 0.00 M M 7.2 20 340 M M M 27 330
14 58 17 38 0 27 0 0.00 M M 5.2 13 30 M M M 15 30
15 54 26 40 2 25 0 0.05 M M 12.6 30 160 M M M 38 160
16 42 25 34 -4 31 0 0.13 M M 3.1 10 20 M M M 12 30
17 56 21 39 0 26 0 0.00 M M 7.5 22 150 M M M 27 150
18 61 31 46 7 19 0 0.00 M M 7.2 21 150 M M M 26 190
19 62 28 45 6 20 0 0.12 M M 8.4 30 210 M M M 45 200
20 36 24 30 -9 35 0 0.58 M M 4.9 18 330 M M M 23 340
21 39 19 29 -10 36 0 0.00 M M 5.7 17 350 M M M 22 330
22 40 22 31 -9 34 0 0.03 M M 6.6 16 320 M M M 20 320
23 35 24 30 -10 35 0 0.10 M M 11.6 25 360 M M M 31 360
24 42 16 29 -11 36 0 0.00 M M 4.5 10 240 M M M 16 280
25 36 24 30 -10 35 0 0.35 M M 6.5 18 20 M M M 21 20
26 42 23 33 -7 32 0 0.01 M M 7.5 17 340 M M M 23 330
27 53 22 38 -2 27 0 0.00 M M 4.9 10 180 M M M 12 60
28 64 28 46 5 19 0 0.00 M M 7.5 18 270 M M M 24 260
29 53 24 39 -2 26 0 0.00 M M 11.7 30 20 M M M 38 10
30 47 13 30 -11 35 0 0.00 M M 5.9 15 360 M M M 19 360
31 61 17 39 -2 26 0 0.00 M M 4.6 9 60 M M M 13 10
================================================================================
SM 1546 641 914 0 1.53 M 220.7 M M
================================================================================
AV 49.9 20.7 7.1 FASTST M M M MAX(MPH)
MISC ----> # 30 160 45 200
================================================================================
NOTES:
# LAST OF SEVERAL OCCURRENCES
COLUMN 17 PEAK WIND IN M.P.H.
PRELIMINARY LOCAL CLIMATOLOGICAL DATA (WS FORM: F-6) , PAGE 2
STATION: EUREKA AIRPORT NV
MONTH: MARCH
YEAR: 2021
LATITUDE: 39 30 N
LONGITUDE: 115 58 W
[TEMPERATURE DATA] [PRECIPITATION DATA] SYMBOLS USED IN COLUMN 16
AVERAGE MONTHLY: 35.3 TOTAL FOR MONTH: 1.53 1 = FOG OR MIST
DPTR FM NORMAL: -2.7 DPTR FM NORMAL: 0.56 2 = FOG REDUCING VISIBILITY
HIGHEST: 64 ON 28 GRTST 24HR 0.58 ON 20-20 TO 1/4 MILE OR LESS
LOWEST: 11 ON 1 3 = THUNDER
SNOW, ICE PELLETS, HAIL 4 = ICE PELLETS
TOTAL MONTH: M 5 = HAIL
GRTST 24HR M ON M 6 = FREEZING RAIN OR DRIZZLE
GRTST DEPTH: M ON M 7 = DUSTSTORM OR SANDSTORM:
VSBY 1/2 MILE OR LESS
8 = SMOKE OR HAZE
[NO. OF DAYS WITH] [WEATHER - DAYS WITH] 9 = BLOWING SNOW
X = TORNADO
MAX 32 OR BELOW: 0 0.01 INCH OR MORE: 11
MAX 90 OR ABOVE: 0 0.10 INCH OR MORE: 6
MIN 32 OR BELOW: 31 0.50 INCH OR MORE: 1
MIN 0 OR BELOW: 0 1.00 INCH OR MORE: 0
[HDD (BASE 65) ]
TOTAL THIS MO. 914 CLEAR (SCALE 0-3) 0
DPTR FM NORMAL 75 PTCLDY (SCALE 4-7) 0
TOTAL FM JUL 1 5776 CLOUDY (SCALE 8-10) 31
DPTR FM NORMAL -184
[CDD (BASE 65) ]
TOTAL THIS MO. 0
DPTR FM NORMAL 0 [PRESSURE DATA]
TOTAL FM JAN 1 0 HIGHEST SLP M ON M
DPTR FM NORMAL 0 LOWEST SLP 29.48 ON 15
[REMARKS]
#FINAL-03-21#