000
CXUS53 KPAH 011550
CLSPAH
CLIMATE REPORT
NATIONAL WEATHER SERVICE PADUCAH KY
950 AM CST WED MAR 01 2023
...................................
...THE PADUCAH KY CLIMATE SUMMARY FOR THE SEASON, FROM
12/1/2022 TO 2/28/2023...
CLIMATE NORMAL PERIOD 1991 TO 2020
CLIMATE RECORD PERIOD 1937 TO 2023
WEATHER OBSERVED NORMAL DEPART LAST YEAR`S
VALUE DATE(S) VALUE FROM VALUE
NORMAL
..............................................................
TEMPERATURE (F)
RECORD
HIGH 78 02/13/1962
LOW -15 01/20/1985
HIGHEST 77 02/22 45 32
LOWEST -4 12/23 27 -31
AVG. MAXIMUM 52.4 47.6 4.8
AVG. MINIMUM 33.9 29.5 4.4
MEAN 43.2 38.5 4.7
DAYS MAX >= 90 0 0.0 0.0
DAYS MAX <= 32 5 10.7 -5.7
DAYS MIN <= 32 44 58.0 -14.0
DAYS MIN <= 0 2 0.5 1.5
PRECIPITATION (INCHES)
RECORD
MAXIMUM 27.23 1949
MINIMUM 3.98 1962
TOTALS 15.54 12.09 3.45
DAILY AVG. 0.17 0.13 0.04
DAYS >= .01 31 29.9 1.1
DAYS >= .10 22 18.6 3.4
DAYS >= .50 9 8.6 0.4
DAYS >= 1.00 6 3.2 2.8
GREATEST
24 HR. TOTAL 3.49 01/02 TO 01/03
STORM TOTAL 2.65
(MM/DD(HH))
SNOWFALL (INCHES)
RECORDS
TOTAL 24.7 1978
24 HR TOTAL 14.0 12/22/2004 TO 12/22/2004
TOTALS 5.6 7.5 -1.9
LIQUID EQUIV 0.60
SINCE 7/1 7.9 7.8 0.1
LIQUID 7/1 0.79
SNOWDEPTH AVG. 0
DAYS >= TRACE 9
DAYS >= 1.0 2
GREATEST
SNOW DEPTH 3 12/23
12/24
12/26
24 HR TOTAL MM
STORM TOTAL 3.0
(MM/DD(HH))
DEGREE DAYS
HEATING TOTAL 1955 2387 -432
SINCE 7/1 2733 3144 -411
COOLING TOTAL 4 1 3
SINCE 1/1 4 0 4
FREEZE DATES
RECORD
EARLIEST 10/01/1984
LATEST 04/28/1992
EARLIEST 10/18
LATEST 03/20
..............................................................
WIND (MPH)
AVERAGE WIND SPEED 5.9
HIGHEST WIND SPEED/DIRECTION 28/240 DATE 02/27
HIGHEST GUST SPEED/DIRECTION 50/250 DATE 02/27
SKY COVER
POSSIBLE SUNSHINE (PERCENT) MM
AVERAGE SKY COVER 0.50
NUMBER OF DAYS FAIR 35
NUMBER OF DAYS PC 28
NUMBER OF DAYS CLOUDY 27
AVERAGE RH (PERCENT) 70
WEATHER CONDITIONS. NUMBER OF DAYS WITH
THUNDERSTORM 8 MIXED PRECIP 0
HEAVY RAIN 14 RAIN 21
LIGHT RAIN 33 FREEZING RAIN 0
LT FREEZING RAIN 1 HAIL 0
HEAVY SNOW 0 SNOW 1
LIGHT SNOW 7 SLEET 1
FOG 42 FOG W/VIS <= 1/4 MILE 7
HAZE 13
- INDICATES NEGATIVE NUMBERS.
R INDICATES RECORD WAS SET OR TIED.
MM INDICATES DATA IS MISSING.
T INDICATES TRACE AMOUNT.
[REMARKS:] WARMEST WINTER AT PADUCAH.
$$