000
CXUS54 KLZK 011410
CF6PBF
PRELIMINARY LOCAL CLIMATOLOGICAL DATA (WS FORM: F-6)
STATION: PINE BLUFF
MONTH: JULY
YEAR: 2022
LATITUDE: 34 10 N
LONGITUDE: 91 56 W
TEMPERATURE IN F: :PCPN: SNOW: WIND :SUNSHINE: SKY :PK WND
================================================================================
1 2 3 4 5 6A 6B 7 8 9 10 11 12 13 14 15 16 17 18
12Z AVG MX 2MIN
DY MAX MIN AVG DEP HDD CDD WTR SNW DPTH SPD SPD DIR MIN PSBL S-S WX SPD DR
================================================================================
1 93 72 83 2 0 18 0.00 0.0 0 5.0 13 150 M M 2 22 140
2 87 74 81 0 0 16 0.02 0.0 0 6.7 14 140 M M 5 17 120
3 87 76 82 1 0 17 0.00 0.0 0 4.1 10 150 M M 6 1 14 140
4 96 74 85 3 0 20 0.00 0.0 M 4.3 12 220 M M 3 1 16 210
5 97 77 87 5 0 22 0.00 0.0 0 5.8 12 180 M M 0 14 260
6 98 76 87 5 0 22 0.00 0.0 0 6.2 13 200 M M 1 1 16 190
7 97 76 87 5 0 22 0.00 0.0 0 5.8 13 190 M M 1 17 180
8 99 80 90 8 0 25 0.00 0.0 0 6.5 13 210 M M 0 15 200
9 100 80 90 8 0 25 0.00 0.0 0 7.0 23 280 M M 2 3 34 290
10 89 74 82 0 0 17 0.00 0.0 0 6.9 15 10 M M 5 20 10
11 96 69 83 1 0 18 0.00 0.0 0 2.7 9 130 M M 0 1 M M
12 97 70 84 2 0 19 T 0.0 0 4.4 15 360 M M 0 3 22 360
13 98 74 86 4 0 21 0.00 0.0 0 4.3 18 90 M M 1 3 24 90
14 97 73 85 3 0 20 0.00 0.0 M 4.2 12 100 M M 0 1 14 320
15 97 71 84 2 0 19 0.00 0.0 0 2.1 8 100 M M 1 13 330
16 97 74 86 4 0 21 0.00 0.0 0 1.7 4 170 M M 0 M M
17 97 76 87 5 0 22 0.00 0.0 0 M M M M M M M M
18 97 73 85 3 0 20 0.38 0.0 0 7.5 38 10 M M 0 1 46 10
19 99 81 90 8 0 25 0.00 0.0 0 9.5 17 180 M M 0 23 200
20 98 82 90 8 0 25 0.00 0.0 0 9.4 16 230 M M 1 26 200
21 97 77 87 5 0 22 0.00 0.0 0 7.0 29 240 M M 0 42 240
22 100 74 87 5 0 22 0.00 0.0 0 4.3 13 120 M M 0 14 90
23 98 74 86 4 0 21 0.00 0.0 0 4.7 9 130 M M 1 14 290
24 99 78 89 7 0 24 0.00 0.0 0 7.4 13 190 M M 0 16 190
25 101 79 90 8 0 25 0.00 0.0 0 7.2 17 150 M M 1 24 140
26 101 79 90 8 0 25 0.00 0.0 0 8.8 15 180 M M 0 20 180
27 97 78 88 6 0 23 0.13 0.0 0 7.4 15 100 M M 2 3 27 90
28 97 76 87 5 0 22 0.04 0.0 M 5.5 17 330 M M 1 3 24 320
29 93 73 83 1 0 18 0.19 0.0 0 4.9 16 50 M M 3 13 19 50
30 89 70 80 -2 0 15 0.17 0.0 0 4.8 18 10 M M 4 138 24 10
31 82 73 78 -4 0 13 0.22 0.0 M 3.9 16 310 M M 5 13 22 310
================================================================================
SM 2970 2333 0 644 1.15 0.0 170.0 M 45
================================================================================
AV 95.8 75.3 5.7 FASTST M M 2 MAX(MPH)
MISC ----> 38 10 46 10
================================================================================
NOTES:
# LAST OF SEVERAL OCCURRENCES
COLUMN 17 PEAK WIND IN M.P.H.
PRELIMINARY LOCAL CLIMATOLOGICAL DATA (WS FORM: F-6) , PAGE 2
STATION: PINE BLUFF
MONTH: JULY
YEAR: 2022
LATITUDE: 34 10 N
LONGITUDE: 91 56 W
[TEMPERATURE DATA] [PRECIPITATION DATA] SYMBOLS USED IN COLUMN 16
AVERAGE MONTHLY: 85.5 TOTAL FOR MONTH: 1.15 1 = FOG OR MIST
DPTR FM NORMAL: 3.6 DPTR FM NORMAL: -2.54 2 = FOG REDUCING VISIBILITY
HIGHEST: 101 ON 25,26 GRTST 24HR 0.39 ON 30-31 TO 1/4 MILE OR LESS
LOWEST: 69 ON 11 3 = THUNDER
SNOW, ICE PELLETS, HAIL 4 = ICE PELLETS
TOTAL MONTH: 0.0 INCH 5 = HAIL
GRTST 24HR 0.0 6 = FREEZING RAIN OR DRIZZLE
GRTST DEPTH: 0 7 = DUSTSTORM OR SANDSTORM:
VSBY 1/2 MILE OR LESS
8 = SMOKE OR HAZE
[NO. OF DAYS WITH] [WEATHER - DAYS WITH] 9 = BLOWING SNOW
X = TORNADO
MAX 32 OR BELOW: 0 0.01 INCH OR MORE: 7
MAX 90 OR ABOVE: 26 0.10 INCH OR MORE: 5
MIN 32 OR BELOW: 0 0.50 INCH OR MORE: 0
MIN 0 OR BELOW: 0 1.00 INCH OR MORE: 0
[HDD (BASE 65) ]
TOTAL THIS MO. 0 CLEAR (SCALE 0-3) 25
DPTR FM NORMAL 0 PTCLDY (SCALE 4-7) 5
TOTAL FM JUL 1 0 CLOUDY (SCALE 8-10) 1
DPTR FM NORMAL 0
[CDD (BASE 65) ]
TOTAL THIS MO. 644
DPTR FM NORMAL 120 [PRESSURE DATA]
TOTAL FM JAN 1 1556 HIGHEST SLP 30.16 ON 31
DPTR FM NORMAL 293 LOWEST SLP 29.78 ON 20
[REMARKS]
#FINAL-07-22#