858
CXUS54 KLZK 021353
CLSPBF
CLIMATE REPORT
NATIONAL WEATHER SERVICE LITTLE ROCK AR
747 AM CST MON DEC 2 2019
...................................
...THE PINE BLUFF CLIMATE SUMMARY FOR THE SEASON, FROM
9/1/2019 TO 11/30/2019...
CLIMATE NORMAL PERIOD 1981 TO 2010
CLIMATE RECORD PERIOD 1883 TO 2019
WEATHER OBSERVED NORMAL DEPART LAST YEAR`S
VALUE DATE(S) VALUE FROM VALUE DATE(S)
NORMAL
................................................................
TEMPERATURE (F)
RECORD
HIGH 110 09/06/1925
09/05/1925
LOW 14 11/29/1976
11/19/1903
HIGHEST 99 09/18 75 24 96 09/19
LOWEST 19 11/13 53 -34 25 11/15
AVG. MAXIMUM 75.4 74.8 0.6 72.5
AVG. MINIMUM 52.8 52.3 0.5 53.9
MEAN 64.1 63.6 0.5 63.2
DAYS MAX >= 90 29 9.1 19.9 17
DAYS MAX <= 32 1 0.0 1.0 0
DAYS MIN <= 32 11 3.6 7.4 10
DAYS MIN <= 0 0 0.0 0.0 0
PRECIPITATION (INCHES)
RECORD
MAXIMUM 26.25 1984
MINIMUM 2.01 2017
TOTALS 11.76 12.52 -0.76 22.78
DAILY AVG. 0.13 0.14 -0.01 0.25
DAYS >= .01 21 24.7 -3.7 35
DAYS >= .10 16 26
DAYS >= .50 10 16
DAYS >= 1.00 4 4.0 0.0 7
GREATEST
24 HR. TOTAL 1.66 10/25 TO 10/26
SNOWFALL (INCHES)
RECORDS
TOTAL 5.0 1929
24 HR TOTAL 5.0 11/22/1929 TO 11/22/1929
SNOW DEPTH 5 11/22/1929
TOTALS T 0.0 0.0 1.0
LIQUID EQUIV T T 0.00 0.10
SINCE 7/1 T 0.0 0.0 1.0
LIQUID 7/1 MM 0.00 MM 0.10
SNOWDEPTH AVG. 0 0 0 0
DAYS >= TRACE 1 0.0 1.0 4
DAYS >= 1.0 0 0.0 0.0 1
GREATEST
SNOW DEPTH 0 MM 1 11/15
24 HR TOTAL T 11/11 TO 11/11
DEGREE_DAYS
HEATING TOTAL 658 504 154 635
SINCE 7/1 658 504 154 MM
COOLING TOTAL 596 372 224 497
SINCE 1/1 2291 2131 160 2431
FREEZE DATES
RECORD
EARLIEST 10/10/2000
LATEST 04/25/1910
EARLIEST 11/12
LATEST 03/16
.................................................................
WIND (MPH)
AVERAGE WIND SPEED 5.7
HIGHEST WIND SPEED/DIRECTION 37/160 DATE 09/10
HIGHEST GUST SPEED/DIRECTION 47/160 DATE 09/10
SKY COVER
POSSIBLE SUNSHINE (PERCENT) MM
AVERAGE SKY COVER 0.20
NUMBER OF DAYS FAIR 64
NUMBER OF DAYS PC 12
NUMBER OF DAYS CLOUDY 15
AVERAGE RH (PERCENT) 68
- INDICATES NEGATIVE NUMBERS.
R INDICATES RECORD WAS SET OR TIED.
MM INDICATES DATA IS MISSING.
T INDICATES TRACE AMOUNT.
&&
...DATA FOR PINE BLUFF FOR FALL 2019...
.SEASONAL TEMPERATURES...
THE AVERAGE HIGH TEMPERATURE WAS THE WARMEST SINCE 2017. THE AVERAGE
LOW TEMPERATURE WAS THE COLDEST SINCE 2017. THE AVERAGE SEASONAL
TEMPERATURE WAS THE WARMEST SINCE 2017.
.SEASONAL RAINFALL...
IT WAS THE DRIEST FALL SINCE 2017.
.SEASONAL SNOWFALL...
SNOW FELL FOR THE SECOND FALL IN A ROW, BUT WAS NOT MEASURABLE. EVEN
SO, IT MOST RECENTLY TIED 2013 FOR THE 6TH SNOWIEST ON RECORD.
.MISCELLANEOUS DATA...
THERE WERE 11 DAYS WITH LOW TEMPERATURES AT OR BELOW FREEZING, WHICH WAS
THE MOST SINCE 2014.
THERE WERE 29 DAYS WITH HIGH TEMPERATURES AT OR ABOVE 90, WHICH WAS THE MOST
SINCE 1939.
$$
57