000
CXUS51 KBTV 010800
CF6PBG
PRELIMINARY LOCAL CLIMATOLOGICAL DATA (WS FORM: F-6)
STATION: PLATTSBURGH NY
MONTH: JANUARY
YEAR: 2023
LATITUDE: 44 39 N
LONGITUDE: 73 28 W
TEMPERATURE IN F: :PCPN: SNOW: WIND :SUNSHINE: SKY :PK WND
================================================================================
1 2 3 4 5 6A 6B 7 8 9 10 11 12 13 14 15 16 17 18
12Z AVG MX 2MIN
DY MAX MIN AVG DEP HDD CDD WTR SNW DPTH SPD SPD DIR MIN PSBL S-S WX SPD DR
================================================================================
1 46 37 42 20 23 0 T M M 3.9 15 290 M M 9 1 25 240
2 46 33 40 19 25 0 T M M 1.9 10 250 M M 9 14 230
3 37 26 32 11 33 0 T M M 1.2 8 360 M M 7 10 360
4 38 32 35 14 30 0 0.77 M M 8.2 21 360 M M 10 1 25 350
5 40 31 36 15 29 0 0.27 M M 3.7 18 350 M M 10 16 22 360
6 40 29 35 15 30 0 T M M 1.3 6 220 M M 8 12 9 230
7 37 19 28 8 37 0 T M M 8.0 20 360 M M 10 27 320
8 29 12 21 1 44 0 0.00 M M 4.6 15 340 M M 2 18 340
9 35 18 27 7 38 0 0.00 M M 3.5 13 270 M M 9 20 280
10 34 11 23 3 42 0 T M M 9.1 24 330 M M 4 1 35 330
11 23 9 16 -3 49 0 0.00 M M 2.2 8 340 M M 5 9 340
12 38 23 31 12 34 0 0.37 M M 12.5 25 170 M M 10 1 37 170
13 34 24 29 10 36 0 0.44 M M 12.2 21 340 M M 10 1 25 350
14 24 21 23 4 42 0 T M M 12.7 20 340 M M 10 8 24 340
15 22 15 19 0 46 0 T M M 12.4 20 350 M M 6 24 340
16 26 15 21 2 44 0 0.00 M M 9.4 18 340 M M 6 22 340
17 34 13 24 6 41 0 0.02 M M 1.4 9 120 M M 6 16 12 120
18 39 31 35 17 30 0 0.02 M M 1.7 10 290 M M 9 16 17 300
19 34 29 32 14 33 0 0.42 M M 4.2 9 20 M M 8 12 13 30
20 34 27 31 13 34 0 0.23 M M 7.3 17 330 M M 10 1 21 320
21 31 24 28 10 37 0 0.00 M M 4.3 17 340 M M 10 21 350
22 32 28 30 12 35 0 0.01 M M 4.8 12 160 M M 10 1 14 160
23 31 28 30 12 35 0 0.02 M M 9.9 23 360 M M 10 1 26 340
24 37 27 32 14 33 0 0.02 M M 5.1 17 340 M M 10 1 22 340
25 29 14 22 4 43 0 0.36 M M 5.9 14 360 M M 8 12 17 350
26 31 23 27 9 38 0 0.06 M M 4.6 14 290 M M 10 16 23 300
27 33 14 24 6 41 0 0.00 M M 5.5 17 150 M M 7 20 150
28 40 29 35 17 30 0 0.01 M M 8.0 18 160 M M 7 1 32 260
29 32 18 25 7 40 0 0.05 M M 6.1 17 10 M M 10 1 21 10
30 22 11 17 -1 48 0 0.01 M M 4.1 20 10 M M 10 18 24 10
31 21 0 11 -7 54 0 T M M 5.3 15 320 M M 5 1 20 320
================================================================================
SM 1029 671 1154 0 3.08 M 185.0 M 255
================================================================================
AV 33.2 21.6 6.0 FASTST M M 8 MAX(MPH)
MISC ----> 25 170 37 170
================================================================================
NOTES:
# LAST OF SEVERAL OCCURRENCES
COLUMN 17 PEAK WIND IN M.P.H.
PRELIMINARY LOCAL CLIMATOLOGICAL DATA (WS FORM: F-6) , PAGE 2
STATION: PLATTSBURGH NY
MONTH: JANUARY
YEAR: 2023
LATITUDE: 44 39 N
LONGITUDE: 73 28 W
[TEMPERATURE DATA] [PRECIPITATION DATA] SYMBOLS USED IN COLUMN 16
AVERAGE MONTHLY: 27.4 TOTAL FOR MONTH: 3.08 1 = FOG OR MIST
DPTR FM NORMAL: 8.3 DPTR FM NORMAL: 1.67 2 = FOG REDUCING VISIBILITY
HIGHEST: 46 ON 2, 1 GRTST 24HR 1.01 ON 4- 5 TO 1/4 MILE OR LESS
LOWEST: 0 ON 31 3 = THUNDER
SNOW, ICE PELLETS, HAIL 4 = ICE PELLETS
TOTAL MONTH: M 5 = HAIL
GRTST 24HR M ON M 6 = FREEZING RAIN OR DRIZZLE
GRTST DEPTH: M ON M 7 = DUSTSTORM OR SANDSTORM:
VSBY 1/2 MILE OR LESS
8 = SMOKE OR HAZE
[NO. OF DAYS WITH] [WEATHER - DAYS WITH] 9 = BLOWING SNOW
X = TORNADO
MAX 32 OR BELOW: 13 0.01 INCH OR MORE: 16
MAX 90 OR ABOVE: 0 0.10 INCH OR MORE: 7
MIN 32 OR BELOW: 29 0.50 INCH OR MORE: 1
MIN 0 OR BELOW: 1 1.00 INCH OR MORE: 0
[HDD (BASE 65) ]
TOTAL THIS MO. 1154 CLEAR (SCALE 0-3) 1
DPTR FM NORMAL -268 PTCLDY (SCALE 4-7) 11
TOTAL FM JUL 1 3711 CLOUDY (SCALE 8-10) 19
DPTR FM NORMAL -507
[CDD (BASE 65) ]
TOTAL THIS MO. 0
DPTR FM NORMAL 0 [PRESSURE DATA]
TOTAL FM JAN 1 0 HIGHEST SLP 30.38 ON 8
DPTR FM NORMAL 0 LOWEST SLP 29.33 ON 26
[REMARKS]
#FINAL-01-23#