000
CXUS52 KFFC 011110
CF6PDK
PRELIMINARY LOCAL CLIMATOLOGICAL DATA (WS FORM: F-6)
STATION: DEKALB PEACHTREE AIRPORT
MONTH: JANUARY
YEAR: 2021
LATITUDE: 33 52 N
LONGITUDE: 84 18 W
TEMPERATURE IN F: :PCPN: SNOW: WIND :SUNSHINE: SKY :PK WND
================================================================================
1 2 3 4 5 6A 6B 7 8 9 10 11 12 13 14 15 16 17 18
12Z AVG MX 2MIN
DY MAX MIN AVG DEP HDD CDD WTR SNW DPTH SPD SPD DIR MIN PSBL S-S WX SPD DR
================================================================================
1 66 53 60 18 5 0 1.02 M M 4.0 13 200 M M 10 12 17 200
2 64 44 54 12 11 0 0.00 M M 1.8 8 230 M M 7 12 13 220
3 53 35 44 2 21 0 0.00 M M 9.7 20 290 M M 6 29 280
4 56 30 43 1 22 0 0.00 M M 3.8 12 310 M M 1 19 290
5 55 38 47 5 18 0 0.00 M M 8.2 18 300 M M 4 27 310
6 56 29 43 1 22 0 0.00 M M 2.0 10 320 M M 0 14 340
7 45 34 40 -2 25 0 0.20 M M 5.1 15 20 M M 4 1 24 60
8 41 36 39 -3 26 0 0.16 M M 8.6 20 320 M M 10 1 32 320
9 38 29 34 -8 31 0 0.00 M M 12.0 20 300 M M 8 31 320
10 47 25 36 -6 29 0 0.00 M M 1.9 9 310 M M 0 1 15 300
11 42 37 40 -2 25 0 0.31 M M 3.7 8 50 M M 9 1 14 50
12 43 33 38 -4 27 0 T 0.0 M 7.4 13 280 M M 9 1 19 270
13 51 31 41 -1 24 0 0.00 0.0 M 6.8 13 240 M M 5 18 18 260
14 55 28 42 0 23 0 0.00 M M 4.9 14 210 M M 0 1 19 240
15 53 38 46 4 19 0 0.00 M M 8.9 21 220 M M 3 1 27 270
16 41 29 35 -7 30 0 0.00 M M 9.1 23 260 M M 6 32 280
17 50 31 41 -1 24 0 T M M 7.9 17 240 M M 6 24 210
18 52 30 41 -1 24 0 0.00 M M 7.0 21 260 M M 0 32 250
19 59 27 43 1 22 0 0.00 M M 5.2 14 270 M M 5 22 230
20 53 42 48 6 17 0 0.00 M M 9.3 18 320 M M 3 28 300
21 49 40 45 3 20 0 0.10 M M 5.8 12 220 M M 9 1 17 210
22 58 43 51 8 14 0 0.00 M M 5.1 12 320 M M 4 1 15 330
23 61 33 47 4 18 0 0.00 M M 4.2 10 320 M M 1 14 300
24 60 38 49 6 16 0 0.02 M M 4.4 10 130 M M 6 1 16 140
25 65 44 55 12 10 0 0.06 M M 2.5 17 210 M M 8 1 30 190
26 67 46 57 14 8 0 0.73 M M 6.7 22 210 M M 7 13 33 200
27 59 41 50 7 15 0 0.91 M M 7.2 25 290 M M 9 13 41 280
28 44 32 38 -5 27 0 0.00 M M 15.0 28 320 M M 4 51 290
29 51 27 39 -4 26 0 0.00 M M 4.7 10 280 M M 0 14 290
30 48 27 38 -6 27 0 0.00 M M 3.2 12 100 M M 4 19 100
31 46 37 42 -2 23 0 0.38 M M 4.2 16 310 M M 10 1 24 290
================================================================================
SM 1628 1087 649 0 3.89 0.0 190.3 M 158
================================================================================
AV 52.5 35.1 6.1 FASTST M M 5 MAX(MPH)
MISC ----> 28 320 51 290
================================================================================
NOTES:
# LAST OF SEVERAL OCCURRENCES
COLUMN 17 PEAK WIND IN M.P.H.
PRELIMINARY LOCAL CLIMATOLOGICAL DATA (WS FORM: F-6) , PAGE 2
STATION: DEKALB PEACHTREE AIRPORT
MONTH: JANUARY
YEAR: 2021
LATITUDE: 33 52 N
LONGITUDE: 84 18 W
[TEMPERATURE DATA] [PRECIPITATION DATA] SYMBOLS USED IN COLUMN 16
AVERAGE MONTHLY: 43.8 TOTAL FOR MONTH: 3.89 1 = FOG OR MIST
DPTR FM NORMAL: 1.4 DPTR FM NORMAL: -0.91 2 = FOG REDUCING VISIBILITY
HIGHEST: 67 ON 26 GRTST 24HR 1.35 ON 31- 1 TO 1/4 MILE OR LESS
LOWEST: 25 ON 10 3 = THUNDER
SNOW, ICE PELLETS, HAIL 4 = ICE PELLETS
TOTAL MONTH: 0.0 INCH 5 = HAIL
GRTST 24HR 0.0 6 = FREEZING RAIN OR DRIZZLE
GRTST DEPTH: M ON M 7 = DUSTSTORM OR SANDSTORM:
VSBY 1/2 MILE OR LESS
8 = SMOKE OR HAZE
[NO. OF DAYS WITH] [WEATHER - DAYS WITH] 9 = BLOWING SNOW
X = TORNADO
MAX 32 OR BELOW: 0 0.01 INCH OR MORE: 10
MAX 90 OR ABOVE: 0 0.10 INCH OR MORE: 8
MIN 32 OR BELOW: 13 0.50 INCH OR MORE: 3
MIN 0 OR BELOW: 0 1.00 INCH OR MORE: 1
[HDD (BASE 65) ]
TOTAL THIS MO. 649 CLEAR (SCALE 0-3) 8
DPTR FM NORMAL -56 PTCLDY (SCALE 4-7) 14
TOTAL FM JUL 1 1671 CLOUDY (SCALE 8-10) 9
DPTR FM NORMAL -199
[CDD (BASE 65) ]
TOTAL THIS MO. 0
DPTR FM NORMAL 0 [PRESSURE DATA]
TOTAL FM JAN 1 0 HIGHEST SLP 30.46 ON 28
DPTR FM NORMAL 0 LOWEST SLP 29.67 ON 15
[REMARKS]
#FINAL-01-21#