000
CXUS56 KPDT 011810
CF6PDT
PRELIMINARY LOCAL CLIMATOLOGICAL DATA (WS FORM: F-6)
STATION: PENDLETON OR
MONTH: APRIL
YEAR: 2021
LATITUDE: 45 40 N
LONGITUDE: 118 51 W
TEMPERATURE IN F: :PCPN: SNOW: WIND :SUNSHINE: SKY :PK WND
================================================================================
1 2 3 4 5 6A 6B 7 8 9 10 11 12 13 14 15 16 17 18
12Z AVG MX 2MIN
DY MAX MIN AVG DEP HDD CDD WTR SNW DPTH SPD SPD DIR MIN PSBL S-S WX SPD DR
================================================================================
1 70 37 54 6 11 0 0.00 0.0 0 7.5 16 300 M M 0 22 320
2 66 38 52 3 13 0 0.00 0.0 0 5.4 10 310 M M 0 14 320
3 63 40 52 3 13 0 0.00 0.0 0 4.9 12 150 M M 0 14 310
4 63 39 51 2 14 0 T 0.0 0 13.7 32 280 M M 3 40 270
5 56 30 43 -6 22 0 0.00 0.0 0 8.8 16 290 M M 4 22 270
6 68 31 50 1 15 0 0.00 0.0 0 7.2 12 70 M M 0 14 290
7 65 37 51 2 14 0 0.00 0.0 0 13.9 25 250 M M 2 36 320
8 54 35 45 -4 20 0 T 0.0 0 17.0 35 260 M M 5 8 44 270
9 63 30 47 -3 18 0 0.00 0.0 0 11.0 23 270 M M 0 30 280
10 52 29 41 -9 24 0 T 0.0 0 18.8 40 260 M M 7 52 240
11 53 23 38 -12 27 0 0.00 0.0 0 5.7 15 30 M M 1 22 30
12 60 21 41 -9 24 0 0.00 0.0 0 8.6 18 30 M M 0 24 40
13 61 26 44 -6 21 0 0.00 0.0 0 9.9 28 30 M M 0 35 20
14 63 23 43 -7 22 0 0.00 0.0 0 7.0 17 30 M M 0 24 70
15 69 31 50 0 15 0 0.00 0.0 0 6.4 16 80 M M 0 20 30
16 72 37 55 5 10 0 0.00 0.0 0 10.1 20 30 M M 0 29 20
17 76 37 57 6 8 0 0.00 0.0 0 7.0 15 140 M M 0 16 140
18 81 41 61 10 4 0 0.00 0.0 0 11.3 25 260 M M 0 32 250
19 61 38 50 -1 15 0 0.00 0.0 0 8.9 22 360 M M 2 27 360
20 63 32 48 -3 17 0 0.00 0.0 0 6.8 15 50 M M 0 20 350
21 69 34 52 1 13 0 0.00 0.0 0 7.2 15 170 M M 0 18 290
22 70 41 56 4 9 0 0.00 0.0 0 13.7 26 260 M M 1 37 260
23 64 44 54 2 11 0 0.00 0.0 0 5.9 20 260 M M 2 25 250
24 59 44 52 0 13 0 0.18 0.0 0 8.7 20 230 M M 9 25 230
25 62 43 53 1 12 0 0.04 0.0 0 4.4 17 260 M M 6 24 250
26 64 45 55 3 10 0 0.00 0.0 0 9.4 23 260 M M 5 31 260
27 69 38 54 1 11 0 0.00 0.0 0 8.1 17 260 M M 0 23 270
28 75 41 58 5 7 0 0.00 0.0 0 6.7 15 270 M M 0 20 270
29 83 47 65 12 0 0 0.00 0.0 0 6.1 13 220 M M 0 17 220
30 76 51 64 10 1 0 0.00 0.0 0 11.8 22 260 M M 3 30 280
================================================================================
SM 1970 1083 414 0 0.22 0.0 271.9 M 50
================================================================================
AV 65.7 36.1 9.1 FASTST M M 2 MAX(MPH)
MISC ----> 40 260 52 240
================================================================================
NOTES:
# LAST OF SEVERAL OCCURRENCES
COLUMN 17 PEAK WIND IN M.P.H.
PRELIMINARY LOCAL CLIMATOLOGICAL DATA (WS FORM: F-6) , PAGE 2
STATION: PENDLETON OR
MONTH: APRIL
YEAR: 2021
LATITUDE: 45 40 N
LONGITUDE: 118 51 W
[TEMPERATURE DATA] [PRECIPITATION DATA] SYMBOLS USED IN COLUMN 16
AVERAGE MONTHLY: 50.9 TOTAL FOR MONTH: 0.22 1 = FOG OR MIST
DPTR FM NORMAL: 0.2 DPTR FM NORMAL: -0.98 2 = FOG REDUCING VISIBILITY
HIGHEST: 83 ON 29 GRTST 24HR 0.21 ON 24-25 TO 1/4 MILE OR LESS
LOWEST: 21 ON 12 3 = THUNDER
SNOW, ICE PELLETS, HAIL 4 = ICE PELLETS
TOTAL MONTH: 0.0 INCH 5 = HAIL
GRTST 24HR 0.0 6 = FREEZING RAIN OR DRIZZLE
GRTST DEPTH: 0 7 = DUSTSTORM OR SANDSTORM:
VSBY 1/2 MILE OR LESS
8 = SMOKE OR HAZE
[NO. OF DAYS WITH] [WEATHER - DAYS WITH] 9 = BLOWING SNOW
X = TORNADO
MAX 32 OR BELOW: 0 0.01 INCH OR MORE: 2
MAX 90 OR ABOVE: 0 0.10 INCH OR MORE: 1
MIN 32 OR BELOW: 10 0.50 INCH OR MORE: 0
MIN 0 OR BELOW: 0 1.00 INCH OR MORE: 0
[HDD (BASE 65) ]
TOTAL THIS MO. 414 CLEAR (SCALE 0-3) 24
DPTR FM NORMAL -18 PTCLDY (SCALE 4-7) 5
TOTAL FM JUL 1 4590 CLOUDY (SCALE 8-10) 1
DPTR FM NORMAL -376
[CDD (BASE 65) ]
TOTAL THIS MO. 0
DPTR FM NORMAL 0 [PRESSURE DATA]
TOTAL FM JAN 1 0 HIGHEST SLP 30.33 ON 19
DPTR FM NORMAL 0 LOWEST SLP 29.62 ON 25
[REMARKS]
#FINAL-04-21#