000
CXUS54 KMAF 011210
CF6PEQ
PRELIMINARY LOCAL CLIMATOLOGICAL DATA (WS FORM: F-6)
STATION: PECOS MUNICIPAL AIRPORT
MONTH: NOVEMBER
YEAR: 2022
LATITUDE: 31 22 N
LONGITUDE: 103 31 W
TEMPERATURE IN F: :PCPN: SNOW: WIND :SUNSHINE: SKY :PK WND
================================================================================
1 2 3 4 5 6A 6B 7 8 9 10 11 12 13 14 15 16 17 18
12Z AVG MX 2MIN
DY MAX MIN AVG DEP HDD CDD WTR SNW DPTH SPD SPD DIR MIN PSBL S-S WX SPD DR
================================================================================
1 78 38 58 M 7 0 M M M 4.7 12 110 M M 1 12 M M
2 82 46 64 M 1 0 M M M 5.6 14 90 M M 0 1 M M
3 87 52 70 M 0 5 M M M 6.3 16 140 M M 0 1 20 140
4 65 47 56 M 9 0 M M M 16.4 35 260 M M 1 8 43 280
5 74 39 57 M 8 0 M M M 13.0 25 250 M M 0 30 250
6 84 49 67 M 0 2 M M M 5.0 13 250 M M 0 M M
7 76 41 59 M 6 0 M M M 3.0 7 80 M M 0 M M
8 82 49 66 M 0 1 M M M 9.4 24 110 M M 0 29 100
9 87 57 72 M 0 7 M M M 10.5 17 140 M M 0 24 130
10 78 49 64 M 1 0 M M M 5.5 15 290 M M 0 17 260
11 58 40 49 M 16 0 M M M 8.5 16 350 M M 0 21 350
12 55 30 43 M 22 0 M M M 5.4 13 80 M M 0 17 110
13 60 28 44 M 21 0 M M M 6.4 14 90 M M 0 18 90
14 60 33 47 M 18 0 M M M 10.5 28 280 M M 1 37 280
15 51 27 39 M 26 0 M M M 4.2 12 120 M M 2 M M
16 53 39 46 M 19 0 M M M 7.8 12 40 M M 6 17 70
17 57 26 42 M 23 0 M M M 3.1 8 100 M M 0 M M
18 47 32 40 M 25 0 M M M 8.1 15 350 M M 3 20 350
19 37 33 35 M 30 0 M M M 5.8 12 30 M M 10 1 M M
20 42 31 37 M 28 0 M M M 3.5 7 130 M M 8 1 M M
21 57 27 42 M 23 0 0.01 M M 3.0 6 120 M M 4 12 M M
22 63 30 47 M 18 0 M M M 3.9 9 90 M M 3 12 M M
23 66 41 54 M 11 0 M M M 4.3 9 190 M M 5 12 M M
24 59 35 47 M 18 0 0.02 M M 13.2 21 340 M M 3 12 25 320
25 42 32 37 M 28 0 0.88 M M 10.4 16 340 M M 10 17 330
26 55 32 44 M 21 0 0.38 M M 11.6 21 240 M M 5 28 240
27 60 38 49 M 16 0 M M M 3.2 8 320 M M 0 M M
28 73 31 52 M 13 0 M M M 5.3 23 250 M M 0 28 250
29 74 35 55 M 10 0 M M M 8.5 26 270 M M 0 32 250
30 49 32 41 M 24 0 M M M 7.1 16 40 M M 0 25 360
================================================================================
SM 1911 1119 442 15 1.29 M 213.0 M 62
================================================================================
AV 63.7 37.3 7.1 FASTST M M 2 MAX(MPH)
MISC ----> 35 260 43 280
================================================================================
NOTES:
# LAST OF SEVERAL OCCURRENCES
COLUMN 17 PEAK WIND IN M.P.H.
PRELIMINARY LOCAL CLIMATOLOGICAL DATA (WS FORM: F-6) , PAGE 2
STATION: PECOS MUNICIPAL AIRPORT
MONTH: NOVEMBER
YEAR: 2022
LATITUDE: 31 22 N
LONGITUDE: 103 31 W
[TEMPERATURE DATA] [PRECIPITATION DATA] SYMBOLS USED IN COLUMN 16
AVERAGE MONTHLY: 50.5 TOTAL FOR MONTH: 1.29 1 = FOG OR MIST
DPTR FM NORMAL: 0.0 DPTR FM NORMAL: M 2 = FOG REDUCING VISIBILITY
HIGHEST: 87 ON 9, 3 GRTST 24HR 0.88 ON 25-25 TO 1/4 MILE OR LESS
LOWEST: 26 ON 17 3 = THUNDER
SNOW, ICE PELLETS, HAIL 4 = ICE PELLETS
TOTAL MONTH: M 5 = HAIL
GRTST 24HR M ON M 6 = FREEZING RAIN OR DRIZZLE
GRTST DEPTH: M ON M 7 = DUSTSTORM OR SANDSTORM:
VSBY 1/2 MILE OR LESS
8 = SMOKE OR HAZE
[NO. OF DAYS WITH] [WEATHER - DAYS WITH] 9 = BLOWING SNOW
X = TORNADO
MAX 32 OR BELOW: 0 0.01 INCH OR MORE: 4
MAX 90 OR ABOVE: 0 0.10 INCH OR MORE: 2
MIN 32 OR BELOW: 12 0.50 INCH OR MORE: 1
MIN 0 OR BELOW: 0 1.00 INCH OR MORE: 0
[HDD (BASE 65) ]
TOTAL THIS MO. 442 CLEAR (SCALE 0-3) 22
DPTR FM NORMAL M PTCLDY (SCALE 4-7) 6
TOTAL FM JUL 1 527 CLOUDY (SCALE 8-10) 2
DPTR FM NORMAL M
[CDD (BASE 65) ]
TOTAL THIS MO. 15
DPTR FM NORMAL M [PRESSURE DATA]
TOTAL FM JAN 1 2988 HIGHEST SLP M ON M
DPTR FM NORMAL M LOWEST SLP M ON M
[REMARKS]
#FINAL-11-22#