000
CXUS54 KEWX 011110
CF6PEZ
PRELIMINARY LOCAL CLIMATOLOGICAL DATA (WS FORM: F-6)
STATION: PLEASANTON MUNICIPAL AIRPORT
MONTH: DECEMBER
YEAR: 2022
LATITUDE: 28 57 N
LONGITUDE: 98 31 W
TEMPERATURE IN F: :PCPN: SNOW: WIND :SUNSHINE: SKY :PK WND
================================================================================
1 2 3 4 5 6A 6B 7 8 9 10 11 12 13 14 15 16 17 18
12Z AVG MX 2MIN
DY MAX MIN AVG DEP HDD CDD WTR SNW DPTH SPD SPD DIR MIN PSBL S-S WX SPD DR
================================================================================
1 53 44 49 M 16 0 0.00 M M 4.4 8 40 M M 9 M M
2 67 52 60 M 5 0 0.00 M M 0.4 3 220 M M 10 1 M M
3 68 59 64 M 1 0 0.01 M M 4.4 9 50 M M 10 1 M M
4 62 53 58 M 7 0 0.00 M M 4.0 7 40 M M 10 M M
5 77 58 68 M 0 3 0.00 M M 2.4 8 210 M M 7 12 M M
6 84 62 73 M 0 8 0.00 M M 5.0 10 140 M M 9 17 170
7 83 70 77 M 0 12 0.00 M M 7.1 13 190 M M 8 17 150
8 82 68 75 M 0 10 0.00 M M 5.6 12 150 M M 7 1 17 150
9 84 65 75 M 0 10 0.00 M M 5.2 13 150 M M 6 1 18 150
10 81 69 75 M 0 10 0.01 M M 5.8 10 150 M M 8 18 170
11 77 64 71 M 0 6 0.02 M M 7.3 13 80 M M 7 17 40
12 81 63 72 M 0 7 0.00 M M 8.4 15 170 M M 9 1 22 170
13 82 65 74 M 0 9 0.00 M M 7.0 13 170 M M 7 22 150
14 74 39 57 M 8 0 0.00 M M 8.3 18 330 M M 4 30 290
15 71 33 52 M 13 0 0.00 M M 1.4 6 360 M M 0 M M
16 76 43 60 M 5 0 0.00 M M 4.3 14 30 M M 2 28 340
17 59 36 48 M 17 0 0.00 M M 3.5 10 20 M M 3 M M
18 57 32 45 M 20 0 0.00 M M 4.6 10 90 M M 7 M M
19 52 46 49 M 16 0 0.30 M M 6.3 9 350 M M 10 3 M M
20 56 47 52 M 13 0 0.00 M M 6.4 12 40 M M 10 1 M M
21 50 37 44 M 21 0 0.00 M M 1.3 3 140 M M 6 12 M M
22 66 25 46 M 19 0 0.00 M M 7.9 17 20 M M 9 1 31 20
23 36 20 28 M 37 0 0.00 M M 8.5 14 360 M M 3 24 20
24 42 19 31 M 34 0 0.00 M M 1.8 8 30 M M 0 M M
25 53 21 37 M 28 0 0.00 M M 1.1 5 120 M M 0 M M
26 66 22 44 M 21 0 0.00 M M 2.7 10 260 M M 1 17 240
27 64 29 47 M 18 0 0.00 M M 3.7 10 70 M M 0 M M
28 81 34 58 M 7 0 0.00 M M 4.0 12 190 M M 0 18 190
29 76 57 67 M 0 2 0.00 M M 2.8 9 140 M M 6 1 M M
30 76 48 62 M 3 0 0.00 M M 3.5 12 40 M M 3 16 40
31 83 40 62 M 3 0 M M M 3.6 12 200 M M 0 22 210
================================================================================
SM 2119 1420 312 77 0.34 M 142.6 M 171
================================================================================
AV 68.4 45.8 4.6 FASTST M M 6 MAX(MPH)
MISC ----> 18 330 31 20
================================================================================
NOTES:
# LAST OF SEVERAL OCCURRENCES
COLUMN 17 PEAK WIND IN M.P.H.
PRELIMINARY LOCAL CLIMATOLOGICAL DATA (WS FORM: F-6) , PAGE 2
STATION: PLEASANTON MUNICIPAL AIRPORT
MONTH: DECEMBER
YEAR: 2022
LATITUDE: 28 57 N
LONGITUDE: 98 31 W
[TEMPERATURE DATA] [PRECIPITATION DATA] SYMBOLS USED IN COLUMN 16
AVERAGE MONTHLY: 57.1 TOTAL FOR MONTH: 0.34 1 = FOG OR MIST
DPTR FM NORMAL: 0.0 DPTR FM NORMAL: M 2 = FOG REDUCING VISIBILITY
HIGHEST: 84 ON 9, 6 GRTST 24HR 0.30 ON 19-19 TO 1/4 MILE OR LESS
LOWEST: 19 ON 24 3 = THUNDER
SNOW, ICE PELLETS, HAIL 4 = ICE PELLETS
TOTAL MONTH: 0.0 INCH 5 = HAIL
GRTST 24HR M ON M 6 = FREEZING RAIN OR DRIZZLE
GRTST DEPTH: M ON M 7 = DUSTSTORM OR SANDSTORM:
VSBY 1/2 MILE OR LESS
8 = SMOKE OR HAZE
[NO. OF DAYS WITH] [WEATHER - DAYS WITH] 9 = BLOWING SNOW
X = TORNADO
MAX 32 OR BELOW: 0 0.01 INCH OR MORE: 4
MAX 90 OR ABOVE: 0 0.10 INCH OR MORE: 1
MIN 32 OR BELOW: 7 0.50 INCH OR MORE: 0
MIN 0 OR BELOW: 0 1.00 INCH OR MORE: 0
[HDD (BASE 65) ]
TOTAL THIS MO. 312 CLEAR (SCALE 0-3) 10
DPTR FM NORMAL M PTCLDY (SCALE 4-7) 11
TOTAL FM JUL 1 527 CLOUDY (SCALE 8-10) 10
DPTR FM NORMAL M
[CDD (BASE 65) ]
TOTAL THIS MO. 77
DPTR FM NORMAL M [PRESSURE DATA]
TOTAL FM JAN 1 4191 HIGHEST SLP M ON M
DPTR FM NORMAL M LOWEST SLP M ON M
[REMARKS]
#FINAL-12-22#