000
CXUS52 KTBW 011243
CF6PGD
PRELIMINARY LOCAL CLIMATOLOGICAL DATA (WS FORM: F-6)
STATION: PUNTA GORDA
MONTH: JUNE
YEAR: 2023
LATITUDE: 26 55 N
LONGITUDE: 82 0 W
TEMPERATURE IN F: :PCPN: SNOW: WIND :SUNSHINE: SKY :PK WND
================================================================================
1 2 3 4 5 6A 6B 7 8 9 10 11 12 13 14 15 16 17 18
12Z AVG MX 2MIN
DY MAX MIN AVG DEP HDD CDD WTR SNW DPTH SPD SPD DIR MIN PSBL S-S WX SPD DR
================================================================================
1 89 71 80 0 0 15 1.48 0.0 0 5.9 21 50 M M 5 123 25 50
2 88 69 79 -1 0 14 0.03 0.0 0 6.4 14 60 M M 3 123 18 20
3 89 70 80 0 0 15 0.06 0.0 0 5.9 16 110 M M 4 13 23 60
4 90 70 80 -1 0 15 T 0.0 0 8.6 25 30 M M 3 3 33 30
5 89 69 79 -2 0 14 T 0.0 0 8.6 21 70 M M 2 26 70
6 89 66 78 -3 0 13 T 0.0 0 7.6 21 160 M M 2 3 27 170
7 88 72 80 -1 0 15 0.00 0.0 0 8.5 17 240 M M 1 24 230
8 88 73 81 0 0 16 T 0.0 0 8.7 20 230 M M 2 26 230
9 90 75 83 2 0 18 0.00 0.0 0 7.9 17 270 M M 1 25 290
10 92 72 82 1 0 17 0.00 0.0 0 5.1 16 230 M M 1 22 240
11 91 71 81 0 0 16 0.00 0.0 0 6.4 16 260 M M 1 24 240
12 91 74 83 1 0 18 0.34 0.0 0 7.1 17 230 M M 2 138 24 230
13 93 74 84 2 0 19 0.00 0.0 0 7.8 17 250 M M 1 26 240
14 92 76 84 2 0 19 0.00 0.0 0 9.1 17 230 M M 0 1 23 240
15 93 74 84 2 0 19 0.00 0.0 0 8.4 22 240 M M 1 1 31 240
16 92 74 83 1 0 18 T 0.0 0 10.7 23 260 M M 2 3 30 240
17 92 73 83 1 0 18 0.46 0.0 0 11.1 33 240 M M 2 13 46 230
18 90 72 81 -1 0 16 0.35 0.0 0 7.4 20 280 M M 4 13 27 290
19 93 77 85 3 0 20 0.00 0.0 0 9.0 20 280 M M 1 26 280
20 92 72 82 0 0 17 0.25 0.0 0 10.9 23 260 M M 2 13 35 270
21 90 71 81 -1 0 16 0.76 0.0 0 7.9 21 10 M M 3 13 27 340
22 93 71 82 0 0 17 0.00 0.0 0 8.1 18 240 M M 1 3 25 230
23 94 76 85 3 0 20 T 0.0 0 5.7 15 230 M M 1 3 20 230
24 93 74 84 2 0 19 0.00 0.0 0 4.3 23 340 M M 1 3 30 340
25 91 74 83 0 0 18 T 0.0 0 4.5 16 150 M M 2 3 24 140
26 92 74 83 0 0 18 0.00 0.0 0 3.9 14 230 M M 1 8 20 250
27 93 74 84 1 0 19 0.00 0.0 0 6.3 15 260 M M 0 1 23 290
28 94 77 86 3 0 21 T 0.0 0 8.5 20 290 M M 2 3 26 280
29 94 75 85 2 0 20 0.07 0.0 0 6.5 21 50 M M 3 13 28 300
30 95 74 85 2 0 20 0.00 0.0 0 8.0 20 150 M M 1 1 26 140
================================================================================
SM 2740 2184 0 520 3.80 0.0 224.8 M 55
================================================================================
AV 91.3 72.8 7.5 FASTST M M 2 MAX(MPH)
MISC ----> 33 240 46 230
================================================================================
NOTES:
# LAST OF SEVERAL OCCURRENCES
COLUMN 17 PEAK WIND IN M.P.H.
PRELIMINARY LOCAL CLIMATOLOGICAL DATA (WS FORM: F-6) , PAGE 2
STATION: PUNTA GORDA
MONTH: JUNE
YEAR: 2023
LATITUDE: 26 55 N
LONGITUDE: 82 0 W
[TEMPERATURE DATA] [PRECIPITATION DATA] SYMBOLS USED IN COLUMN 16
AVERAGE MONTHLY: 82.1 TOTAL FOR MONTH: 3.80 1 = FOG OR MIST
DPTR FM NORMAL: 0.4 DPTR FM NORMAL: -5.44 2 = FOG REDUCING VISIBILITY
HIGHEST: 95 ON 30 GRTST 24HR 1.51 ON 31- 1 TO 1/4 MILE OR LESS
LOWEST: 66 ON 6 3 = THUNDER
SNOW, ICE PELLETS, HAIL 4 = ICE PELLETS
TOTAL MONTH: 0.0 INCH 5 = HAIL
GRTST 24HR 0.0 6 = FREEZING RAIN OR DRIZZLE
GRTST DEPTH: 0 7 = DUSTSTORM OR SANDSTORM:
VSBY 1/2 MILE OR LESS
8 = SMOKE OR HAZE
[NO. OF DAYS WITH] [WEATHER - DAYS WITH] 9 = BLOWING SNOW
X = TORNADO
MAX 32 OR BELOW: 0 0.01 INCH OR MORE: 9
MAX 90 OR ABOVE: 23 0.10 INCH OR MORE: 6
MIN 32 OR BELOW: 0 0.50 INCH OR MORE: 2
MIN 0 OR BELOW: 0 1.00 INCH OR MORE: 1
[HDD (BASE 65) ]
TOTAL THIS MO. 0 CLEAR (SCALE 0-3) 25
DPTR FM NORMAL 0 PTCLDY (SCALE 4-7) 5
TOTAL FM JUL 1 176 CLOUDY (SCALE 8-10) 0
DPTR FM NORMAL -178
[CDD (BASE 65) ]
TOTAL THIS MO. 520
DPTR FM NORMAL 18 [PRESSURE DATA]
TOTAL FM JAN 1 1836 HIGHEST SLP M ON M
DPTR FM NORMAL 387 LOWEST SLP 29.67 ON 3
[REMARKS]
#FINAL-06-23#