000
CXUS52 KTBW 011304
CF6PGD
PRELIMINARY LOCAL CLIMATOLOGICAL DATA (WS FORM: F-6)
STATION: PUNTA GORDA
MONTH: JULY
YEAR: 2021
LATITUDE: 26 55 N
LONGITUDE: 82 0 W
TEMPERATURE IN F: :PCPN: SNOW: WIND :SUNSHINE: SKY :PK WND
================================================================================
1 2 3 4 5 6A 6B 7 8 9 10 11 12 13 14 15 16 17 18
12Z AVG MX 2MIN
DY MAX MIN AVG DEP HDD CDD WTR SNW DPTH SPD SPD DIR MIN PSBL S-S WX SPD DR
================================================================================
1 87 72 80 -3 0 15 0.52 0.0 0 4.7 12 130 M M 3 1 14 220
2 87 74 81 -2 0 16 0.05 0.0 0 6.8 17 240 M M 2 13 22 240
3 90 75 83 0 0 18 0.00 0.0 0 9.1 20 260 M M 3 1 25 250
4 93 74 84 1 0 19 0.00 0.0 0 5.8 14 280 M M 1 18 21 260
5 94 73 84 1 0 19 0.00 0.0 0 7.6 25 130 M M 3 1 32 130
6 82 74 78 -5 0 13 1.74 0.0 0 12.6 32 150 M M 7 13 43 110
7 86 74 80 -3 0 15 4.89 0.0 0 12.5 29 160 M M 5 123 38 160
8 91 75 83 0 0 18 0.00 0.0 0 6.4 18 140 M M 0 1 21 140
9 93 74 84 1 0 19 T 0.0 0 4.9 14 100 M M 2 3 16 100
10 95 73 84 1 0 19 2.39 0.0 0 4.8 28 120 M M 3 13 33 110
11 91 74 83 0 0 18 1.10 0.0 0 5.8 28 150 M M 2 1238 28 150
12 90 74 82 -1 0 17 T 0.0 0 8.7 33 100 M M 1 13 46 110
13 90 74 82 -1 0 17 0.08 0.0 0 7.7 24 210 M M 3 13 29 170
14 89 74 82 -1 0 17 0.22 0.0 0 6.8 22 140 M M 3 13 27 130
15 94 74 84 1 0 19 0.00 0.0 0 8.1 24 70 M M 2 3 30 70
16 94 74 84 1 0 19 0.27 0.0 0 7.3 28 150 M M 3 3 34 150
17 94 73 84 1 0 19 1.52 0.0 0 5.3 28 150 M M 2 123 33 140
18 92 76 84 1 0 19 0.67 0.0 0 5.4 28 140 M M 3 123 33 150
19 92 76 84 1 0 19 0.03 0.0 0 5.1 23 160 M M 3 3 28 160
20 92 75 84 1 0 19 0.00 0.0 0 5.0 15 230 M M 2 3 20 260
21 92 77 85 2 0 20 0.00 0.0 0 6.8 16 M M M 1 3 20 280
22 96 77 87 3 0 22 T 0.0 0 4.8 15 280 M M 1 38 20 280
23 95 79 87 3 0 22 0.00 0.0 0 7.5 17 260 M M 1 21 270
24 92 77 85 1 0 20 0.48 0.0 0 3.9 22 280 M M 3 13 27 270
25 95 75 85 1 0 20 0.01 0.0 0 5.5 18 70 M M 3 3 25 70
26 92 77 85 1 0 20 0.42 0.0 0 5.1 12 30 M M 3 13 14 240
27 92 76 84 0 0 19 0.13 0.0 0 5.7 20 270 M M 2 13 27 270
28 90 77 84 0 0 19 0.06 0.0 0 4.6 17 270 M M 1 13 20 270
29 91 76 84 0 0 19 0.36 0.0 0 6.5 20 300 M M 3 13 24 310
30 92 77 85 1 0 20 0.00 0.0 0 5.8 14 280 M M 0 19 260
31 94 78 86 2 0 21 0.00 0.0 0 5.7 17 240 M M 1 21 240
================================================================================
SM 2837 2328 0 576 14.94 0.0 202.3 M 72
================================================================================
AV 91.5 75.1 6.5 FASTST M M 2 MAX(MPH)
MISC ----> 33 100 46 110
================================================================================
NOTES:
# LAST OF SEVERAL OCCURRENCES
COLUMN 17 PEAK WIND IN M.P.H.
PRELIMINARY LOCAL CLIMATOLOGICAL DATA (WS FORM: F-6) , PAGE 2
STATION: PUNTA GORDA
MONTH: JULY
YEAR: 2021
LATITUDE: 26 55 N
LONGITUDE: 82 0 W
[TEMPERATURE DATA] [PRECIPITATION DATA] SYMBOLS USED IN COLUMN 16
AVERAGE MONTHLY: 83.3 TOTAL FOR MONTH: 14.94 1 = FOG OR MIST
DPTR FM NORMAL: 0.0 DPTR FM NORMAL: 6.88 2 = FOG REDUCING VISIBILITY
HIGHEST: 96 ON 22 GRTST 24HR 6.62 ON 6- 7 TO 1/4 MILE OR LESS
LOWEST: 72 ON 1 3 = THUNDER
SNOW, ICE PELLETS, HAIL 4 = ICE PELLETS
TOTAL MONTH: 0.0 INCH 5 = HAIL
GRTST 24HR 0.0 6 = FREEZING RAIN OR DRIZZLE
GRTST DEPTH: 0 7 = DUSTSTORM OR SANDSTORM:
VSBY 1/2 MILE OR LESS
8 = SMOKE OR HAZE
[NO. OF DAYS WITH] [WEATHER - DAYS WITH] 9 = BLOWING SNOW
X = TORNADO
MAX 32 OR BELOW: 0 0.01 INCH OR MORE: 18
MAX 90 OR ABOVE: 26 0.10 INCH OR MORE: 13
MIN 32 OR BELOW: 0 0.50 INCH OR MORE: 7
MIN 0 OR BELOW: 0 1.00 INCH OR MORE: 5
[HDD (BASE 65) ]
TOTAL THIS MO. 0 CLEAR (SCALE 0-3) 24
DPTR FM NORMAL 0 PTCLDY (SCALE 4-7) 7
TOTAL FM JUL 1 0 CLOUDY (SCALE 8-10) 0
DPTR FM NORMAL 0
[CDD (BASE 65) ]
TOTAL THIS MO. 576
DPTR FM NORMAL 9 [PRESSURE DATA]
TOTAL FM JAN 1 2204 HIGHEST SLP 30.24 ON 13
DPTR FM NORMAL 188 LOWEST SLP 29.86 ON 25
[REMARKS]
#FINAL-07-21#