000
CXUS51 KPHI 010915
CF6PHL
PRELIMINARY LOCAL CLIMATOLOGICAL DATA (WS FORM: F-6)
STATION: PHILADELPHIA PA
MONTH: DECEMBER
YEAR: 2021
LATITUDE: 39 52 N
LONGITUDE: 75 15 W
TEMPERATURE IN F: :PCPN: SNOW: WIND :SUNSHINE: SKY :PK WND
================================================================================
1 2 3 4 5 6A 6B 7 8 9 10 11 12 13 14 15 16 17 18
12Z AVG MX 2MIN
DY MAX MIN AVG DEP HDD CDD WTR SNW DPTH SPD SPD DIR MIN PSBL S-S WX SPD DR
================================================================================
1 53 36 45 3 20 0 T 0.0 0 5.9 13 300 M M 7 20 310
2 61 46 54 12 11 0 T 0.0 0 9.8 29 330 M M 8 38 340
3 55 42 49 7 16 0 0.00 0.0 0 10.7 20 270 M M 6 26 330
4 49 37 43 1 22 0 T 0.0 0 5.4 9 250 M M 8 13 220
5 55 35 45 4 20 0 0.00 0.0 0 5.4 14 120 M M 7 18 120
6 67 43 55 14 10 0 0.07 0.0 0 14.1 36 290 M M 9 1 49 290
7 44 36 40 -1 25 0 0.00 0.0 0 8.9 26 310 M M 7 34 310
8 43 36 40 0 25 0 0.00 0.0 0 4.9 23 300 M M 10 29 310
9 42 30 36 -4 29 0 0.00 0.0 0 6.6 20 290 M M 7 24 330
10 51 33 42 2 23 0 T 0.0 0 3.1 10 220 M M 8 14 230
11 68 46 57 17 8 0 0.19 0.0 0 14.0 32 270 M M 10 1 40 270
12 51 38 45 5 20 0 0.00 0.0 0 12.9 31 290 M M 4 42 310
13 56 33 45 6 20 0 0.00 0.0 0 9.0 16 240 M M 3 20 230
14 57 35 46 7 19 0 0.00 0.0 0 6.5 15 10 M M 3 23 360
15 59 35 47 8 18 0 0.00 0.0 0 4.3 13 140 M M 7 19 40
16 65 49 57 19 8 0 0.00 0.0 0 11.0 20 210 M M 8 1 25 210
17 60 51 56 18 9 0 0.00 0.0 0 8.9 21 300 M M 8 26 300
18 52 41 47 9 18 0 0.10 0.0 0 5.7 14 50 M M 10 1 17 50
19 50 30 40 2 25 0 T 0.0 0 14.3 26 340 M M 7 1 34 340
20 40 25 33 -5 32 0 0.00 0.0 0 6.3 10 200 M M 1 17 220
21 44 29 37 0 28 0 0.01 0.0 0 4.6 9 340 M M 9 1 16 330
22 49 33 41 4 24 0 0.16 0.0 0 12.4 30 320 M M 5 1 37 320
23 40 28 34 -3 31 0 0.00 0.0 0 8.9 17 310 M M 4 20 290
24 53 35 44 7 21 0 T 0.0 0 4.3 14 90 M M 8 15 90
25 59 41 50 14 15 0 0.65 0.0 0 5.2 17 220 M M 10 1 21 230
26 57 40 49 13 16 0 0.00 0.0 0 9.8 20 320 M M 2 25 320
27 41 37 39 3 26 0 0.19 T 0 5.6 15 50 M M 9 14 18 50
28 49 39 44 8 21 0 0.04 0.0 0 4.5 13 320 M M 10 18 20 210
29 53 44 49 13 16 0 0.03 0.0 0 4.1 9 90 M M 9 18 15 320
30 53 46 50 15 15 0 0.20 0.0 0 3.2 7 10 M M 9 128 15 10
31 54 48 51 16 14 0 T 0.0 0 4.5 13 230 M M 10 12 16 230
================================================================================
SM 1630 1177 605 0 1.64 T 234.8 M 223
================================================================================
AV 52.6 38.0 7.6 FASTST M M 7 MAX(MPH)
MISC ----> 36 290 49 290
================================================================================
NOTES:
# LAST OF SEVERAL OCCURRENCES
COLUMN 17 PEAK WIND IN M.P.H.
PRELIMINARY LOCAL CLIMATOLOGICAL DATA (WS FORM: F-6) , PAGE 2
STATION: PHILADELPHIA PA
MONTH: DECEMBER
YEAR: 2021
LATITUDE: 39 52 N
LONGITUDE: 75 15 W
[TEMPERATURE DATA] [PRECIPITATION DATA] SYMBOLS USED IN COLUMN 16
AVERAGE MONTHLY: 45.3 TOTAL FOR MONTH: 1.64 1 = FOG OR MIST
DPTR FM NORMAL: 6.7 DPTR FM NORMAL: -2.33 2 = FOG REDUCING VISIBILITY
HIGHEST: 68 ON 11 GRTST 24HR 0.65 ON 25-25 TO 1/4 MILE OR LESS
LOWEST: 25 ON 20 3 = THUNDER
SNOW, ICE PELLETS, HAIL 4 = ICE PELLETS
TOTAL MONTH: T 5 = HAIL
GRTST 24HR T ON 27-27 6 = FREEZING RAIN OR DRIZZLE
GRTST DEPTH: 0 7 = DUSTSTORM OR SANDSTORM:
VSBY 1/2 MILE OR LESS
8 = SMOKE OR HAZE
[NO. OF DAYS WITH] [WEATHER - DAYS WITH] 9 = BLOWING SNOW
X = TORNADO
MAX 32 OR BELOW: 0 0.01 INCH OR MORE: 10
MAX 90 OR ABOVE: 0 0.10 INCH OR MORE: 6
MIN 32 OR BELOW: 5 0.50 INCH OR MORE: 1
MIN 0 OR BELOW: 0 1.00 INCH OR MORE: 0
[HDD (BASE 65) ]
TOTAL THIS MO. 605 CLEAR (SCALE 0-3) 4
DPTR FM NORMAL -213 PTCLDY (SCALE 4-7) 13
TOTAL FM JUL 1 1240 CLOUDY (SCALE 8-10) 14
DPTR FM NORMAL -373
[CDD (BASE 65) ]
TOTAL THIS MO. 0
DPTR FM NORMAL 0 [PRESSURE DATA]
TOTAL FM JAN 1 1586 HIGHEST SLP 30.63 ON 15
DPTR FM NORMAL 227 LOWEST SLP 29.49 ON 25
[REMARKS]
#FINAL-12-21#