000
CXUS53 KUNR 192000
CLMPHP
CLIMATE REPORT
NATIONAL WEATHER SERVICE RAPID CITY SD
100 PM MST FRI JAN 19 2024
...................................
...THE PHILIP SD CLIMATE SUMMARY FOR THE MONTH OF DECEMBER 2023...
CLIMATE NORMAL PERIOD 1991 TO 2020
CLIMATE RECORD PERIOD 9999 TO 9999
WEATHER OBSERVED NORMAL DEPART LAST YEAR`S
VALUE DATE(S) VALUE FROM VALUE DATE(S)
NORMAL
................................................................
TEMPERATURE (F)
HIGHEST 67 12/07 61 12/01
LOWEST 3 12/31 -19 12/21
AVG. MAXIMUM 44.7 36.3 8.4 29.5
AVG. MINIMUM 17.6 12.2 5.4 5.6
MEAN 31.1 24.2 6.9 17.5
DAYS MAX >= 90 0 0
DAYS MAX <= 32 3 17
DAYS MIN <= 32 31 29
DAYS MIN <= 0 0 11
PRECIPITATION (INCHES)
TOTALS 0.56 0.44 0.12 0.59
DAILY AVG. 0.02 0.01 0.01 0.02
DAYS >= .01 2 7
DAYS >= .10 2 1
DAYS >= .50 0 0
DAYS >= 1.00 0 0
GREATEST
24 HR. TOTAL 0.37 12/26 TO 12/26 0.31
DEGREE DAYS
HEATING TOTAL 1039 1263 -224 1410
SINCE 7/1 2448 2847 -399 MM
COOLING TOTAL 0 0 0 0
SINCE 1/1 840 833 7 MM
................................................................
WIND (MPH)
AVERAGE WIND SPEED 10.1
HIGHEST WIND SPEED/DIRECTION 39/310 DATE 12/04
HIGHEST GUST SPEED/DIRECTION 55/330 DATE 12/23
AVERAGE RH (PERCENT) 68
WEATHER CONDITIONS. NUMBER OF DAYS WITH
THUNDERSTORM 0 MIXED PRECIP 0
HEAVY RAIN 0 RAIN 0
LIGHT RAIN 1 FREEZING RAIN 0
LT FREEZING RAIN 0 HAIL 0
HEAVY SNOW 0 SNOW 2
LIGHT SNOW 4 SLEET 0
FOG 5 FOG W/VIS <= 1/4 MILE 1
HAZE 0
- INDICATES NEGATIVE NUMBERS.
R INDICATES RECORD WAS SET OR TIED.
MM INDICATES DATA IS MISSING.
T INDICATES TRACE AMOUNT.
$$