000
CXUS53 KILX 010900
CF6PIA
PRELIMINARY LOCAL CLIMATOLOGICAL DATA (WS FORM: F-6)
STATION: PEORIA IL
MONTH: MAY
YEAR: 2022
LATITUDE: 40 40 N
LONGITUDE: 89 41 W
TEMPERATURE IN F: :PCPN: SNOW: WIND :SUNSHINE: SKY :PK WND
================================================================================
1 2 3 4 5 6A 6B 7 8 9 10 11 12 13 14 15 16 17 18
12Z AVG MX 2MIN
DY MAX MIN AVG DEP HDD CDD WTR SNW DPTH SPD SPD DIR MIN PSBL S-S WX SPD DR
================================================================================
1 56 47 52 -6 13 0 0.00 0.0 0 13.8 23 270 M M 9 35 260
2 62 45 54 -5 11 0 0.03 0.0 0 4.9 15 80 M M 6 1 23 100
3 55 48 52 -7 13 0 0.57 0.0 0 7.9 18 80 M M 10 1 26 70
4 60 42 51 -9 14 0 0.00 0.0 0 5.8 13 70 M M 6 18 10
5 56 49 53 -7 12 0 0.75 0.0 0 9.2 17 80 M M 10 1 25 50
6 55 50 53 -7 12 0 0.17 0.0 0 9.4 20 50 M M 10 1 31 40
7 69 47 58 -2 7 0 0.00 0.0 0 8.5 17 70 M M 1 23 40
8 71 52 62 1 3 0 0.00 0.0 0 13.6 23 140 M M 3 37 150
9 84 61 73 12 0 8 0.00 0.0 0 17.8 32 170 M M 3 45 160
10 89 69 79 17 0 14 0.00 0.0 0 11.0 22 200 M M 3 30 200
11 93 73 83 21 0 18 0.00 0.0 0 6.4 16 180 M M 2 18 24 180
12 92 74 83 21 0 18 0.00 0.0 0 8.8 17 190 M M 1 8 25 210
13 90 66 78 16 0 13 0.00 0.0 0 7.1 23 280 M M 2 3 36 270
14 88 63 76 13 0 11 0.04 0.0 0 2.0 13 290 M M 2 17 330
15 78 54 66 3 0 1 T 0.0 0 4.8 15 360 M M 2 27 350
16 81 51 66 2 0 1 0.00 0.0 0 7.4 20 300 M M 0 32 340
17 83 51 67 3 0 2 0.01 0.0 0 5.5 17 100 M M 1 24 90
18 77 59 68 4 0 3 0.07 0.0 0 6.4 17 200 M M 7 1 26 180
19 87 56 72 8 0 7 0.00 0.0 0 9.3 22 170 M M 1 128 31 180
20 87 55 71 6 0 6 0.36 0.0 0 13.4 29 230 M M 3 13 43 200
21 62 53 58 -7 7 0 0.39 0.0 0 4.9 15 210 M M 9 13 24 310
22 65 47 56 -10 9 0 0.00 0.0 0 4.6 15 300 M M 2 24 300
23 69 49 59 -7 6 0 0.00 0.0 0 7.4 22 70 M M 3 31 60
24 75 52 64 -2 1 0 0.00 0.0 0 12.6 21 70 M M 7 30 60
25 80 61 71 5 0 6 0.55 0.0 0 9.5 25 220 M M 9 138 35 220
26 78 61 70 3 0 5 0.27 0.0 0 6.9 22 270 M M 8 13 30 270
27 64 52 58 -9 7 0 0.23 0.0 0 3.9 12 320 M M 8 12 21 350
28 76 50 63 -5 2 0 0.00 0.0 0 9.3 18 180 M M 3 12 27 180
29 86 63 75 7 0 10 0.00 0.0 0 16.7 28 180 M M 0 38 170
30 89 68 79 11 0 14 0.00 0.0 0 17.6 28 180 M M 0 39 200
31 84 73 79 11 0 14 0.04 0.0 0 10.6 24 230 M M 4 3 32 220
================================================================================
SM 2341 1741 117 151 3.48 0.0 277.0 M 135
================================================================================
AV 75.5 56.2 8.9 FASTST M M 4 MAX(MPH)
MISC ----> 32 170 45 160
================================================================================
NOTES:
# LAST OF SEVERAL OCCURRENCES
COLUMN 17 PEAK WIND IN M.P.H.
PRELIMINARY LOCAL CLIMATOLOGICAL DATA (WS FORM: F-6) , PAGE 2
STATION: PEORIA IL
MONTH: MAY
YEAR: 2022
LATITUDE: 40 40 N
LONGITUDE: 89 41 W
[TEMPERATURE DATA] [PRECIPITATION DATA] SYMBOLS USED IN COLUMN 16
AVERAGE MONTHLY: 65.8 TOTAL FOR MONTH: 3.48 1 = FOG OR MIST
DPTR FM NORMAL: 2.3 DPTR FM NORMAL: -1.21 2 = FOG REDUCING VISIBILITY
HIGHEST: 93 ON 11 GRTST 24HR 0.83 ON 5- 6 TO 1/4 MILE OR LESS
LOWEST: 42 ON 4 3 = THUNDER
SNOW, ICE PELLETS, HAIL 4 = ICE PELLETS
TOTAL MONTH: 0.0 INCH 5 = HAIL
GRTST 24HR 0.0 6 = FREEZING RAIN OR DRIZZLE
GRTST DEPTH: 0 7 = DUSTSTORM OR SANDSTORM:
VSBY 1/2 MILE OR LESS
8 = SMOKE OR HAZE
[NO. OF DAYS WITH] [WEATHER - DAYS WITH] 9 = BLOWING SNOW
X = TORNADO
MAX 32 OR BELOW: 0 0.01 INCH OR MORE: 13
MAX 90 OR ABOVE: 3 0.10 INCH OR MORE: 8
MIN 32 OR BELOW: 0 0.50 INCH OR MORE: 3
MIN 0 OR BELOW: 0 1.00 INCH OR MORE: 0
[HDD (BASE 65) ]
TOTAL THIS MO. 117 CLEAR (SCALE 0-3) 16
DPTR FM NORMAL -18 PTCLDY (SCALE 4-7) 8
TOTAL FM JUL 1 5419 CLOUDY (SCALE 8-10) 7
DPTR FM NORMAL -182
[CDD (BASE 65) ]
TOTAL THIS MO. 151
DPTR FM NORMAL 63 [PRESSURE DATA]
TOTAL FM JAN 1 163 HIGHEST SLP 30.35 ON 22
DPTR FM NORMAL 61 LOWEST SLP 29.38 ON 20
[REMARKS]
#FINAL-05-22#