000
CXUS54 KBRO 010800
CF6PIL
PRELIMINARY LOCAL CLIMATOLOGICAL DATA (WS FORM: F-6)
STATION: BAYVIEW
MONTH: OCTOBER
YEAR: 2022
LATITUDE: 26 10 N
LONGITUDE: 97 20 W
TEMPERATURE IN F: :PCPN: SNOW: WIND :SUNSHINE: SKY :PK WND
================================================================================
1 2 3 4 5 6A 6B 7 8 9 10 11 12 13 14 15 16 17 18
12Z AVG MX 2MIN
DY MAX MIN AVG DEP HDD CDD WTR SNW DPTH SPD SPD DIR MIN PSBL S-S WX SPD DR
================================================================================
1 84 69 77 -3 0 12 0.00 0.0 0 6.6 15 40 M M 2 21 60
2 87 68 78 -2 0 13 0.00 0.0 0 6.8 16 80 M M 3 23 60
3 86 69 78 -2 0 13 0.00 0.0 0 5.3 14 20 M M 0 18 70
4 86 70 78 -2 0 13 0.00 0.0 0 5.1 13 80 M M 1 18 60
5 87 67 77 -3 0 12 0.00 0.0 0 4.6 13 80 M M 0 17 80
6 87 69 78 -1 0 13 0.00 0.0 0 6.0 15 50 M M 2 22 30
7 83 74 79 0 0 14 0.34 0.0 0 6.4 16 40 M M 4 1 22 20
8 88 71 80 1 0 15 0.11 0.0 0 6.9 22 30 M M 2 1 29 30
9 86 72 79 0 0 14 0.02 0.0 0 7.5 16 100 M M 4 21 70
10 86 75 81 3 0 16 0.00 0.0 0 9.8 16 90 M M 1 22 90
11 88 71 80 2 0 15 0.00 0.0 0 6.3 16 80 M M 1 8 21 80
12 89 72 81 3 0 16 0.00 0.0 0 5.6 14 60 M M 1 1 21 50
13 88 74 81 3 0 16 0.00 0.0 0 7.1 15 80 M M 0 21 90
14 88 74 81 3 0 16 0.00 0.0 0 7.6 15 90 M M 5 22 80
15 88 77 83 6 0 18 0.00 0.0 0 11.5 18 110 M M 2 25 110
16 90 75 83 6 0 18 0.00 0.0 0 10.3 21 110 M M 2 28 130
17 87 76 82 5 0 17 0.60 0.0 0 11.9 25 40 M M 5 1 34 40
18 77 54 66 -11 0 1 0.01 0.0 0 16.8 29 330 M M 8 40 340
19 75 54 65 -11 0 0 0.00 0.0 0 9.3 23 350 M M 0 30 340
20 79 52 66 -10 0 1 0.00 0.0 0 7.0 18 100 M M 0 23 100
21 82 60 71 -5 0 6 0.00 0.0 0 9.4 21 130 M M 0 29 140
22 86 67 77 1 0 12 0.00 0.0 0 12.6 26 150 M M 3 35 150
23 89 71 80 5 0 15 T 0.0 0 16.3 29 150 M M 2 38 170
24 87 79 83 8 0 18 T 0.0 0 17.3 29 160 M M 7 41 150
25 79 65 72 -3 0 7 0.06 0.0 0 11.7 30 350 M M 4 1 43 340
26 81 64 73 -1 0 8 0.00 0.0 0 7.4 16 70 M M 3 23 60
27 82 65 74 0 0 9 0.18 0.0 0 9.2 18 110 M M 5 24 120
28 88 65 77 3 0 12 0.04 0.0 0 11.1 28 330 M M 4 18 36 320
29 80 53 67 -7 0 2 0.00 0.0 0 6.4 13 100 M M 0 19 300
30 80 57 69 -4 0 4 0.00 0.0 0 4.8 13 90 M M 5 16 90
31 80 68 74 1 0 9 0.28 0.0 0 9.2 18 100 M M 10 1 25 100
================================================================================
SM 2623 2097 0 355 1.64 0.0 273.8 M 86
================================================================================
AV 84.6 67.6 8.8 FASTST M M 3 MAX(MPH)
MISC ----> 30 350 43 340
================================================================================
NOTES:
# LAST OF SEVERAL OCCURRENCES
COLUMN 17 PEAK WIND IN M.P.H.
PRELIMINARY LOCAL CLIMATOLOGICAL DATA (WS FORM: F-6) , PAGE 2
STATION: BAYVIEW
MONTH: OCTOBER
YEAR: 2022
LATITUDE: 26 10 N
LONGITUDE: 97 20 W
[TEMPERATURE DATA] [PRECIPITATION DATA] SYMBOLS USED IN COLUMN 16
AVERAGE MONTHLY: 76.1 TOTAL FOR MONTH: 1.64 1 = FOG OR MIST
DPTR FM NORMAL: -0.8 DPTR FM NORMAL: -1.09 2 = FOG REDUCING VISIBILITY
HIGHEST: 90 ON 16 GRTST 24HR 0.60 ON 17-17 TO 1/4 MILE OR LESS
LOWEST: 52 ON 20 3 = THUNDER
SNOW, ICE PELLETS, HAIL 4 = ICE PELLETS
TOTAL MONTH: 0.0 INCH 5 = HAIL
GRTST 24HR 0.0 6 = FREEZING RAIN OR DRIZZLE
GRTST DEPTH: 0 7 = DUSTSTORM OR SANDSTORM:
VSBY 1/2 MILE OR LESS
8 = SMOKE OR HAZE
[NO. OF DAYS WITH] [WEATHER - DAYS WITH] 9 = BLOWING SNOW
X = TORNADO
MAX 32 OR BELOW: 0 0.01 INCH OR MORE: 9
MAX 90 OR ABOVE: 1 0.10 INCH OR MORE: 5
MIN 32 OR BELOW: 0 0.50 INCH OR MORE: 1
MIN 0 OR BELOW: 0 1.00 INCH OR MORE: 0
[HDD (BASE 65) ]
TOTAL THIS MO. 0 CLEAR (SCALE 0-3) 19
DPTR FM NORMAL -4 PTCLDY (SCALE 4-7) 10
TOTAL FM JUL 1 0 CLOUDY (SCALE 8-10) 2
DPTR FM NORMAL 0
[CDD (BASE 65) ]
TOTAL THIS MO. 355
DPTR FM NORMAL -19 [PRESSURE DATA]
TOTAL FM JAN 1 3971 HIGHEST SLP M ON M
DPTR FM NORMAL 98 LOWEST SLP 29.68 ON 24
[REMARKS]
#FINAL-10-22#