000
CXUS51 KRLX 021952
CF6PKB
PRELIMINARY LOCAL CLIMATOLOGICAL DATA (WS FORM: F-6)
STATION: PARKERSBURG WV
MONTH: APRIL
YEAR: 2023
LATITUDE: 39 20 N
LONGITUDE: 81 26 W
TEMPERATURE IN F: :PCPN: SNOW: WIND :SUNSHINE: SKY :PK WND
================================================================================
1 2 3 4 5 6A 6B 7 8 9 10 11 12 13 14 15 16 17 18
12Z AVG MX 2MIN
DY MAX MIN AVG DEP HDD CDD WTR SNW DPTH SPD SPD DIR MIN PSBL S-S WX SPD DR
================================================================================
1 70 39 55 6 10 0 0.50 M M 13.9 32 300 M M 7 13 47 290
2 46 36 41 -9 24 0 T M M 4.3 12 280 M M 8 17 300
3 73 31 52 2 13 0 0.00 M M 3.8 14 200 M M 2 19 230
4 79 47 63 13 2 0 T M M 4.6 12 260 M M 3 16 220
5 86 57 72 21 0 7 0.06 M M 11.0 33 310 M M 2 13 48 300
6 62 47 55 4 10 0 T M M 5.3 15 300 M M 10 21 290
7 56 40 48 -4 17 0 0.00 M M 5.6 15 50 M M 1 18 60
8 56 34 45 -7 20 0 0.00 M M 5.9 14 60 M M 0 18 60
9 65 29 47 -5 18 0 0.00 M M 4.3 18 50 M M 0 23 30
10 72 31 52 -1 13 0 0.00 M M 0.9 9 170 M M 0 8 14 330
11 76 33 55 2 10 0 0.00 M M 3.6 16 270 M M 0 8 21 270
12 81 47 64 10 1 0 0.00 M M 4.5 16 210 M M 0 22 260
13 85 43 64 10 1 0 0.00 M M 1.2 10 140 M M 0 14 190
14 78 48 63 9 2 0 0.31 M M 3.3 23 210 M M 2 13 35 210
15 78 52 65 10 0 0 0.00 M M 4.4 14 210 M M 5 123 17 190
16 79 49 64 9 1 0 0.14 M M 7.6 31 280 M M 5 1 46 290
17 50 41 46 -9 19 0 0.01 M M 8.5 22 270 M M 9 18 39 270
18 65 36 51 -5 14 0 0.00 M M 7.3 20 280 M M 1 29 240
19 77 33 55 -1 10 0 0.00 M M 1.5 9 270 M M 0 13 280
20 86 44 65 9 0 0 0.00 M M 4.6 17 200 M M 0 25 190
21 81 52 67 10 0 2 0.10 M M 8.1 21 230 M M 1 1 28 220
22 61 46 54 -3 11 0 0.42 M M 6.7 24 280 M M 6 13 35 290
23 49 36 43 -14 22 0 0.00 M M 6.0 14 260 M M 9 21 280
24 55 33 44 -14 21 0 0.00 M M 5.1 16 300 M M 7 22 290
25 63 28 46 -12 19 0 0.00 M M 1.1 10 180 M M 3 1 14 190
26 68 39 54 -4 11 0 T M M 4.3 14 290 M M 4 20 280
27 71 36 54 -5 11 0 T M M 4.4 12 40 M M 1 16 160
28 69 54 62 3 3 0 1.08 M M 5.5 14 80 M M 10 13 21 90
29 65 52 59 0 6 0 T M M 5.1 13 200 M M 7 19 210
30 63 44 54 -5 11 0 0.10 M M 5.9 20 280 M M 4 1 27 280
================================================================================
SM 2065 1237 300 9 2.72 M 158.3 M 107
================================================================================
AV 68.8 41.2 5.3 FASTST M M 4 MAX(MPH)
MISC ----> 33 310 48 300
================================================================================
NOTES:
# LAST OF SEVERAL OCCURRENCES
COLUMN 17 PEAK WIND IN M.P.H.
PRELIMINARY LOCAL CLIMATOLOGICAL DATA (WS FORM: F-6) , PAGE 2
STATION: PARKERSBURG WV
MONTH: APRIL
YEAR: 2023
LATITUDE: 39 20 N
LONGITUDE: 81 26 W
[TEMPERATURE DATA] [PRECIPITATION DATA] SYMBOLS USED IN COLUMN 16
AVERAGE MONTHLY: 55.0 TOTAL FOR MONTH: 2.72 1 = FOG OR MIST
DPTR FM NORMAL: 0.4 DPTR FM NORMAL: -0.90 2 = FOG REDUCING VISIBILITY
HIGHEST: 86 ON 20, 5 GRTST 24HR 1.08 ON 28-28 TO 1/4 MILE OR LESS
LOWEST: 28 ON 25 3 = THUNDER
SNOW, ICE PELLETS, HAIL 4 = ICE PELLETS
TOTAL MONTH: M 5 = HAIL
GRTST 24HR M ON M 6 = FREEZING RAIN OR DRIZZLE
GRTST DEPTH: M ON M 7 = DUSTSTORM OR SANDSTORM:
VSBY 1/2 MILE OR LESS
8 = SMOKE OR HAZE
[NO. OF DAYS WITH] [WEATHER - DAYS WITH] 9 = BLOWING SNOW
X = TORNADO
MAX 32 OR BELOW: 0 0.01 INCH OR MORE: 9
MAX 90 OR ABOVE: 0 0.10 INCH OR MORE: 7
MIN 32 OR BELOW: 4 0.50 INCH OR MORE: 2
MIN 0 OR BELOW: 0 1.00 INCH OR MORE: 1
[HDD (BASE 65) ]
TOTAL THIS MO. 300 CLEAR (SCALE 0-3) 16
DPTR FM NORMAL -29 PTCLDY (SCALE 4-7) 10
TOTAL FM JUL 1 4221 CLOUDY (SCALE 8-10) 4
DPTR FM NORMAL -519
[CDD (BASE 65) ]
TOTAL THIS MO. 9
DPTR FM NORMAL -9 [PRESSURE DATA]
TOTAL FM JAN 1 9 HIGHEST SLP 30.52 ON 8
DPTR FM NORMAL -11 LOWEST SLP 29.38 ON 30
[REMARKS]
#FINAL-04-23#