073
CXUS53 KAPX 010830
CF6PLN
PRELIMINARY LOCAL CLIMATOLOGICAL DATA (WS FORM: F-6)
STATION: PELLSTON
MONTH: JANUARY
YEAR: 2021
LATITUDE: 45 34 N
LONGITUDE: 84 48 W
TEMPERATURE IN F: :PCPN: SNOW: WIND :SUNSHINE: SKY :PK WND
================================================================================
1 2 3 4 5 6A 6B 7 8 9 10 11 12 13 14 15 16 17 18
12Z AVG MX 2MIN
DY MAX MIN AVG DEP HDD CDD WTR SNW DPTH SPD SPD DIR MIN PSBL S-S WX SPD DR
================================================================================
1 28 11 20 1 45 0 0.00 M M 4.7 10 140 M M 5 15 190
2 34 14 24 5 41 0 0.00 M M 1.3 8 220 M M 8 128 12 230
3 31 13 22 4 43 0 0.00 M M 4.4 10 180 M M 10 18 15 160
4 36 17 27 9 38 0 0.00 M M 5.3 13 220 M M 7 1 20 240
5 34 29 32 14 33 0 0.02 M M 4.2 12 320 M M 10 1 15 320
6 37 28 33 15 32 0 0.00 M M 2.9 9 20 M M 10 1 10 60
7 33 12 23 5 42 0 0.00 M M 1.8 12 20 M M 4 128 13 20
8 27 0 14 -4 51 0 0.00 M M 2.3 10 360 M M 2 13 360
9 32 3 18 1 47 0 T M M 3.6 13 320 M M 7 1 16 340
10 33 30 32 15 33 0 T M M 4.4 12 210 M M 10 18 16 200
11 31 28 30 13 35 0 0.00 M M 8.6 21 250 M M 10 1 30 230
12 35 29 32 15 33 0 T M M 2.8 12 220 M M 10 1 20 220
13 37 29 33 16 32 0 0.00 M M 6.4 16 270 M M 10 18 25 280
14 38 20 29 12 36 0 0.00 M M 5.7 15 130 M M 9 12 25 130
15 38 34 36 20 29 0 0.06 M M 11.9 18 90 M M 10 18 27 130
16 35 32 34 18 31 0 0.07 M M 7.6 12 320 M M 10 1 16 320
17 32 26 29 13 36 0 T M M 6.7 16 330 M M 10 18 21 300
18 30 23 27 11 38 0 0.03 M M 2.7 10 290 M M 10 1 15 290
19 28 18 23 7 42 0 0.02 M M 11.4 17 310 M M 10 128 25 300
20 28 17 23 7 42 0 T M M 10.3 22 200 M M 10 168 39 190
21 38 22 30 14 35 0 0.13 M M 15.0 24 320 M M 10 1 42 260
22 22 15 19 3 46 0 0.01 M M 13.4 24 320 M M 10 1 34 320
23 25 9 17 1 48 0 T M M 4.1 17 310 M M 10 1 25 310
24 30 8 19 3 46 0 0.03 M M 4.6 16 330 M M 9 18 21 310
25 26 2 14 -2 51 0 0.00 M M 2.6 14 310 M M 8 12 16 310
26 23 13 18 2 47 0 0.00 M M 9.8 17 40 M M 9 8 22 40
27 20 -5 8 -8 57 0 T M M 7.3 20 330 M M 7 18 25 330
28 20 14 17 1 48 0 T M M 10.2 21 330 M M 10 8 27 320
29 24 0 12 -4 53 0 T M M 6.9 16 330 M M 8 21 320
30 28 -8 10 -6 55 0 0.00 M M 4.9 13 100 M M 0 18 100
31 27 10 19 3 46 0 0.00 M M 9.8 21 100 M M 6 27 100
================================================================================
SM 940 493 1291 0 0.37 M 197.6 M 259
================================================================================
AV 30.3 15.9 6.4 FASTST M M 8 MAX(MPH)
MISC ----> # 24 320 42 260
================================================================================
NOTES:
# LAST OF SEVERAL OCCURRENCES
COLUMN 17 PEAK WIND IN M.P.H.
PRELIMINARY LOCAL CLIMATOLOGICAL DATA (WS FORM: F-6) , PAGE 2
STATION: PELLSTON
MONTH: JANUARY
YEAR: 2021
LATITUDE: 45 34 N
LONGITUDE: 84 48 W
[TEMPERATURE DATA] [PRECIPITATION DATA] SYMBOLS USED IN COLUMN 16
AVERAGE MONTHLY: 23.1 TOTAL FOR MONTH: 0.37 1 = FOG OR MIST
DPTR FM NORMAL: 6.4 DPTR FM NORMAL: -1.45 2 = FOG REDUCING VISIBILITY
HIGHEST: 38 ON 21,15 GRTST 24HR 0.13 ON 15-16 TO 1/4 MILE OR LESS
LOWEST: -8 ON 30 3 = THUNDER
SNOW, ICE PELLETS, HAIL 4 = ICE PELLETS
TOTAL MONTH: M 5 = HAIL
GRTST 24HR M ON M 6 = FREEZING RAIN OR DRIZZLE
GRTST DEPTH: M ON M 7 = DUSTSTORM OR SANDSTORM:
VSBY 1/2 MILE OR LESS
8 = SMOKE OR HAZE
[NO. OF DAYS WITH] [WEATHER - DAYS WITH] 9 = BLOWING SNOW
X = TORNADO
MAX 32 OR BELOW: 19 0.01 INCH OR MORE: 8
MAX 90 OR ABOVE: 0 0.10 INCH OR MORE: 1
MIN 32 OR BELOW: 30 0.50 INCH OR MORE: 0
MIN 0 OR BELOW: 4 1.00 INCH OR MORE: 0
[HDD (BASE 65) ]
TOTAL THIS MO. 1291 CLEAR (SCALE 0-3) 2
DPTR FM NORMAL -205 PTCLDY (SCALE 4-7) 8
TOTAL FM JUL 1 4115 CLOUDY (SCALE 8-10) 21
DPTR FM NORMAL -666
[CDD (BASE 65) ]
TOTAL THIS MO. 0
DPTR FM NORMAL 0 [PRESSURE DATA]
TOTAL FM JAN 1 0 HIGHEST SLP 30.58 ON 28
DPTR FM NORMAL 0 LOWEST SLP 29.38 ON 21
[REMARKS]
#FINAL-01-21#