000
CXUS53 KPAH 010700
CF6POF
PRELIMINARY LOCAL CLIMATOLOGICAL DATA (WS FORM: F-6)
STATION: POPLAR BLUFF MO
MONTH: DECEMBER
YEAR: 2022
LATITUDE: 36 46 N
LONGITUDE: 90 19 W
TEMPERATURE IN F: :PCPN: SNOW: WIND :SUNSHINE: SKY :PK WND
================================================================================
1 2 3 4 5 6A 6B 7 8 9 10 11 12 13 14 15 16 17 18
12Z AVG MX 2MIN
DY MAX MIN AVG DEP HDD CDD WTR SNW DPTH SPD SPD DIR MIN PSBL S-S WX SPD DR
================================================================================
1 43 23 33 -9 32 0 0.00 M M 3.5 12 100 M M 1 19 120
2 56 38 47 5 18 0 0.09 M M 8.5 22 200 M M 10 1 31 200
3 56 30 43 1 22 0 0.00 M M 9.3 21 330 M M 2 27 330
4 41 30 36 -5 29 0 0.00 M M 3.2 7 30 M M 5 9 210
5 46 41 44 3 21 0 0.00 M M 3.9 10 200 M M 10 1 14 190
6 52 42 47 6 18 0 0.05 M M 1.8 7 20 M M 10 12 9 90
7 55 50 53 12 12 0 0.22 M M 3.8 9 50 M M 10 12 13 40
8 50 47 49 9 16 0 0.78 M M 6.6 13 40 M M 10 1 19 50
9 66 42 54 14 11 0 0.00 M M 4.0 13 250 M M 5 128 17 240
10 48 40 44 4 21 0 0.39 M M 6.4 13 140 M M 8 1 18 130
11 45 40 43 3 22 0 0.00 M M 7.0 13 10 M M 9 1 17 10
12 43 36 40 0 25 0 0.00 M M 4.9 10 50 M M 10 1 15 20
13 57 35 46 7 19 0 2.81 M M 8.1 16 110 M M 8 13 25 130
14 59 40 50 11 15 0 0.35 M M 5.7 17 290 M M 9 1 24 270
15 45 33 39 0 26 0 0.00 M M 10.3 20 250 M M 2 27 280
16 45 30 38 -1 27 0 0.00 M M 10.4 22 270 M M 0 32 240
17 39 24 32 -6 33 0 0.00 M M 7.4 20 280 M M 1 27 270
18 40 21 31 -7 34 0 0.00 M M 3.4 12 260 M M 0 16 270
19 37 24 31 -7 34 0 0.00 M M 4.0 9 70 M M 6 12 110
20 47 30 39 1 26 0 0.00 M M 4.7 13 50 M M 6 17 360
21 45 29 37 -1 28 0 0.00 M M 5.8 12 50 M M 2 17 60
22 42 -2 20 -18 45 0 0.13 M M 13.0 28 310 M M 9 1289 42 330
23 10 -4 3 -35 62 0 0.00 M M 12.7 22 310 M M 0 31 270
24 28 5 17 -20 48 0 0.00 M M 9.0 18 280 M M 0 26 280
25 29 8 19 -18 46 0 0.00 M M 6.1 13 320 M M 0 18 260
26 36 25 31 -6 34 0 0.13 M M 8.9 16 340 M M 8 1 24 320
27 30 17 24 -13 41 0 0.00 M M 3.7 12 180 M M 3 1 15 170
28 52 16 34 -3 31 0 0.00 M M 6.7 20 180 M M 1 1 28 180
29 62 48 55 18 10 0 0.01 M M 12.3 21 170 M M 10 31 180
30 61 45 53 17 12 0 0.73 M M 7.6 20 170 M M 10 1 29 170
31 50 40 45 9 20 0 0.00 M M 2.4 12 170 M M 9 12 17 170
================================================================================
SM 1415 923 838 0 5.69 M 205.1 M 174
================================================================================
AV 45.6 29.8 6.6 FASTST M M 6 MAX(MPH)
MISC ----> 28 310 42 330
================================================================================
NOTES:
# LAST OF SEVERAL OCCURRENCES
COLUMN 17 PEAK WIND IN M.P.H.
PRELIMINARY LOCAL CLIMATOLOGICAL DATA (WS FORM: F-6) , PAGE 2
STATION: POPLAR BLUFF MO
MONTH: DECEMBER
YEAR: 2022
LATITUDE: 36 46 N
LONGITUDE: 90 19 W
[TEMPERATURE DATA] [PRECIPITATION DATA] SYMBOLS USED IN COLUMN 16
AVERAGE MONTHLY: 37.7 TOTAL FOR MONTH: 5.69 1 = FOG OR MIST
DPTR FM NORMAL: -1.2 DPTR FM NORMAL: 1.43 2 = FOG REDUCING VISIBILITY
HIGHEST: 66 ON 9 GRTST 24HR 3.04 ON 13-14 TO 1/4 MILE OR LESS
LOWEST: -4 ON 23 3 = THUNDER
SNOW, ICE PELLETS, HAIL 4 = ICE PELLETS
TOTAL MONTH: M 5 = HAIL
GRTST 24HR M ON M 6 = FREEZING RAIN OR DRIZZLE
GRTST DEPTH: M ON M 7 = DUSTSTORM OR SANDSTORM:
VSBY 1/2 MILE OR LESS
8 = SMOKE OR HAZE
[NO. OF DAYS WITH] [WEATHER - DAYS WITH] 9 = BLOWING SNOW
X = TORNADO
MAX 32 OR BELOW: 4 0.01 INCH OR MORE: 11
MAX 90 OR ABOVE: 0 0.10 INCH OR MORE: 8
MIN 32 OR BELOW: 16 0.50 INCH OR MORE: 3
MIN 0 OR BELOW: 2 1.00 INCH OR MORE: 1
[HDD (BASE 65) ]
TOTAL THIS MO. 838 CLEAR (SCALE 0-3) 11
DPTR FM NORMAL 29 PTCLDY (SCALE 4-7) 7
TOTAL FM JUL 1 1526 CLOUDY (SCALE 8-10) 13
DPTR FM NORMAL -52
[CDD (BASE 65) ]
TOTAL THIS MO. 0
DPTR FM NORMAL 0 [PRESSURE DATA]
TOTAL FM JAN 1 1785 HIGHEST SLP M ON M
DPTR FM NORMAL 157 LOWEST SLP 29.61 ON 14
[REMARKS]
#FINAL-12-22#