000
CXUS55 KALY 010710
CF6POU
PRELIMINARY LOCAL CLIMATOLOGICAL DATA (WS FORM: F-6)
STATION: POUGHKEEPSIE NY
MONTH: JULY
YEAR: 2022
LATITUDE: 41 37 N
LONGITUDE: 73 53 W
TEMPERATURE IN F: :PCPN: SNOW: WIND :SUNSHINE: SKY :PK WND
================================================================================
1 2 3 4 5 6A 6B 7 8 9 10 11 12 13 14 15 16 17 18
12Z AVG MX 2MIN
DY MAX MIN AVG DEP HDD CDD WTR SNW DPTH SPD SPD DIR MIN PSBL S-S WX SPD DR
================================================================================
1 94 60 77 5 0 12 0.00 M M 5.5 14 230 M M 0 20 250
2 87 69 78 6 0 13 0.54 M M 3.9 17 300 M M 4 13 22 10
3 85 57 71 -2 0 6 0.00 M M 3.5 13 330 M M 2 12 19 320
4 85 53 69 -4 0 4 0.00 M M 2.3 13 250 M M 0 18 16 220
5 85 63 74 1 0 9 T M M 3.9 16 210 M M 4 18 21 220
6 85 68 77 4 0 12 0.00 M M 6.6 17 20 M M 4 26 340
7 83 62 73 0 0 8 0.00 M M 4.1 9 170 M M 6 15 230
8 88 63 76 3 0 11 0.02 M M 2.3 10 320 M M 3 1 18 300
9 84 58 71 -3 0 6 0.00 M M 5.9 17 360 M M 1 21 10
10 83 52 68 -6 0 3 0.00 M M 2.8 10 10 M M 0 14 280
11 90 56 73 -1 0 8 0.00 M M 6.4 16 230 M M 0 8 20 250
12 93 64 79 5 0 14 0.00 M M 6.1 18 240 M M 2 27 200
13 91 63 77 3 0 12 T M M 3.0 22 350 M M 3 1 33 350
14 86 62 74 0 0 9 0.11 M M 3.0 13 350 M M 5 1 16 350
15 87 56 72 -2 0 7 0.00 M M 2.8 12 330 M M 1 17 320
16 85 61 73 -1 0 8 0.00 M M 2.6 12 120 M M 2 14 130
17 90 65 78 4 0 13 0.00 M M 3.3 12 160 M M 2 1 15 160
18 84 72 78 4 0 13 0.52 M M 4.9 14 250 M M 5 12 23 150
19 93 69 81 7 0 16 0.00 M M 6.7 15 270 M M 2 23 240
20 97 70 84 10 0 19 0.00 M M 2.6 10 240 M M 1 15 170
21 97 71 84 10 0 19 0.00 M M 5.3 20 240 M M 1 3 28 210
22 96 67 82 8 0 17 0.01 M M 3.8 24 250 M M 1 32 240
23 97 66 82 8 0 17 0.00 M M 2.6 12 240 M M 0 1 15 220
24 96 68 82 8 0 17 0.00 M M 6.1 30 280 M M 1 43 290
25 89 71 80 6 0 15 0.02 M M 6.0 18 230 M M 3 25 230
26 85 60 73 -1 0 8 0.00 M M 4.6 15 320 M M 1 21 290
27 89 56 73 -1 0 8 0.00 M M 3.5 14 230 M M 1 18 220
28 92 70 81 7 0 16 0.03 M M 4.5 17 240 M M 5 18 24 240
29 91 68 80 6 0 15 0.00 M M 5.0 18 240 M M 2 1 23 250
30 88 63 76 2 0 11 0.00 M M 5.3 18 300 M M 2 26 310
31 89 58 74 0 0 9 0.00 M M 2.2 14 230 M M 1 17 250
================================================================================
SM 2764 1961 0 355 1.25 M 131.1 M 65
================================================================================
AV 89.2 63.3 4.2 FASTST M M 2 MAX(MPH)
MISC ----> 30 280 43 290
================================================================================
NOTES:
# LAST OF SEVERAL OCCURRENCES
COLUMN 17 PEAK WIND IN M.P.H.
PRELIMINARY LOCAL CLIMATOLOGICAL DATA (WS FORM: F-6) , PAGE 2
STATION: POUGHKEEPSIE NY
MONTH: JULY
YEAR: 2022
LATITUDE: 41 37 N
LONGITUDE: 73 53 W
[TEMPERATURE DATA] [PRECIPITATION DATA] SYMBOLS USED IN COLUMN 16
AVERAGE MONTHLY: 76.2 TOTAL FOR MONTH: 1.25 1 = FOG OR MIST
DPTR FM NORMAL: 2.6 DPTR FM NORMAL: -2.53 2 = FOG REDUCING VISIBILITY
HIGHEST: 97 ON 23,21 GRTST 24HR 0.54 ON 2- 2 TO 1/4 MILE OR LESS
LOWEST: 52 ON 10 3 = THUNDER
SNOW, ICE PELLETS, HAIL 4 = ICE PELLETS
TOTAL MONTH: M 5 = HAIL
GRTST 24HR M ON M 6 = FREEZING RAIN OR DRIZZLE
GRTST DEPTH: M ON M 7 = DUSTSTORM OR SANDSTORM:
VSBY 1/2 MILE OR LESS
8 = SMOKE OR HAZE
[NO. OF DAYS WITH] [WEATHER - DAYS WITH] 9 = BLOWING SNOW
X = TORNADO
MAX 32 OR BELOW: 0 0.01 INCH OR MORE: 7
MAX 90 OR ABOVE: 13 0.10 INCH OR MORE: 3
MIN 32 OR BELOW: 0 0.50 INCH OR MORE: 2
MIN 0 OR BELOW: 0 1.00 INCH OR MORE: 0
[HDD (BASE 65) ]
TOTAL THIS MO. 0 CLEAR (SCALE 0-3) 22
DPTR FM NORMAL -3 PTCLDY (SCALE 4-7) 9
TOTAL FM JUL 1 0 CLOUDY (SCALE 8-10) 0
DPTR FM NORMAL 0
[CDD (BASE 65) ]
TOTAL THIS MO. 355
DPTR FM NORMAL 87 [PRESSURE DATA]
TOTAL FM JAN 1 531 HIGHEST SLP M ON M
DPTR FM NORMAL 84 LOWEST SLP 29.56 ON 21
[REMARKS]
#FINAL-07-22#