000
CXUS55 KALY 010710
CF6POU
PRELIMINARY LOCAL CLIMATOLOGICAL DATA (WS FORM: F-6)
STATION: POUGHKEEPSIE NY
MONTH: SEPTEMBER
YEAR: 2020
LATITUDE: 41 37 N
LONGITUDE: 73 53 W
TEMPERATURE IN F: :PCPN: SNOW: WIND :SUNSHINE: SKY :PK WND
================================================================================
1 2 3 4 5 6A 6B 7 8 9 10 11 12 13 14 15 16 17 18
12Z AVG MX 2MIN
DY MAX MIN AVG DEP HDD CDD WTR SNW DPTH SPD SPD DIR MIN PSBL S-S WX SPD DR
================================================================================
1 76 59 68 0 0 3 0.00 M M 3.0 10 130 M M 8 8 15 120
2 78 66 72 4 0 7 0.71 M M 3.3 14 220 M M 9 13 20 230
3 83 67 75 7 0 10 0.01 M M 1.6 18 10 M M 5 13 23 40
4 83 57 70 3 0 5 0.00 M M 4.3 15 310 M M 2 19 280
5 79 52 66 -1 0 1 0.00 M M 2.2 18 250 M M 1 24 240
6 80 57 69 2 0 4 0.00 M M 1.9 9 320 M M 4 12 320
7 81 59 70 4 0 5 0.00 M M 5.2 15 170 M M 0 23 200
8 85 58 72 6 0 7 0.00 M M 2.1 10 240 M M 0 1 13 150
9 84 61 73 7 0 8 0.00 M M 2.0 8 150 M M 0 11 180
10 82 69 76 11 0 11 0.02 M M 1.5 9 290 M M 8 3 12 280
11 73 56 65 0 0 0 0.00 M M 7.3 20 20 M M 5 24 40
12 74 49 62 -3 3 0 0.00 M M 4.0 10 160 M M 2 18 120
13 77 51 64 0 1 0 0.00 M M 4.6 15 150 M M 6 22 180
14 77 54 66 2 0 1 0.00 M M 6.6 17 20 M M 1 22 10
15 66 43 55 -9 10 0 0.00 M M 2.5 12 30 M M 0 15 40
16 73 43 58 -5 7 0 0.00 M M 3.4 14 240 M M 0 19 160
17 76 47 62 -1 3 0 0.00 M M 3.3 14 10 M M 1 1 17 360
18 70 47 59 -3 6 0 0.00 M M 10.0 22 20 M M 5 29 20
19 63 36 50 -12 15 0 0.00 M M 4.0 18 340 M M 0 24 10
20 64 35 50 -11 15 0 0.00 M M 4.7 17 20 M M 1 22 20
21 68 31 50 -11 15 0 0.00 M M 1.8 14 20 M M 0 19 20
22 72 33 53 -8 12 0 0.00 M M 3.9 15 320 M M 1 12 21 320
23 82 40 61 1 4 0 0.00 M M 3.3 16 290 M M 1 22 270
24 79 46 63 3 2 0 0.00 M M 2.1 13 240 M M 0 1 17 240
25 82 49 66 7 0 1 0.00 M M 1.5 9 130 M M 1 1 12 250
26 78 53 66 7 0 1 0.00 M M 4.6 12 140 M M 7 1 16 250
27 81 63 72 14 0 7 0.03 M M 2.9 9 130 M M 8 1 16 110
28 80 64 72 14 0 7 T M M 5.6 13 210 M M 6 1 21 220
29 72 64 68 10 0 3 1.25 M M 3.1 9 140 M M 9 18 13 140
30 73 52 63 6 2 0 1.30 M M 7.5 23 250 M M 6 1 29 260
================================================================================
SM 2291 1561 95 81 3.32 M 113.8 M 97
================================================================================
AV 76.4 52.0 3.8 FASTST M M 3 MAX(MPH)
MISC ----> 23 250 # 29 20
================================================================================
NOTES:
# LAST OF SEVERAL OCCURRENCES
COLUMN 17 PEAK WIND IN M.P.H.
PRELIMINARY LOCAL CLIMATOLOGICAL DATA (WS FORM: F-6) , PAGE 2
STATION: POUGHKEEPSIE NY
MONTH: SEPTEMBER
YEAR: 2020
LATITUDE: 41 37 N
LONGITUDE: 73 53 W
[TEMPERATURE DATA] [PRECIPITATION DATA] SYMBOLS USED IN COLUMN 16
AVERAGE MONTHLY: 64.2 TOTAL FOR MONTH: 3.32 1 = FOG OR MIST
DPTR FM NORMAL: 1.1 DPTR FM NORMAL: -0.96 2 = FOG REDUCING VISIBILITY
HIGHEST: 85 ON 8 GRTST 24HR 2.55 ON 29-30 TO 1/4 MILE OR LESS
LOWEST: 31 ON 21 3 = THUNDER
SNOW, ICE PELLETS, HAIL 4 = ICE PELLETS
TOTAL MONTH: M 5 = HAIL
GRTST 24HR M ON M 6 = FREEZING RAIN OR DRIZZLE
GRTST DEPTH: M ON M 7 = DUSTSTORM OR SANDSTORM:
VSBY 1/2 MILE OR LESS
8 = SMOKE OR HAZE
[NO. OF DAYS WITH] [WEATHER - DAYS WITH] 9 = BLOWING SNOW
X = TORNADO
MAX 32 OR BELOW: 0 0.01 INCH OR MORE: 6
MAX 90 OR ABOVE: 0 0.10 INCH OR MORE: 3
MIN 32 OR BELOW: 1 0.50 INCH OR MORE: 3
MIN 0 OR BELOW: 0 1.00 INCH OR MORE: 2
[HDD (BASE 65) ]
TOTAL THIS MO. 95 CLEAR (SCALE 0-3) 17
DPTR FM NORMAL -28 PTCLDY (SCALE 4-7) 9
TOTAL FM JUL 1 97 CLOUDY (SCALE 8-10) 4
DPTR FM NORMAL -44
[CDD (BASE 65) ]
TOTAL THIS MO. 81
DPTR FM NORMAL 17 [PRESSURE DATA]
TOTAL FM JAN 1 1017 HIGHEST SLP M ON M
DPTR FM NORMAL 349 LOWEST SLP 29.39 ON 30
[REMARKS]
#FINAL-09-20#