000
CXUS51 KALY 011500
CLAPOU
CLIMATE REPORT
NATIONAL WEATHER SERVICE ALBANY NY
1000 AM EST SAT JAN 01 2022
...................................
...THE POUGHKEEPSIE NY CLIMATE SUMMARY FOR THE YEAR OF 2021...
CLIMATE NORMAL PERIOD: 1991 TO 2020
CLIMATE RECORD PERIOD: 1931 TO 2021
WEATHER OBSERVED NORMAL DEPART LAST YEAR`S
VALUE DATE(S) VALUE FROM VALUE DATE(S)
NORMAL
................................................................
TEMPERATURE (F)
RECORD
HIGH 104 08/01/1933
LOW -30 01/21/1961
HIGHEST 98 06/30 97 07/19
07/27
LOWEST 0 02/12 -3 12/19
AVG. MAXIMUM 62.6 61.0 1.6 63.6
AVG. MINIMUM 42.0 40.0 2.0 41.9
MEAN 52.3 50.5 1.8 52.8
DAYS MAX >= 90 20 18.6 1.4 31
DAYS MAX <= 32 21 26.5 -5.5 11
DAYS MIN <= 32 127 135.4 -8.4 124
DAYS MIN <= 0 1 4.2 -3.2 1
PRECIPITATION (INCHES)
RECORD
MAXIMUM 62.01 2011
MINIMUM 24.52 1964
TOTALS 43.74 41.90 1.84 32.82
DAILY AVG. 0.12 0.09
DAYS >= .01 137 132.3 4.7
DAYS >= .10 71 77.2 -6.2
DAYS >= .50 23 26.8 -3.8
DAYS >= 1.00 10 9.2 0.8
GREATEST
24 HR. TOTAL 5.64 09/01 TO 09/02
DEGREE DAYS
HEATING TOTAL 5370 5995 -625 5379
SINCE 7/1 1803 2245 -442 1993
COOLING TOTAL 905 745 160 1020
SINCE 1/1 905 744 161 1020
................................................................
WIND (MPH)
AVERAGE WIND SPEED 4.5
HIGHEST WIND SPEED/DIRECTION 35/280 DATE 06/30
HIGHEST GUST SPEED/DIRECTION 57/290 DATE 06/30
WEATHER CONDITIONS. NUMBER OF DAYS WITH
THUNDERSTORM 8 MIXED PRECIP 0
HEAVY RAIN 30 RAIN 47
LIGHT RAIN 110 FREEZING RAIN 2
LT FREEZING RAIN 4 HAIL 0
HEAVY SNOW 2 SNOW 8
LIGHT SNOW 29 SLEET 0
FOG 195 FOG W/VIS <= 1/4 MILE 32
HAZE 54
- INDICATES NEGATIVE NUMBERS.
R INDICATES RECORD WAS SET OR TIED.
MM INDICATES DATA IS MISSING.
T INDICATES TRACE AMOUNT.
$$