000
CXUS51 KALY 011555
CLSPOU
CLIMATE REPORT
NATIONAL WEATHER SERVICE ALBANY NY
1055 AM EST TUE MAR 01 2022
...................................
...THE POUGHKEEPSIE NY CLIMATE SUMMARY FOR THE SEASON, FROM
12/1/2021 TO 2/28/2022...
CLIMATE NORMAL PERIOD: 1991 TO 2020
CLIMATE RECORD PERIOD: 1931 TO 2022
WEATHER OBSERVED NORMAL DEPART LAST YEAR`S
VALUE DATE(S) VALUE FROM VALUE DATE(S)
NORMAL
................................................................
TEMPERATURE (F)
RECORD
HIGH 76 02/21/2018
LOW -30 01/21/1961
HIGHEST 68 02/23 65 12/25
LOWEST -3 01/30 -3 12/19
AVG. MAXIMUM 40.5 38.4 2.1 38.2
AVG. MINIMUM 20.9 20.5 0.4 21.4
MEAN 30.7 29.5 1.2 29.8
DAYS MAX >= 90 0 0.0 0.0 0
DAYS MAX <= 32 21 24.6 -3.6 23
DAYS MIN <= 32 79 79.7 -0.7 83
DAYS MIN <= 0 3 3.9 -0.9 2
PRECIPITATION (INCHES)
RECORD
MAXIMUM 13.97 1974
MINIMUM 2.82 1944
TOTALS 6.35 8.42 -2.07 6.18
DAILY AVG. 0.07 0.07
DAYS >= .01 35 30.4 4.6 33
DAYS >= .10 17 18.3 -1.3 17
DAYS >= .50 3 5.5 -2.5 2
DAYS >= 1.00 1 1.3 -0.3 1
GREATEST
24 HR. TOTAL 1.42 02/03 TO 02/04
DEGREE DAYS
HEATING TOTAL 3064 3195 -131 3135
SINCE 7/1 4057 4422 -395 4151
COOLING TOTAL 0 0 0 0
SINCE 1/1 0 0 0 0
................................................................
WIND (MPH)
AVERAGE WIND SPEED 5.0
HIGHEST WIND SPEED/DIRECTION 35/280 DATE 12/06
HIGHEST GUST SPEED/DIRECTION 39/250 DATE 01/18
WEATHER CONDITIONS. NUMBER OF DAYS WITH
THUNDERSTORM 2 MIXED PRECIP 0
HEAVY RAIN 1 RAIN 12
LIGHT RAIN 17 FREEZING RAIN 3
LT FREEZING RAIN 6 HAIL 0
HEAVY SNOW 3 SNOW 9
LIGHT SNOW 17 SLEET 0
FOG 56 FOG W/VIS <= 1/4 MILE 13
HAZE 50
- INDICATES NEGATIVE NUMBERS.
R INDICATES RECORD WAS SET OR TIED.
MM INDICATES DATA IS MISSING.
T INDICATES TRACE AMOUNT.
$$