000
CXUS56 KLOX 011155
CF6PRB
PRELIMINARY LOCAL CLIMATOLOGICAL DATA (WS FORM: F-6)
STATION: PASO ROBLES AIRPORT CA
MONTH: SEPTEMBER
YEAR: 2021
LATITUDE: 35 40 N
LONGITUDE: 120 38 W
TEMPERATURE IN F: :PCPN: SNOW: WIND :SUNSHINE: SKY :PK WND
================================================================================
1 2 3 4 5 6A 6B 7 8 9 10 11 12 13 14 15 16 17 18
12Z AVG MX 2MIN
DY MAX MIN AVG DEP HDD CDD WTR SNW DPTH SPD SPD DIR MIN PSBL S-S WX SPD DR
================================================================================
1 79 53 66 -7 0 1 0.00 M M 9.7 22 210 M M 3 27 220
2 81 54 68 -4 0 3 0.00 M M 7.8 21 200 M M 4 27 210
3 91 52 72 0 0 7 0.00 M M 6.2 17 200 M M 3 18 21 190
4 97 47 72 0 0 7 0.00 M M 5.3 18 210 M M 0 22 200
5 104 50 77 5 0 12 0.00 M M 3.6 15 300 M M 0 18 300
6 108 57 83 11 0 18 0.00 M M 4.3 20 310 M M 0 23 300
7 95 60 78 6 0 13 0.00 M M 6.8 23 210 M M 0 27 210
8 106 60 83 11 0 18 0.00 M M 4.1 23 190 M M 0 27 200
9 100 61 81 9 0 16 0.00 M M 5.4 20 230 M M 0 23 220
10 98 61 80 9 0 15 0.00 M M 6.4 18 300 M M 0 22 300
11 95 56 76 5 0 11 0.00 M M 5.3 16 200 M M 0 19 200
12 100 53 77 6 0 12 0.00 M M 4.8 17 200 M M 0 21 220
13 100 54 77 6 0 12 0.00 M M 4.3 16 310 M M 0 20 320
14 92 52 72 2 0 7 0.00 M M 6.5 24 210 M M 0 29 210
15 87 52 70 0 0 5 0.00 M M 6.8 22 190 M M 1 12 26 200
16 78 52 65 -5 0 0 0.00 M M 8.5 23 200 M M 2 18 30 210
17 77 52 65 -5 0 0 0.00 M M 7.5 23 200 M M 3 18 28 210
18 79 51 65 -5 0 0 0.00 M M 6.7 18 200 M M 4 21 190
19 87 57 72 3 0 7 0.00 M M 7.7 18 310 M M 4 23 320
20 91 48 70 1 0 5 0.00 M M 5.2 15 120 M M 0 19 120
21 100 54 77 8 0 12 0.00 M M 4.6 21 210 M M 0 25 210
22 98 54 76 7 0 11 0.00 M M 5.6 22 210 M M 0 26 240
23 101 52 77 9 0 12 0.00 M M 3.6 13 190 M M 0 15 190
24 98 55 77 9 0 12 0.00 M M 4.0 17 210 M M 0 20 200
25 90 55 73 5 0 8 0.00 M M 5.7 22 190 M M 2 18 28 190
26 77 55 66 -2 0 1 0.00 M M 5.4 15 210 M M 3 1 18 200
27 87 54 71 4 0 6 0.00 M M 7.4 22 310 M M 4 1 26 300
28 79 54 67 0 0 2 0.00 M M 8.7 20 330 M M 3 24 340
29 84 40 62 -5 3 0 0.00 M M 4.2 14 300 M M 0 17 300
30 93 42 68 1 0 3 0.00 M M 3.2 12 260 M M 0 14 260
================================================================================
SM 2752 1597 3 236 0.00 M 175.3 M 36
================================================================================
AV 91.7 53.2 5.8 FASTST M M 1 MAX(MPH)
MISC ----> 24 210 30 210
================================================================================
NOTES:
# LAST OF SEVERAL OCCURRENCES
COLUMN 17 PEAK WIND IN M.P.H.
PRELIMINARY LOCAL CLIMATOLOGICAL DATA (WS FORM: F-6) , PAGE 2
STATION: PASO ROBLES AIRPORT CA
MONTH: SEPTEMBER
YEAR: 2021
LATITUDE: 35 40 N
LONGITUDE: 120 38 W
[TEMPERATURE DATA] [PRECIPITATION DATA] SYMBOLS USED IN COLUMN 16
AVERAGE MONTHLY: 72.5 TOTAL FOR MONTH: 0.00 1 = FOG OR MIST
DPTR FM NORMAL: 2.5 DPTR FM NORMAL: -0.06 2 = FOG REDUCING VISIBILITY
HIGHEST: 108 ON 6 GRTST 24HR 0.00 ON 1- 1 TO 1/4 MILE OR LESS
LOWEST: 40 ON 29 3 = THUNDER
SNOW, ICE PELLETS, HAIL 4 = ICE PELLETS
TOTAL MONTH: M 5 = HAIL
GRTST 24HR M ON M 6 = FREEZING RAIN OR DRIZZLE
GRTST DEPTH: M ON M 7 = DUSTSTORM OR SANDSTORM:
VSBY 1/2 MILE OR LESS
8 = SMOKE OR HAZE
[NO. OF DAYS WITH] [WEATHER - DAYS WITH] 9 = BLOWING SNOW
X = TORNADO
MAX 32 OR BELOW: 0 0.01 INCH OR MORE: 0
MAX 90 OR ABOVE: 19 0.10 INCH OR MORE: 0
MIN 32 OR BELOW: 0 0.50 INCH OR MORE: 0
MIN 0 OR BELOW: 0 1.00 INCH OR MORE: 0
[HDD (BASE 65) ]
TOTAL THIS MO. 3 CLEAR (SCALE 0-3) 25
DPTR FM NORMAL -17 PTCLDY (SCALE 4-7) 5
TOTAL FM JUL 1 3 CLOUDY (SCALE 8-10) 0
DPTR FM NORMAL -21
[CDD (BASE 65) ]
TOTAL THIS MO. 236
DPTR FM NORMAL 66 [PRESSURE DATA]
TOTAL FM JAN 1 1268 HIGHEST SLP 30.12 ON 22
DPTR FM NORMAL 352 LOWEST SLP 29.76 ON 8
[REMARKS]
#FINAL-09-21#