000
CXUS51 KALY 040702
CLAPSF
CLIMATE REPORT...CORRECTED
NATIONAL WEATHER SERVICE ALBANY NY
202 AM EST WED JAN 04 2023
...................................
...THE PITTSFIELD MA CLIMATE SUMMARY FOR THE YEAR OF 2022...
CLIMATE NORMAL PERIOD: 1991 TO 2020
CLIMATE RECORD PERIOD: 9999 TO 9999
WEATHER OBSERVED NORMAL DEPART LAST YEAR`S
VALUE DATE(S) VALUE FROM VALUE DATE(S)
NORMAL
................................................................
TEMPERATURE (F)
HIGHEST 94 08/29 90 06/28
06/29
LOWEST -12 01/22 -5 01/31
AVG. MAXIMUM 57.4 55.8 1.6 57.0
AVG. MINIMUM 36.4 36.3 0.1 38.6
MEAN 46.9 46.0 0.9 47.8
DAYS MAX >= 90 7 2.5 4.5 2
DAYS MAX <= 32 51 52.0 -1.0 53
DAYS MIN <= 32 151 152.9 -1.9 147
DAYS MIN <= 0 12 9.0 3.0 4
PRECIPITATION (INCHES)
TOTALS 40.16 44.23 -4.07 54.47
DAILY AVG. 0.11 0.15
DAYS >= .01 149 155
DAYS >= .10 88 85
DAYS >= .50 29 38
DAYS >= 1.00 7 15
GREATEST
24 HR. TOTAL 2.29 09/05 TO 09/06
DEGREE DAYS
HEATING TOTAL 6901 7224 -323 6597
SINCE 7/1 2501 2721 -220 2309
COOLING TOTAL 413 345 68 469
SINCE 1/1 413 345 68 469
................................................................
WIND (MPH)
AVERAGE WIND SPEED 6.6
HIGHEST WIND SPEED/DIRECTION 45/290 DATE 03/07
HIGHEST GUST SPEED/DIRECTION 64/310 DATE 03/07
WEATHER CONDITIONS. NUMBER OF DAYS WITH
THUNDERSTORM 21 MIXED PRECIP 0
HEAVY RAIN 30 RAIN 74
LIGHT RAIN 135 FREEZING RAIN 3
LT FREEZING RAIN 7 HAIL 0
HEAVY SNOW 6 SNOW 14
LIGHT SNOW 55 SLEET 0
FOG 209 FOG W/VIS <= 1/4 MILE 47
HAZE 46
- INDICATES NEGATIVE NUMBERS.
R INDICATES RECORD WAS SET OR TIED.
MM INDICATES DATA IS MISSING.
T INDICATES TRACE AMOUNT.
$$