000
CXUS56 KSGX 011245
CF6PSP
PRELIMINARY LOCAL CLIMATOLOGICAL DATA (WS FORM: F-6)
STATION: PALM SPRINGS INTL AIRPORT CA
MONTH: APRIL
YEAR: 2020
LATITUDE: 33 49 N
LONGITUDE: 116 30 W
TEMPERATURE IN F: :PCPN: SNOW: WIND :SUNSHINE: SKY :PK WND
================================================================================
1 2 3 4 5 6A 6B 7 8 9 10 11 12 13 14 15 16 17 18
12Z AVG MX 2MIN
DY MAX MIN AVG DEP HDD CDD WTR SNW DPTH SPD SPD DIR MIN PSBL S-S WX SPD DR
================================================================================
1 89 60 75 7 0 10 0.00 0.0 0 6.9 24 320 M M 0 38 270
2 81 57 69 1 0 4 0.00 0.0 0 12.0 25 320 M M 0 30 320
3 82 54 68 0 0 3 0.00 0.0 0 9.5 23 320 M M 0 30 330
4 81 56 69 1 0 4 0.00 0.0 0 9.2 25 330 M M 0 31 320
5 79 56 68 -1 0 3 0.00 0.0 0 9.2 28 330 M M 0 35 340
6 71 55 63 -6 2 0 T 0.0 0 8.5 20 320 M M 5 24 320
7 69 57 63 -6 2 0 0.21 0.0 0 4.6 21 320 M M 8 1 26 320
8 64 51 58 -11 7 0 0.46 0.0 0 6.2 22 320 M M 5 18 26 320
9 62 49 56 -13 9 0 0.06 M 0 3.5 13 340 M M 7 14 340
10 59 52 56 -14 9 0 0.35 0.0 0 2.5 8 320 M M 10 10 310
11 79 53 66 -4 0 1 0.01 0.0 0 3.1 17 330 M M 2 25 350
12 76 55 66 -4 0 1 0.00 0.0 0 10.2 30 330 M M 0 36 320
13 78 54 66 -4 0 1 0.00 0.0 0 10.3 30 320 M M 0 35 320
14 83 60 72 2 0 7 0.00 0.0 0 7.4 18 360 M M 2 23 10
15 89 56 73 2 0 8 0.00 0.0 0 5.2 16 80 M M 0 19 80
16 88 59 74 3 0 9 0.00 0.0 0 6.6 28 320 M M 0 32 330
17 82 58 70 -1 0 5 0.00 0.0 0 11.2 28 320 M M 0 35 320
18 78 56 67 -4 0 2 0.00 0.0 0 13.8 28 320 M M 0 36 320
19 82 56 69 -3 0 4 0.00 0.0 0 8.7 24 320 M M 0 30 320
20 83 58 71 -1 0 6 0.00 0.0 0 15.0 35 320 M M 0 43 320
21 86 61 74 2 0 9 0.00 0.0 0 11.3 30 330 M M 0 37 330
22 98 61 80 8 0 15 0.00 0.0 0 4.6 18 320 M M 0 21 310
23 101 66 84 11 0 19 0.00 0.0 0 4.2 18 330 M M 0 20 330
24 103 75 89 16 0 24 0.00 0.0 0 6.6 17 20 M M 0 23 10
25 103 74 89 16 0 24 0.00 0.0 0 5.4 15 320 M M 0 19 320
26 105 71 88 14 0 23 0.00 0.0 0 6.5 22 320 M M 0 30 320
27 102 68 85 11 0 20 0.00 0.0 0 7.6 23 320 M M 0 29 320
28 106 70 88 14 0 23 0.00 0.0 0 5.7 15 100 M M 0 18 100
29 105 76 91 17 0 26 0.00 0.0 0 6.8 17 320 M M 0 21 330
30 103 74 89 14 0 24 0.00 0.0 0 6.7 20 320 M M 0 25 320
================================================================================
SM 2567 1808 29 275 1.09 0.0 229.0 M 39
================================================================================
AV 85.6 60.3 7.6 FASTST M M 1 MAX(MPH)
MISC ----> # 35 320 # 43 320
================================================================================
NOTES:
# LAST OF SEVERAL OCCURRENCES
COLUMN 17 PEAK WIND IN M.P.H.
PRELIMINARY LOCAL CLIMATOLOGICAL DATA (WS FORM: F-6) , PAGE 2
STATION: PALM SPRINGS INTL AIRPORT CA
MONTH: APRIL
YEAR: 2020
LATITUDE: 33 49 N
LONGITUDE: 116 30 W
[TEMPERATURE DATA] [PRECIPITATION DATA] SYMBOLS USED IN COLUMN 16
AVERAGE MONTHLY: 72.9 TOTAL FOR MONTH: 1.09 1 = FOG OR MIST
DPTR FM NORMAL: 2.0 DPTR FM NORMAL: 0.98 2 = FOG REDUCING VISIBILITY
HIGHEST: 106 ON 28 GRTST 24HR 0.46 ON 8- 8 TO 1/4 MILE OR LESS
LOWEST: 49 ON 9 3 = THUNDER
SNOW, ICE PELLETS, HAIL 4 = ICE PELLETS
TOTAL MONTH: 0.0 INCH 5 = HAIL
GRTST 24HR 0.0 6 = FREEZING RAIN OR DRIZZLE
GRTST DEPTH: 0 7 = DUSTSTORM OR SANDSTORM:
VSBY 1/2 MILE OR LESS
8 = SMOKE OR HAZE
[NO. OF DAYS WITH] [WEATHER - DAYS WITH] 9 = BLOWING SNOW
X = TORNADO
MAX 32 OR BELOW: 0 0.01 INCH OR MORE: 5
MAX 90 OR ABOVE: 9 0.10 INCH OR MORE: 3
MIN 32 OR BELOW: 0 0.50 INCH OR MORE: 0
MIN 0 OR BELOW: 0 1.00 INCH OR MORE: 0
[HDD (BASE 65) ]
TOTAL THIS MO. 29 CLEAR (SCALE 0-3) 25
DPTR FM NORMAL 8 PTCLDY (SCALE 4-7) 4
TOTAL FM JUL 1 701 CLOUDY (SCALE 8-10) 1
DPTR FM NORMAL -171
[CDD (BASE 65) ]
TOTAL THIS MO. 275
DPTR FM NORMAL 75 [PRESSURE DATA]
TOTAL FM JAN 1 348 HIGHEST SLP 30.18 ON 14
DPTR FM NORMAL 28 LOWEST SLP 29.66 ON 1
[REMARKS]
#FINAL-04-20#