000
CXUS54 KHGX 011410
CF6PSX
PRELIMINARY LOCAL CLIMATOLOGICAL DATA (WS FORM: F-6)
STATION: PALACIOS
MONTH: APRIL
YEAR: 2022
LATITUDE: 28 43 N
LONGITUDE: 96 15 W
TEMPERATURE IN F: :PCPN: SNOW: WIND :SUNSHINE: SKY :PK WND
================================================================================
1 2 3 4 5 6A 6B 7 8 9 10 11 12 13 14 15 16 17 18
12Z AVG MX 2MIN
DY MAX MIN AVG DEP HDD CDD WTR SNW DPTH SPD SPD DIR MIN PSBL S-S WX SPD DR
================================================================================
1 78 53 66 -2 0 1 0.00 0.0 0 12.5 24 110 M M 1 35 80
2 87 63 75 6 0 10 0.00 0.0 0 7.6 17 360 M M 5 18 25 20
3 79 60 70 1 0 5 0.00 0.0 0 9.0 20 140 M M 5 12 27 150
4 79 71 75 6 0 10 T 0.0 0 13.4 20 130 M M 10 26 140
5 80 73 77 8 0 12 0.00 0.0 0 9.9 17 140 M M 8 18 23 140
6 85 60 73 3 0 8 0.00 0.0 0 16.4 30 340 M M 5 18 37 360
7 78 48 63 -7 2 0 0.00 0.0 0 12.5 26 350 M M 1 8 35 330
8 81 45 63 -7 2 0 0.00 0.0 0 9.6 23 310 M M 2 34 290
9 77 51 64 -6 1 0 0.00 0.0 0 11.5 21 170 M M 0 30 180
10 80 71 76 6 0 11 0.00 0.0 0 19.0 31 170 M M 6 45 160
11 83 70 77 7 0 12 T 0.0 0 15.2 25 140 M M 10 1 35 140
12 81 74 78 7 0 13 0.00 0.0 0 17.3 28 150 M M 10 138 37 160
13 81 72 77 6 0 12 0.01 0.0 0 11.1 23 150 M M 10 18 30 160
14 84 64 74 3 0 9 0.00 0.0 0 17.2 29 80 M M 2 1 38 80
15 82 70 76 5 0 11 T 0.0 0 12.2 17 170 M M 8 1 28 150
16 82 73 78 6 0 13 0.00 0.0 0 10.2 17 150 M M 7 1 24 160
17 82 72 77 5 0 12 0.00 0.0 0 7.7 16 170 M M 7 1 23 170
18 87 64 76 4 0 11 0.00 0.0 0 10.4 21 100 M M 3 12 27 100
19 80 58 69 -3 0 4 0.00 0.0 0 17.0 30 120 M M 7 39 110
20 82 74 78 6 0 13 0.02 0.0 0 15.4 25 140 M M 10 1 36 160
21 85 74 80 8 0 15 0.00 0.0 0 18.0 26 150 M M 8 34 150
22 83 74 79 6 0 14 0.00 0.0 0 18.8 26 140 M M 9 35 150
23 83 74 79 6 0 14 0.00 0.0 0 18.9 26 140 M M 8 35 140
24 84 74 79 6 0 14 0.00 0.0 0 19.1 30 150 M M 8 40 150
25 87 67 77 4 0 12 0.02 0.0 0 14.2 30 20 M M 7 1 42 360
26 79 64 72 -2 0 7 0.00 0.0 0 10.9 20 40 M M 6 26 40
27 83 62 73 -1 0 8 0.00 0.0 0 10.9 20 100 M M 1 25 120
28 83 71 77 3 0 12 T 0.0 0 14.6 21 150 M M 6 27 140
29 84 74 79 5 0 14 0.00 0.0 0 16.6 23 150 M M 7 31 130
30 86 76 81 7 0 16 0.00 0.0 0 12.2 23 160 M M 5 30 160
================================================================================
SM 2465 1996 5 293 0.05 0.0 409.3 M 182
================================================================================
AV 82.2 66.5 13.6 FASTST M M 6 MAX(MPH)
MISC ----> 31 170 45 160
================================================================================
NOTES:
# LAST OF SEVERAL OCCURRENCES
COLUMN 17 PEAK WIND IN M.P.H.
PRELIMINARY LOCAL CLIMATOLOGICAL DATA (WS FORM: F-6) , PAGE 2
STATION: PALACIOS
MONTH: APRIL
YEAR: 2022
LATITUDE: 28 43 N
LONGITUDE: 96 15 W
[TEMPERATURE DATA] [PRECIPITATION DATA] SYMBOLS USED IN COLUMN 16
AVERAGE MONTHLY: 74.4 TOTAL FOR MONTH: 0.05 1 = FOG OR MIST
DPTR FM NORMAL: 2.9 DPTR FM NORMAL: -2.62 2 = FOG REDUCING VISIBILITY
HIGHEST: 87 ON 25,18 GRTST 24HR 0.02 ON 20-20 TO 1/4 MILE OR LESS
LOWEST: 45 ON 8 3 = THUNDER
SNOW, ICE PELLETS, HAIL 4 = ICE PELLETS
TOTAL MONTH: 0.0 INCH 5 = HAIL
GRTST 24HR 0.0 6 = FREEZING RAIN OR DRIZZLE
GRTST DEPTH: 0 7 = DUSTSTORM OR SANDSTORM:
VSBY 1/2 MILE OR LESS
8 = SMOKE OR HAZE
[NO. OF DAYS WITH] [WEATHER - DAYS WITH] 9 = BLOWING SNOW
X = TORNADO
MAX 32 OR BELOW: 0 0.01 INCH OR MORE: 3
MAX 90 OR ABOVE: 0 0.10 INCH OR MORE: 0
MIN 32 OR BELOW: 0 0.50 INCH OR MORE: 0
MIN 0 OR BELOW: 0 1.00 INCH OR MORE: 0
[HDD (BASE 65) ]
TOTAL THIS MO. 5 CLEAR (SCALE 0-3) 7
DPTR FM NORMAL -14 PTCLDY (SCALE 4-7) 17
TOTAL FM JUL 1 997 CLOUDY (SCALE 8-10) 6
DPTR FM NORMAL -1
[CDD (BASE 65) ]
TOTAL THIS MO. 293
DPTR FM NORMAL 82 [PRESSURE DATA]
TOTAL FM JAN 1 399 HIGHEST SLP 30.28 ON 8
DPTR FM NORMAL 42 LOWEST SLP 29.58 ON 5
[REMARKS]
#FINAL-04-22#