000
CXUS55 KPUB 011517
CF6PUB
PRELIMINARY LOCAL CLIMATOLOGICAL DATA (WS FORM: F-6)
STATION: PUEBLO CO
MONTH: SEPTEMBER
YEAR: 2020
LATITUDE: 38 16 N
LONGITUDE: 104 31 W
TEMPERATURE IN F: :PCPN: SNOW: WIND :SUNSHINE: SKY :PK WND
================================================================================
1 2 3 4 5 6A 6B 7 8 9 10 11 12 13 14 15 16 17 18
12Z AVG MX 2MIN
DY MAX MIN AVG DEP HDD CDD WTR SNW DPTH SPD SPD DIR MIN PSBL S-S WX SPD DR
================================================================================
1 85 59 72 2 0 7 T 0.0 0 5.3 23 30 M M 1 30 20
2 92 55 74 4 0 9 0.00 0.0 0 8.0 17 140 M M 0 25 120
3 84 58 71 1 0 6 0.00 0.0 0 9.4 24 20 M M 0 32 360
4 93 51 72 3 0 7 0.00 0.0 0 6.3 18 110 M M 0 26 130
5 100 57 79 10 0 14 0.00 0.0 0 7.5 18 140 M M 0 23 120
6 103 59 81 12 0 16 0.00 0.0 0 8.3 21 330 M M 0 28 340
7 94 55 75 7 0 10 0.00 0.0 0 10.4 44 10 M M 4 8 57 360
8 61 35 48 -20 17 0 0.28 T 0 14.4 33 40 M M 10 18 42 30
9 44 32 38 -30 27 0 0.31 0.8 1 4.6 14 110 M M 10 1 17 110
10 51 34 43 -24 22 0 0.03 T 0 4.6 12 110 M M 9 1 14 150
11 77 38 58 -9 7 0 0.00 0.0 0 8.8 28 280 M M 1 1 35 270
12 84 43 64 -2 1 0 0.00 0.0 0 4.5 12 40 M M 0 15 190
13 87 45 66 0 0 1 0.00 0.0 0 5.9 14 110 M M 0 19 130
14 86 47 67 1 0 2 0.00 0.0 0 5.8 15 130 M M 0 20 120
15 89 45 67 2 0 2 0.00 0.0 0 6.8 17 110 M M 0 23 120
16 83 49 66 1 0 1 0.00 0.0 0 11.4 33 20 M M 0 8 45 10
17 86 47 67 3 0 2 0.00 0.0 0 5.6 15 140 M M 0 18 18 140
18 85 46 66 2 0 1 0.00 0.0 0 5.7 16 120 M M 0 8 23 190
19 93 48 71 8 0 6 0.00 0.0 0 3.9 14 200 M M 0 20 180
20 89 51 70 7 0 5 0.00 0.0 0 6.6 15 150 M M 0 8 19 120
21 89 55 72 10 0 7 0.00 0.0 0 7.8 18 350 M M 0 8 26 290
22 90 50 70 8 0 5 0.09 0.0 0 6.0 35 40 M M 1 3 48 30
23 87 49 68 7 0 3 T 0.0 0 4.5 26 340 M M 0 41 30
24 92 49 71 10 0 6 0.00 0.0 0 5.9 14 290 M M 0 17 300
25 98 51 75 15 0 10 0.00 0.0 0 11.2 29 290 M M 0 35 290
26 96 56 76 16 0 11 0.00 0.0 0 14.4 30 300 M M 0 8 40 300
27 70 48 59 -1 6 0 0.00 0.0 0 12.1 33 20 M M 4 41 20
28 67 40 54 -5 11 0 0.00 0.0 0 5.0 15 340 M M 3 22 300
29 82 35 59 0 6 0 0.00 0.0 0 6.3 14 140 M M 0 19 140
30 82 44 63 5 2 0 0.00 0.0 0 8.2 17 80 M M 2 8 26 90
================================================================================
SM 2519 1431 99 131 0.71 0.8 225.2 M 45
================================================================================
AV 84.0 47.7 7.5 FASTST M M 2 MAX(MPH)
MISC ----> 44 10 57 360
================================================================================
NOTES:
# LAST OF SEVERAL OCCURRENCES
COLUMN 17 PEAK WIND IN M.P.H.
PRELIMINARY LOCAL CLIMATOLOGICAL DATA (WS FORM: F-6) , PAGE 2
STATION: PUEBLO CO
MONTH: SEPTEMBER
YEAR: 2020
LATITUDE: 38 16 N
LONGITUDE: 104 31 W
[TEMPERATURE DATA] [PRECIPITATION DATA] SYMBOLS USED IN COLUMN 16
AVERAGE MONTHLY: 65.8 TOTAL FOR MONTH: 0.71 1 = FOG OR MIST
DPTR FM NORMAL: 1.1 DPTR FM NORMAL: -0.06 2 = FOG REDUCING VISIBILITY
HIGHEST: 103 ON 6 GRTST 24HR 0.50 ON 8-9 TO 1/4 MILE OR LESS
LOWEST: 32 ON 9 3 = THUNDER
SNOW, ICE PELLETS, HAIL 4 = ICE PELLETS
TOTAL MONTH: 0.8 INCH 5 = HAIL
GRTST 24HR 0.8 ON 9 6 = FREEZING RAIN OR DRIZZLE
GRTST DEPTH: 1 ON 9 7 = DUSTSTORM OR SANDSTORM:
VSBY 1/2 MILE OR LESS
8 = SMOKE OR HAZE
[NO. OF DAYS WITH] [WEATHER - DAYS WITH] 9 = BLOWING SNOW
X = TORNADO
MAX 32 OR BELOW: 0 0.01 INCH OR MORE: 4
MAX 90 OR ABOVE: 10 0.10 INCH OR MORE: 2
MIN 32 OR BELOW: 1 0.50 INCH OR MORE: 0
MIN 0 OR BELOW: 0 1.00 INCH OR MORE: 0
[HDD (BASE 65) ]
TOTAL THIS MO. 99 CLEAR (SCALE 0-3) 25
DPTR FM NORMAL 6 PTCLDY (SCALE 4-7) 2
TOTAL FM JUL 1 99 CLOUDY (SCALE 8-10) 3
DPTR FM NORMAL -1
[CDD (BASE 65) ]
TOTAL THIS MO. 131
DPTR FM NORMAL 48 [PRESSURE DATA]
TOTAL FM JAN 1 1391 HIGHEST SLP 30.48 ON 9
DPTR FM NORMAL 497 LOWEST SLP 29.46 ON 7
[REMARKS]
#FINAL-09-20#