000
CXUS51 KBOX 010810
CF6PVD
PRELIMINARY LOCAL CLIMATOLOGICAL DATA (WS FORM: F-6)
STATION: PROVIDENCE RI
MONTH: SEPTEMBER
YEAR: 2023
LATITUDE: 41 43 N
LONGITUDE: 71 26 W
TEMPERATURE IN F: :PCPN: SNOW: WIND :SUNSHINE: SKY :PK WND
================================================================================
1 2 3 4 5 6A 6B 7 8 9 10 11 12 13 14 15 16 17 18
12Z AVG MX 2MIN
DY MAX MIN AVG DEP HDD CDD WTR SNW DPTH SPD SPD DIR MIN PSBL S-S WX SPD DR
================================================================================
1 74 54 64 -6 1 0 0.00 0.0 0 7.6 14 70 M M 1 18 30
2 78 53 66 -4 0 1 0.00 0.0 0 8.6 20 200 M M 3 24 190
3 85 62 74 4 0 9 0.00 0.0 0 6.0 15 280 M M 2 19 230
4 86 65 76 6 0 11 0.00 0.0 0 4.1 12 150 M M 1 1 13 150
5 89 67 78 9 0 13 0.00 0.0 0 4.6 14 30 M M 5 1 17 30
6 89 71 80 11 0 15 0.00 0.0 0 5.4 14 170 M M 3 18 16 160
7 92 70 81 12 0 16 0.00 0.0 0 6.2 15 150 M M 1 1 18 160
8 87 71 79 11 0 14 0.00 0.0 0 10.2 20 200 M M 7 1 25 190
9 85 73 79 11 0 14 T 0.0 0 7.4 16 150 M M 8 13 19 150
10 80 69 75 7 0 10 0.72 0.0 0 4.8 15 160 M M 8 13 18 150
11 80 69 75 8 0 10 0.04 0.0 0 5.3 16 180 M M 9 13 20 200
12 81 67 74 7 0 9 0.01 0.0 0 4.0 10 180 M M 7 1 12 160
13 78 65 72 5 0 7 0.46 0.0 0 5.3 16 160 M M 8 123 21 150
14 77 60 69 3 0 4 0.00 0.0 0 6.9 14 350 M M 3 1 17 340
15 70 56 63 -3 2 0 0.00 0.0 0 17.4 24 360 M M 7 31 20
16 72 56 64 -2 1 0 0.03 0.0 0 12.0 23 300 M M 7 32 310
17 77 53 65 0 0 0 0.00 0.0 0 8.2 15 270 M M 3 22 230
18 67 61 64 -1 1 0 1.52 0.0 0 5.0 18 280 M M 9 1 26 300
19 73 58 66 2 0 1 0.00 0.0 0 11.5 21 260 M M 2 27 280
20 74 53 64 0 1 0 0.00 0.0 0 6.1 14 280 M M 2 17 280
21 74 50 62 -2 3 0 0.00 0.0 0 3.6 12 50 M M 2 16 40
22 72 52 62 -1 3 0 0.00 0.0 0 7.3 17 80 M M 7 24 60
23 60 54 57 -6 8 0 0.39 0.0 0 12.4 20 30 M M 8 1 26 40
24 61 59 60 -3 5 0 1.17 0.0 0 11.6 18 50 M M 10 1 23 60
25 61 57 59 -3 6 0 1.21 0.0 0 12.8 21 40 M M 10 1 26 20
26 63 48 56 -6 9 0 T 0.0 0 13.1 22 40 M M 7 1 28 50
27 67 44 56 -5 9 0 0.00 0.0 0 8.6 16 60 M M 2 21 30
28 69 46 58 -3 7 0 0.00 0.0 0 6.9 13 60 M M 5 1 16 100
29 60 55 58 -3 7 0 0.91 0.0 0 9.5 16 10 M M 10 1 20 40
30 61 55 58 -2 7 0 0.36 0.0 0 11.2 18 20 M M 10 18 24 360
================================================================================
SM 2242 1773 70 134 6.82 0.0 243.6 M 167
================================================================================
AV 74.7 59.1 8.1 FASTST M M 6 MAX(MPH)
MISC ----> 24 360 32 310
================================================================================
NOTES:
# LAST OF SEVERAL OCCURRENCES
COLUMN 17 PEAK WIND IN M.P.H.
PRELIMINARY LOCAL CLIMATOLOGICAL DATA (WS FORM: F-6) , PAGE 2
STATION: PROVIDENCE RI
MONTH: SEPTEMBER
YEAR: 2023
LATITUDE: 41 43 N
LONGITUDE: 71 26 W
[TEMPERATURE DATA] [PRECIPITATION DATA] SYMBOLS USED IN COLUMN 16
AVERAGE MONTHLY: 66.9 TOTAL FOR MONTH: 6.82 1 = FOG OR MIST
DPTR FM NORMAL: 1.3 DPTR FM NORMAL: 2.65 2 = FOG REDUCING VISIBILITY
HIGHEST: 92 ON 7 GRTST 24HR 2.05 ON 24-25 TO 1/4 MILE OR LESS
LOWEST: 44 ON 27 3 = THUNDER
SNOW, ICE PELLETS, HAIL 4 = ICE PELLETS
TOTAL MONTH: 0.0 INCH 5 = HAIL
GRTST 24HR 0.0 6 = FREEZING RAIN OR DRIZZLE
GRTST DEPTH: 0 7 = DUSTSTORM OR SANDSTORM:
VSBY 1/2 MILE OR LESS
8 = SMOKE OR HAZE
[NO. OF DAYS WITH] [WEATHER - DAYS WITH] 9 = BLOWING SNOW
X = TORNADO
MAX 32 OR BELOW: 0 0.01 INCH OR MORE: 11
MAX 90 OR ABOVE: 1 0.10 INCH OR MORE: 8
MIN 32 OR BELOW: 0 0.50 INCH OR MORE: 5
MIN 0 OR BELOW: 0 1.00 INCH OR MORE: 3
[HDD (BASE 65) ]
TOTAL THIS MO. 70 CLEAR (SCALE 0-3) 10
DPTR FM NORMAL -1 PTCLDY (SCALE 4-7) 11
TOTAL FM JUL 1 70 CLOUDY (SCALE 8-10) 9
DPTR FM NORMAL -5
[CDD (BASE 65) ]
TOTAL THIS MO. 134
DPTR FM NORMAL 43 [PRESSURE DATA]
TOTAL FM JAN 1 714 HIGHEST SLP 30.44 ON 22
DPTR FM NORMAL -89 LOWEST SLP 29.64 ON 18
[REMARKS]
#FINAL-09-23#